{"id":22199,"date":"2025-07-22T19:52:36","date_gmt":"2025-07-22T17:52:36","guid":{"rendered":"https:\/\/uj.adatbank.ro\/lexikon\/termek\/szeredai-antal-szeredai-antonius\/"},"modified":"2025-07-22T19:52:36","modified_gmt":"2025-07-22T17:52:36","slug":"szeredai-antal-szeredai-antonius","status":"publish","type":"product","link":"https:\/\/uj.adatbank.ro\/lexikon\/termek\/szeredai-antal-szeredai-antonius\/","title":{"rendered":"SZEREDAI Antal, Szeredai Antonius"},"content":{"rendered":"<p>Szenth\u00e1roms\u00e1g, 1740., \u2020 1793. j\u00fal. 6.: r. k. pap, jezsuita tud\u00f3s. \u2013 A Kv.-on a Jezsuita Gimn. \u00e9s Akad. \u2013 \u00e1n (1740\u201344) \u00e9s Nagyszombaton (1745\u201348) tanult. A cs\u00edkszentgy\u00f6rgyi egyh\u00e1zk\u00f6zs\u00e9gb\u0151l j\u00f6tt, a kat. egyh\u00e1z alumnusak\u00e9nt. Nagyszombatban IV.\u00e9ves teol\u00f3gusk\u00e9nt a b\u00f6lcs\u00e9szet magiszter\u00e9v\u00e9 avatt\u00e1k (1749. m\u00e1j.30.), majd a teol\u00f3gia bab\u00e9rkoszor\u00fas\u00e1v\u00e1 avatt\u00e1k (1749. aug. 28.), Gyulafeh\u00e9rv\u00e1ron p\u00fcsp\u00f6ki k\u00e1pl\u00e1n (1752), sz\u00e9kesegyh\u00e1zi kanonok (1753), nagypr\u00e9post (1763), az erd\u00e9lyi kir\u00e1lyi t\u00e1bla eln\u00f6ke, p\u00e1pai praelatus in Tabula Regia (1766). A mv.-i r. k. gimn. igazgat\u00f3ja (1781. szept. 28.\u2013). M\u0171veit t\u00f6bbnyire latin nyelven \u00edrta, egy ford\u00edt\u00e1sa magyar nyelven is megjelent, \u2013 <strong>F. m.<\/strong>: Series antiquorum, et recentiorum episcoporum Transilvaniae (Albae-Carolinae, 1790); Szentir\u00e1sbeli dolgokr\u00f3l val\u00f3 besz\u00e9lget\u00e9sek, melyeket K\u00e1lmet \u00c1gostonnak \u2026b\u00f6ltsvet\u00e9lked\u0151 ir\u00e1saib\u00f3l (dissertati\u00f3ib\u00f3l) r\u00f6vid summ\u00e1ban szedett s bots\u00e1tott ki magyar nyelven (Pozsony, 1791); Notitia veteris et novi capituli ecclesiae Albensis Transilvaniae, ex antiqui ac recentioris literarum monumentis eruta (Albae-Carolinae, 1791). <br \/><strong>Irod.:<\/strong> Aranka; Ferenczi S\u00e1ndor 2009; Ferenczi S\u00e1ndor 2012; P\u00e1l-Antal 2013; Szab\u00f3 Mikl\u00f3s 2005.<\/br><\/p>\n","protected":false},"excerpt":{"rendered":"<p>Szenth\u00e1roms\u00e1g, 1740., \u2020 1793. j\u00fal. 6.: r. k. pap, jezsuita tud\u00f3s. \u2013 A Kv.-on a Jezsuita Gimn. \u00e9s Akad. \u2013 \u00e1n (1740\u201344) \u00e9s Nagyszombaton (1745\u201348) tanult. A cs\u00edkszentgy\u00f6rgyi egyh\u00e1zk\u00f6zs\u00e9gb\u0151l j\u00f6tt, a kat. egyh\u00e1z alumnusak\u00e9nt. Nagyszombatban IV.\u00e9ves teol\u00f3gusk\u00e9nt a b\u00f6lcs\u00e9szet magiszter\u00e9v\u00e9 avatt\u00e1k (1749. m\u00e1j.30.), majd a teol\u00f3gia bab\u00e9rkoszor\u00fas\u00e1v\u00e1 avatt\u00e1k (1749. aug. 28.), Gyulafeh\u00e9rv\u00e1ron p\u00fcsp\u00f6ki k\u00e1pl\u00e1n (1752), [&hellip;]<\/p>\n","protected":false},"featured_media":0,"comment_status":"open","ping_status":"closed","template":"","meta":[],"product_brand":[],"product_cat":[137],"product_tag":[],"class_list":{"0":"post-22199","1":"product","2":"type-product","3":"status-publish","5":"product_cat-maros-megyei-eletrajzi-lexikon","7":"first","8":"instock","9":"shipping-taxable","10":"product-type-simple"},"_links":{"self":[{"href":"https:\/\/uj.adatbank.ro\/lexikon\/wp-json\/wp\/v2\/product\/22199","targetHints":{"allow":["GET"]}}],"collection":[{"href":"https:\/\/uj.adatbank.ro\/lexikon\/wp-json\/wp\/v2\/product"}],"about":[{"href":"https:\/\/uj.adatbank.ro\/lexikon\/wp-json\/wp\/v2\/types\/product"}],"replies":[{"embeddable":true,"href":"https:\/\/uj.adatbank.ro\/lexikon\/wp-json\/wp\/v2\/comments?post=22199"}],"wp:attachment":[{"href":"https:\/\/uj.adatbank.ro\/lexikon\/wp-json\/wp\/v2\/media?parent=22199"}],"wp:term":[{"taxonomy":"product_brand","embeddable":true,"href":"https:\/\/uj.adatbank.ro\/lexikon\/wp-json\/wp\/v2\/product_brand?post=22199"},{"taxonomy":"product_cat","embeddable":true,"href":"https:\/\/uj.adatbank.ro\/lexikon\/wp-json\/wp\/v2\/product_cat?post=22199"},{"taxonomy":"product_tag","embeddable":true,"href":"https:\/\/uj.adatbank.ro\/lexikon\/wp-json\/wp\/v2\/product_tag?post=22199"}],"curies":[{"name":"wp","href":"https:\/\/api.w.org\/{rel}","templated":true}]}}

<p>Szentháromság, 1740., † 1793. júl. 6.: r. k. pap, jezsuita tudós. – A Kv.-on a Jezsuita Gimn. és Akad. – án (1740–44) és Nagyszombaton (1745–48) tanult. A csíkszentgyörgyi egyházközségből jött, a kat. egyház alumnusaként. Nagyszombatban IV.éves teológusként a bölcsészet magiszterévé avatták (1749. máj.30.), majd a teológia babérkoszorúsává avatták (1749. aug. 28.), Gyulafehérváron püspöki káplán (1752), székesegyházi kanonok (1753), nagyprépost (1763), az erdélyi királyi tábla elnöke, pápai praelatus in Tabula Regia (1766). A mv.-i r. k. gimn. igazgatója (1781. szept. 28.–). Műveit többnyire latin nyelven írta, egy fordítása magyar nyelven is megjelent, – <strong>F. m.</strong>: Series antiquorum, et recentiorum episcoporum Transilvaniae (Albae-Carolinae, 1790); Szentirásbeli dolgokról való beszélgetések, melyeket Kálmet Ágostonnak …böltsvetélkedő irásaiból (dissertatióiból) rövid summában szedett s botsátott ki magyar nyelven (Pozsony, 1791); Notitia veteris et novi capituli ecclesiae Albensis Transilvaniae, ex antiqui ac recentioris literarum monumentis eruta (Albae-Carolinae, 1791). <br /><strong>Irod.:</strong> Aranka; Ferenczi Sándor 2009; Ferenczi Sándor 2012; Pál-Antal 2013; Szabó Miklós 2005.</br></p>

<p>Szentháromság, 1740., † 1793. júl. 6.: r. k. pap, jezsuita tudós. – A Kv.-on a Jezsuita Gimn. és Akad. – án (1740–44) és Nagyszombaton (1745–48) tanult. A csíkszentgyörgyi egyházközségből jött, a kat. egyház alumnusaként. Nagyszombatban IV.éves teológusként a bölcsészet magiszterévé avatták (1749. máj.30.), majd a teológia babérkoszorúsává avatták (1749. aug. 28.), Gyulafehérváron püspöki káplán (1752), [&hellip;]</p>
