{"id":22203,"date":"2025-07-22T19:52:43","date_gmt":"2025-07-22T17:52:43","guid":{"rendered":"https:\/\/uj.adatbank.ro\/lexikon\/termek\/szeredai-benedek-szentharomsagi\/"},"modified":"2025-07-22T19:52:43","modified_gmt":"2025-07-22T17:52:43","slug":"szeredai-benedek-szentharomsagi","status":"publish","type":"product","link":"https:\/\/uj.adatbank.ro\/lexikon\/termek\/szeredai-benedek-szentharomsagi\/","title":{"rendered":"SZEREDAI Benedek, szenth\u00e1roms\u00e1gi"},"content":{"rendered":"<p>? \u2020\u00a01827?: dull\u00f3 \u00e9s ad\u00f3\u00edr\u00f3biztos. \u2013 Marossz\u00e9k ab\u00f3di j\u00e1r\u00e1s\u00e1ban tev\u00e9kenykedett (1827), f\u00fcrd\u00e9s k\u00f6zben a v\u00edzbe f\u00falt. <br \/><strong>Irod.:<\/strong> Nagy Iv\u00e1n.<\/br><\/p>\n","protected":false},"excerpt":{"rendered":"<p>? \u2020\u00a01827?: dull\u00f3 \u00e9s ad\u00f3\u00edr\u00f3biztos. \u2013 Marossz\u00e9k ab\u00f3di j\u00e1r\u00e1s\u00e1ban tev\u00e9kenykedett (1827), f\u00fcrd\u00e9s k\u00f6zben a v\u00edzbe f\u00falt. Irod.: Nagy Iv\u00e1n.<\/p>\n","protected":false},"featured_media":0,"comment_status":"open","ping_status":"closed","template":"","meta":[],"product_brand":[],"product_cat":[137],"product_tag":[],"class_list":{"0":"post-22203","1":"product","2":"type-product","3":"status-publish","5":"product_cat-maros-megyei-eletrajzi-lexikon","7":"first","8":"instock","9":"shipping-taxable","10":"product-type-simple"},"_links":{"self":[{"href":"https:\/\/uj.adatbank.ro\/lexikon\/wp-json\/wp\/v2\/product\/22203","targetHints":{"allow":["GET"]}}],"collection":[{"href":"https:\/\/uj.adatbank.ro\/lexikon\/wp-json\/wp\/v2\/product"}],"about":[{"href":"https:\/\/uj.adatbank.ro\/lexikon\/wp-json\/wp\/v2\/types\/product"}],"replies":[{"embeddable":true,"href":"https:\/\/uj.adatbank.ro\/lexikon\/wp-json\/wp\/v2\/comments?post=22203"}],"wp:attachment":[{"href":"https:\/\/uj.adatbank.ro\/lexikon\/wp-json\/wp\/v2\/media?parent=22203"}],"wp:term":[{"taxonomy":"product_brand","embeddable":true,"href":"https:\/\/uj.adatbank.ro\/lexikon\/wp-json\/wp\/v2\/product_brand?post=22203"},{"taxonomy":"product_cat","embeddable":true,"href":"https:\/\/uj.adatbank.ro\/lexikon\/wp-json\/wp\/v2\/product_cat?post=22203"},{"taxonomy":"product_tag","embeddable":true,"href":"https:\/\/uj.adatbank.ro\/lexikon\/wp-json\/wp\/v2\/product_tag?post=22203"}],"curies":[{"name":"wp","href":"https:\/\/api.w.org\/{rel}","templated":true}]}}