{"id":22205,"date":"2025-07-22T19:52:46","date_gmt":"2025-07-22T17:52:46","guid":{"rendered":"https:\/\/uj.adatbank.ro\/lexikon\/termek\/szeredai-elek-szeredai-alexius\/"},"modified":"2025-07-22T19:52:46","modified_gmt":"2025-07-22T17:52:46","slug":"szeredai-elek-szeredai-alexius","status":"publish","type":"product","link":"https:\/\/uj.adatbank.ro\/lexikon\/termek\/szeredai-elek-szeredai-alexius\/","title":{"rendered":"SZEREDAI Elek, Szeredai Alexius"},"content":{"rendered":"<p>? \u2020?: iktat\u00f3, \u00fcln\u00f6k. \u2013 Mv.-i kir. t\u00e1blai iktat\u00f3 (1773), val\u00f3s\u00e1gos \u00fcln\u00f6k (1784). <br \/><strong>Irod.:<\/strong> Bozac\u2013Pavel; Nagy Iv\u00e1n.<\/br><\/p>\n","protected":false},"excerpt":{"rendered":"<p>? \u2020?: iktat\u00f3, \u00fcln\u00f6k. \u2013 Mv.-i kir. t\u00e1blai iktat\u00f3 (1773), val\u00f3s\u00e1gos \u00fcln\u00f6k (1784). Irod.: Bozac\u2013Pavel; Nagy Iv\u00e1n.<\/p>\n","protected":false},"featured_media":0,"comment_status":"open","ping_status":"closed","template":"","meta":[],"product_brand":[],"product_cat":[137],"product_tag":[],"class_list":{"0":"post-22205","1":"product","2":"type-product","3":"status-publish","5":"product_cat-maros-megyei-eletrajzi-lexikon","7":"first","8":"instock","9":"shipping-taxable","10":"product-type-simple"},"_links":{"self":[{"href":"https:\/\/uj.adatbank.ro\/lexikon\/wp-json\/wp\/v2\/product\/22205","targetHints":{"allow":["GET"]}}],"collection":[{"href":"https:\/\/uj.adatbank.ro\/lexikon\/wp-json\/wp\/v2\/product"}],"about":[{"href":"https:\/\/uj.adatbank.ro\/lexikon\/wp-json\/wp\/v2\/types\/product"}],"replies":[{"embeddable":true,"href":"https:\/\/uj.adatbank.ro\/lexikon\/wp-json\/wp\/v2\/comments?post=22205"}],"wp:attachment":[{"href":"https:\/\/uj.adatbank.ro\/lexikon\/wp-json\/wp\/v2\/media?parent=22205"}],"wp:term":[{"taxonomy":"product_brand","embeddable":true,"href":"https:\/\/uj.adatbank.ro\/lexikon\/wp-json\/wp\/v2\/product_brand?post=22205"},{"taxonomy":"product_cat","embeddable":true,"href":"https:\/\/uj.adatbank.ro\/lexikon\/wp-json\/wp\/v2\/product_cat?post=22205"},{"taxonomy":"product_tag","embeddable":true,"href":"https:\/\/uj.adatbank.ro\/lexikon\/wp-json\/wp\/v2\/product_tag?post=22205"}],"curies":[{"name":"wp","href":"https:\/\/api.w.org\/{rel}","templated":true}]}}