{"id":22211,"date":"2025-07-22T19:52:58","date_gmt":"2025-07-22T17:52:58","guid":{"rendered":"https:\/\/uj.adatbank.ro\/lexikon\/termek\/szeredai-kata-szentharomsagi\/"},"modified":"2025-07-22T19:52:58","modified_gmt":"2025-07-22T17:52:58","slug":"szeredai-kata-szentharomsagi","status":"publish","type":"product","link":"https:\/\/uj.adatbank.ro\/lexikon\/termek\/szeredai-kata-szentharomsagi\/","title":{"rendered":"SZEREDAI Kata, szenth\u00e1roms\u00e1gi"},"content":{"rendered":"<p>? \u2020?: adom\u00e1nyoz\u00f3. \u2013 F\u00e9rj\u00e9vel Tompos J\u00e1nossal 3200 forintot adom\u00e1nyozott a mv.-i szemin\u00e1riumnak (1781). <br \/><strong>Irod.:<\/strong> Nagy Iv\u00e1n.<\/br><\/p>\n","protected":false},"excerpt":{"rendered":"<p>? \u2020?: adom\u00e1nyoz\u00f3. \u2013 F\u00e9rj\u00e9vel Tompos J\u00e1nossal 3200 forintot adom\u00e1nyozott a mv.-i szemin\u00e1riumnak (1781). Irod.: Nagy Iv\u00e1n.<\/p>\n","protected":false},"featured_media":0,"comment_status":"open","ping_status":"closed","template":"","meta":[],"product_brand":[],"product_cat":[137],"product_tag":[],"class_list":{"0":"post-22211","1":"product","2":"type-product","3":"status-publish","5":"product_cat-maros-megyei-eletrajzi-lexikon","7":"first","8":"instock","9":"shipping-taxable","10":"product-type-simple"},"_links":{"self":[{"href":"https:\/\/uj.adatbank.ro\/lexikon\/wp-json\/wp\/v2\/product\/22211","targetHints":{"allow":["GET"]}}],"collection":[{"href":"https:\/\/uj.adatbank.ro\/lexikon\/wp-json\/wp\/v2\/product"}],"about":[{"href":"https:\/\/uj.adatbank.ro\/lexikon\/wp-json\/wp\/v2\/types\/product"}],"replies":[{"embeddable":true,"href":"https:\/\/uj.adatbank.ro\/lexikon\/wp-json\/wp\/v2\/comments?post=22211"}],"wp:attachment":[{"href":"https:\/\/uj.adatbank.ro\/lexikon\/wp-json\/wp\/v2\/media?parent=22211"}],"wp:term":[{"taxonomy":"product_brand","embeddable":true,"href":"https:\/\/uj.adatbank.ro\/lexikon\/wp-json\/wp\/v2\/product_brand?post=22211"},{"taxonomy":"product_cat","embeddable":true,"href":"https:\/\/uj.adatbank.ro\/lexikon\/wp-json\/wp\/v2\/product_cat?post=22211"},{"taxonomy":"product_tag","embeddable":true,"href":"https:\/\/uj.adatbank.ro\/lexikon\/wp-json\/wp\/v2\/product_tag?post=22211"}],"curies":[{"name":"wp","href":"https:\/\/api.w.org\/{rel}","templated":true}]}}