{"id":22228,"date":"2025-07-22T19:53:37","date_gmt":"2025-07-22T17:53:37","guid":{"rendered":"https:\/\/uj.adatbank.ro\/lexikon\/termek\/szigethi-gyula-mozes\/"},"modified":"2025-07-22T19:53:37","modified_gmt":"2025-07-22T17:53:37","slug":"szigethi-gyula-mozes","status":"publish","type":"product","link":"https:\/\/uj.adatbank.ro\/lexikon\/termek\/szigethi-gyula-mozes\/","title":{"rendered":"SZIGETHI Gyula M\u00f3zes"},"content":{"rendered":"<p>1785., \u2020 Kv., 1878. \u00e1pr. 6.: \u00fcgyv\u00e9d, az erd\u00e9lyi kir. t\u00e1bla procuratora Mv.-n. \u2013 58 \u00e9ve l\u00e1t\u00e1s\u00e1t vesztette. Cikkeket \u00edrt a Fels\u0151magyarorsz\u00e1gi Minerv\u00e1ba (1827\u201328) \u00e9s a Kolozsv\u00e1ri Kis K\u00f6vetbe (1846); a Mult \u00e9s Jelennek \u00e9s Hon \u00e9s K\u00fclf\u00f6ldnek is munkat\u00e1rsa volt. <strong>F. m.<\/strong>: Eredeti mes\u00e9k, k\u00e9t k\u00f6nyvben. (Kassa, 1824. Kazinczy Ferencz \u00edrt hozz\u00e1 el\u0151sz\u00f3t). <br \/><strong>Irod.:<\/strong> Szinnyei.<\/br><\/p>\n","protected":false},"excerpt":{"rendered":"<p>1785., \u2020 Kv., 1878. \u00e1pr. 6.: \u00fcgyv\u00e9d, az erd\u00e9lyi kir. t\u00e1bla procuratora Mv.-n. \u2013 58 \u00e9ve l\u00e1t\u00e1s\u00e1t vesztette. Cikkeket \u00edrt a Fels\u0151magyarorsz\u00e1gi Minerv\u00e1ba (1827\u201328) \u00e9s a Kolozsv\u00e1ri Kis K\u00f6vetbe (1846); a Mult \u00e9s Jelennek \u00e9s Hon \u00e9s K\u00fclf\u00f6ldnek is munkat\u00e1rsa volt. F. m.: Eredeti mes\u00e9k, k\u00e9t k\u00f6nyvben. (Kassa, 1824. Kazinczy Ferencz \u00edrt hozz\u00e1 el\u0151sz\u00f3t). Irod.: [&hellip;]<\/p>\n","protected":false},"featured_media":0,"comment_status":"open","ping_status":"closed","template":"","meta":[],"product_brand":[],"product_cat":[137],"product_tag":[],"class_list":{"0":"post-22228","1":"product","2":"type-product","3":"status-publish","5":"product_cat-maros-megyei-eletrajzi-lexikon","7":"first","8":"instock","9":"shipping-taxable","10":"product-type-simple"},"_links":{"self":[{"href":"https:\/\/uj.adatbank.ro\/lexikon\/wp-json\/wp\/v2\/product\/22228","targetHints":{"allow":["GET"]}}],"collection":[{"href":"https:\/\/uj.adatbank.ro\/lexikon\/wp-json\/wp\/v2\/product"}],"about":[{"href":"https:\/\/uj.adatbank.ro\/lexikon\/wp-json\/wp\/v2\/types\/product"}],"replies":[{"embeddable":true,"href":"https:\/\/uj.adatbank.ro\/lexikon\/wp-json\/wp\/v2\/comments?post=22228"}],"wp:attachment":[{"href":"https:\/\/uj.adatbank.ro\/lexikon\/wp-json\/wp\/v2\/media?parent=22228"}],"wp:term":[{"taxonomy":"product_brand","embeddable":true,"href":"https:\/\/uj.adatbank.ro\/lexikon\/wp-json\/wp\/v2\/product_brand?post=22228"},{"taxonomy":"product_cat","embeddable":true,"href":"https:\/\/uj.adatbank.ro\/lexikon\/wp-json\/wp\/v2\/product_cat?post=22228"},{"taxonomy":"product_tag","embeddable":true,"href":"https:\/\/uj.adatbank.ro\/lexikon\/wp-json\/wp\/v2\/product_tag?post=22228"}],"curies":[{"name":"wp","href":"https:\/\/api.w.org\/{rel}","templated":true}]}}