{"id":2224,"date":"2025-06-28T12:07:33","date_gmt":"2025-06-28T10:07:33","guid":{"rendered":"https:\/\/uj.adatbank.ro\/lexikon\/termek\/bankovich-ferenc-p\/"},"modified":"2025-06-28T12:07:33","modified_gmt":"2025-06-28T10:07:33","slug":"bankovich-ferenc-p","status":"publish","type":"product","link":"https:\/\/uj.adatbank.ro\/lexikon\/termek\/bankovich-ferenc-p\/","title":{"rendered":"BANKOVICH Ferenc, P."},"content":{"rendered":"<p>Bosznia, 1628., \u2020 Mikh\u00e1za, 1688. jan. 30.: boszniai szerzetes. \u2013 Ferencrendi szerzetes, be\u00f6lt\u00f6z\u00f6tt (1647. szept. 17.), felszentelt\u00e9k (1650. nov. 17.), definitor (1672\u201375). A mikh\u00e1zi z\u00e1rd\u00e1t, m\u00e1sik k\u00e9t bosny\u00e1k p\u00e1terrel P. Vares P\u00e9terrel \u00e9s P. Imottai Simonnal saj\u00e1t provinci\u00e1jukhoz akart\u00e1k csatolni. Botr\u00e1nyok ut\u00e1n siker\u00fclt elt\u00e1vol\u00edtan\u00ed \u0151ket a z\u00e1rd\u00e1b\u00f3l. Miut\u00e1n beismerte zaklat\u00e1sok miatti b\u0171neit, javul\u00e1st ig\u00e9rt, visszat\u00e9rhetett \u00e9s a m. ferencesekkel egy\u00fcttm\u0171k\u00f6dve tov\u00e1bbra is Mikh\u00e1z\u00e1n maradt, m\u00e9lt\u00f3nak tal\u00e1lt\u00e1k \u00e9s Definitorr\u00e1 v\u00e1lasztott\u00e1k (1672). Mikh\u00e1z\u00e1n halt meg 60 \u00e9ves kor\u00e1ban. <br \/><strong>Irod.:<\/strong> Gy\u00f6rgy: A ferencrendiek<\/br><\/p>\n","protected":false},"excerpt":{"rendered":"<p>Bosznia, 1628., \u2020 Mikh\u00e1za, 1688. jan. 30.: boszniai szerzetes. \u2013 Ferencrendi szerzetes, be\u00f6lt\u00f6z\u00f6tt (1647. szept. 17.), felszentelt\u00e9k (1650. nov. 17.), definitor (1672\u201375). A mikh\u00e1zi z\u00e1rd\u00e1t, m\u00e1sik k\u00e9t bosny\u00e1k p\u00e1terrel P. Vares P\u00e9terrel \u00e9s P. Imottai Simonnal saj\u00e1t provinci\u00e1jukhoz akart\u00e1k csatolni. Botr\u00e1nyok ut\u00e1n siker\u00fclt elt\u00e1vol\u00edtan\u00ed \u0151ket a z\u00e1rd\u00e1b\u00f3l. Miut\u00e1n beismerte zaklat\u00e1sok miatti b\u0171neit, javul\u00e1st ig\u00e9rt, visszat\u00e9rhetett [&hellip;]<\/p>\n","protected":false},"featured_media":0,"comment_status":"open","ping_status":"closed","template":"","meta":[],"product_brand":[],"product_cat":[137],"product_tag":[],"class_list":{"0":"post-2224","1":"product","2":"type-product","3":"status-publish","5":"product_cat-maros-megyei-eletrajzi-lexikon","7":"first","8":"instock","9":"shipping-taxable","10":"product-type-simple"},"_links":{"self":[{"href":"https:\/\/uj.adatbank.ro\/lexikon\/wp-json\/wp\/v2\/product\/2224","targetHints":{"allow":["GET"]}}],"collection":[{"href":"https:\/\/uj.adatbank.ro\/lexikon\/wp-json\/wp\/v2\/product"}],"about":[{"href":"https:\/\/uj.adatbank.ro\/lexikon\/wp-json\/wp\/v2\/types\/product"}],"replies":[{"embeddable":true,"href":"https:\/\/uj.adatbank.ro\/lexikon\/wp-json\/wp\/v2\/comments?post=2224"}],"wp:attachment":[{"href":"https:\/\/uj.adatbank.ro\/lexikon\/wp-json\/wp\/v2\/media?parent=2224"}],"wp:term":[{"taxonomy":"product_brand","embeddable":true,"href":"https:\/\/uj.adatbank.ro\/lexikon\/wp-json\/wp\/v2\/product_brand?post=2224"},{"taxonomy":"product_cat","embeddable":true,"href":"https:\/\/uj.adatbank.ro\/lexikon\/wp-json\/wp\/v2\/product_cat?post=2224"},{"taxonomy":"product_tag","embeddable":true,"href":"https:\/\/uj.adatbank.ro\/lexikon\/wp-json\/wp\/v2\/product_tag?post=2224"}],"curies":[{"name":"wp","href":"https:\/\/api.w.org\/{rel}","templated":true}]}}

<p>Bosznia, 1628., † Mikháza, 1688. jan. 30.: boszniai szerzetes. – Ferencrendi szerzetes, beöltözött (1647. szept. 17.), felszentelték (1650. nov. 17.), definitor (1672–75). A mikházi zárdát, másik két bosnyák páterrel P. Vares Péterrel és P. Imottai Simonnal saját provinciájukhoz akarták csatolni. Botrányok után sikerült eltávolítaní őket a zárdából. Miután beismerte zaklatások miatti bűneit, javulást igért, visszatérhetett és a m. ferencesekkel együttműködve továbbra is Mikházán maradt, méltónak találták és Definitorrá választották (1672). Mikházán halt meg 60 éves korában. <br /><strong>Irod.:</strong> György: A ferencrendiek</br></p>

<p>Bosznia, 1628., † Mikháza, 1688. jan. 30.: boszniai szerzetes. – Ferencrendi szerzetes, beöltözött (1647. szept. 17.), felszentelték (1650. nov. 17.), definitor (1672–75). A mikházi zárdát, másik két bosnyák páterrel P. Vares Péterrel és P. Imottai Simonnal saját provinciájukhoz akarták csatolni. Botrányok után sikerült eltávolítaní őket a zárdából. Miután beismerte zaklatások miatti bűneit, javulást igért, visszatérhetett [&hellip;]</p>
