{"id":22258,"date":"2025-07-22T19:54:38","date_gmt":"2025-07-22T17:54:38","guid":{"rendered":"https:\/\/uj.adatbank.ro\/lexikon\/termek\/szikszai-mihaly\/"},"modified":"2025-07-22T19:54:38","modified_gmt":"2025-07-22T17:54:38","slug":"szikszai-mihaly","status":"publish","type":"product","link":"https:\/\/uj.adatbank.ro\/lexikon\/termek\/szikszai-mihaly\/","title":{"rendered":"SZIKSZAI Mih\u00e1ly"},"content":{"rendered":"<p>1780 k. \u2020?: orvos. \u2013 Val\u00f3sz\u00edn\u0171leg orvos volt, \u00e9s nem volt erd\u00e9lyi, esetleg a debreceni \u00e9s s\u00e1rospataki koll.-ban tanult. Mikor az Erk\u00f6lcsrost\u00e1t \u00edrta, Szentbenedeken \u00e9lt. Farsangi zsebk\u00f6nyv c. k\u00f6tet\u00e9ben verseit, elm\u00e9lked\u00e9seit, olvasm\u00e1ny-reflexi\u00f3it foglalja mag\u00e1ba. \u2013 <strong><strong>F. m.<\/strong><\/strong>: Farsangi zsebk\u00f6nyv. 1\u20132. k\u00f6t. (Mv., 1843); Erk\u00f6lcsrosta (Mv., 1859.). <br \/><strong>Irod.:<\/strong> Olosz Katalin: Ismeretlen kort\u00e1rsi v\u00e9lem\u00e9ny [Szikszai Mih\u00e1ly] K\u0151r\u00f6si Csoma S\u00e1ndor keleti \u00fatj\u00e1r\u00f3l = K\u0151r\u00f6si Csoma S\u00e1ndor \u00e9s a magyars\u00e1g keleti eredete (Sepsiszentgy\u00f6rgy, 2000); Szinnyei.<\/br><\/p>\n","protected":false},"excerpt":{"rendered":"<p>1780 k. \u2020?: orvos. \u2013 Val\u00f3sz\u00edn\u0171leg orvos volt, \u00e9s nem volt erd\u00e9lyi, esetleg a debreceni \u00e9s s\u00e1rospataki koll.-ban tanult. Mikor az Erk\u00f6lcsrost\u00e1t \u00edrta, Szentbenedeken \u00e9lt. Farsangi zsebk\u00f6nyv c. k\u00f6tet\u00e9ben verseit, elm\u00e9lked\u00e9seit, olvasm\u00e1ny-reflexi\u00f3it foglalja mag\u00e1ba. \u2013 F. m.: Farsangi zsebk\u00f6nyv. 1\u20132. k\u00f6t. (Mv., 1843); Erk\u00f6lcsrosta (Mv., 1859.). Irod.: Olosz Katalin: Ismeretlen kort\u00e1rsi v\u00e9lem\u00e9ny [Szikszai Mih\u00e1ly] K\u0151r\u00f6si [&hellip;]<\/p>\n","protected":false},"featured_media":0,"comment_status":"open","ping_status":"closed","template":"","meta":[],"product_brand":[],"product_cat":[137],"product_tag":[],"class_list":{"0":"post-22258","1":"product","2":"type-product","3":"status-publish","5":"product_cat-maros-megyei-eletrajzi-lexikon","7":"first","8":"instock","9":"shipping-taxable","10":"product-type-simple"},"_links":{"self":[{"href":"https:\/\/uj.adatbank.ro\/lexikon\/wp-json\/wp\/v2\/product\/22258","targetHints":{"allow":["GET"]}}],"collection":[{"href":"https:\/\/uj.adatbank.ro\/lexikon\/wp-json\/wp\/v2\/product"}],"about":[{"href":"https:\/\/uj.adatbank.ro\/lexikon\/wp-json\/wp\/v2\/types\/product"}],"replies":[{"embeddable":true,"href":"https:\/\/uj.adatbank.ro\/lexikon\/wp-json\/wp\/v2\/comments?post=22258"}],"wp:attachment":[{"href":"https:\/\/uj.adatbank.ro\/lexikon\/wp-json\/wp\/v2\/media?parent=22258"}],"wp:term":[{"taxonomy":"product_brand","embeddable":true,"href":"https:\/\/uj.adatbank.ro\/lexikon\/wp-json\/wp\/v2\/product_brand?post=22258"},{"taxonomy":"product_cat","embeddable":true,"href":"https:\/\/uj.adatbank.ro\/lexikon\/wp-json\/wp\/v2\/product_cat?post=22258"},{"taxonomy":"product_tag","embeddable":true,"href":"https:\/\/uj.adatbank.ro\/lexikon\/wp-json\/wp\/v2\/product_tag?post=22258"}],"curies":[{"name":"wp","href":"https:\/\/api.w.org\/{rel}","templated":true}]}}

SZIKSZAI Mihály

<p>1780 k. †?: orvos. – Valószínűleg orvos volt, és nem volt erdélyi, esetleg a debreceni és sárospataki koll.-ban tanult. Mikor az Erkölcsrostát írta, Szentbenedeken élt. Farsangi zsebkönyv c. kötetében verseit, elmélkedéseit, olvasmány-reflexióit foglalja magába. – <strong><strong>F. m.</strong></strong>: Farsangi zsebkönyv. 1–2. köt. (Mv., 1843); Erkölcsrosta (Mv., 1859.). <br /><strong>Irod.:</strong> Olosz Katalin: Ismeretlen kortársi vélemény [Szikszai Mihály] Kőrösi Csoma Sándor keleti útjáról = Kőrösi Csoma Sándor és a magyarság keleti eredete (Sepsiszentgyörgy, 2000); Szinnyei.</br></p>

<p>1780 k. †?: orvos. – Valószínűleg orvos volt, és nem volt erdélyi, esetleg a debreceni és sárospataki koll.-ban tanult. Mikor az Erkölcsrostát írta, Szentbenedeken élt. Farsangi zsebkönyv c. kötetében verseit, elmélkedéseit, olvasmány-reflexióit foglalja magába. – F. m.: Farsangi zsebkönyv. 1–2. köt. (Mv., 1843); Erkölcsrosta (Mv., 1859.). Irod.: Olosz Katalin: Ismeretlen kortársi vélemény [Szikszai Mihály] Kőrösi [&hellip;]</p>
