{"id":22262,"date":"2025-07-22T19:54:48","date_gmt":"2025-07-22T17:54:48","guid":{"rendered":"https:\/\/uj.adatbank.ro\/lexikon\/termek\/szilagyi\/"},"modified":"2025-07-22T19:54:48","modified_gmt":"2025-07-22T17:54:48","slug":"szilagyi","status":"publish","type":"product","link":"https:\/\/uj.adatbank.ro\/lexikon\/termek\/szilagyi\/","title":{"rendered":"SZIL\u00c1GYI"},"content":{"rendered":"<p>G\u00f3g\u00e1nv\u00e1raljai erd\u00e9lyi csal\u00e1d. J\u00f3zsef K\u00fck\u00fcll\u0151 megy\u00e9ben \u00fcgyv\u00e9d 1836. k\u00f6r\u00fcl. <br \/><strong>Irod.:<\/strong> Nagy Iv\u00e1n.<\/br><\/p>\n","protected":false},"excerpt":{"rendered":"<p>G\u00f3g\u00e1nv\u00e1raljai erd\u00e9lyi csal\u00e1d. J\u00f3zsef K\u00fck\u00fcll\u0151 megy\u00e9ben \u00fcgyv\u00e9d 1836. k\u00f6r\u00fcl. Irod.: Nagy Iv\u00e1n.<\/p>\n","protected":false},"featured_media":0,"comment_status":"open","ping_status":"closed","template":"","meta":[],"product_brand":[],"product_cat":[137],"product_tag":[],"class_list":{"0":"post-22262","1":"product","2":"type-product","3":"status-publish","5":"product_cat-maros-megyei-eletrajzi-lexikon","7":"first","8":"instock","9":"shipping-taxable","10":"product-type-simple"},"_links":{"self":[{"href":"https:\/\/uj.adatbank.ro\/lexikon\/wp-json\/wp\/v2\/product\/22262","targetHints":{"allow":["GET"]}}],"collection":[{"href":"https:\/\/uj.adatbank.ro\/lexikon\/wp-json\/wp\/v2\/product"}],"about":[{"href":"https:\/\/uj.adatbank.ro\/lexikon\/wp-json\/wp\/v2\/types\/product"}],"replies":[{"embeddable":true,"href":"https:\/\/uj.adatbank.ro\/lexikon\/wp-json\/wp\/v2\/comments?post=22262"}],"wp:attachment":[{"href":"https:\/\/uj.adatbank.ro\/lexikon\/wp-json\/wp\/v2\/media?parent=22262"}],"wp:term":[{"taxonomy":"product_brand","embeddable":true,"href":"https:\/\/uj.adatbank.ro\/lexikon\/wp-json\/wp\/v2\/product_brand?post=22262"},{"taxonomy":"product_cat","embeddable":true,"href":"https:\/\/uj.adatbank.ro\/lexikon\/wp-json\/wp\/v2\/product_cat?post=22262"},{"taxonomy":"product_tag","embeddable":true,"href":"https:\/\/uj.adatbank.ro\/lexikon\/wp-json\/wp\/v2\/product_tag?post=22262"}],"curies":[{"name":"wp","href":"https:\/\/api.w.org\/{rel}","templated":true}]}}