{"id":2227,"date":"2025-06-28T12:07:37","date_gmt":"2025-06-28T10:07:37","guid":{"rendered":"https:\/\/uj.adatbank.ro\/lexikon\/termek\/banu-vasile\/"},"modified":"2025-06-28T12:07:37","modified_gmt":"2025-06-28T10:07:37","slug":"banu-vasile","status":"publish","type":"product","link":"https:\/\/uj.adatbank.ro\/lexikon\/termek\/banu-vasile\/","title":{"rendered":"BANU Vasile"},"content":{"rendered":"<p>M\u00f3cs, 1911. j\u00fal. 15., \u2020 S\u00e1rm\u00e1s, 1944. szept. 16.: jog\u00e1sz, hadnagy, f\u0151szolgab\u00edr\u00f3. \u2013 Szebenben a Gh. Laz\u0103r L\u00edc.-ban \u00e9retts\u00e9gizett (1929), Kv.-on jogot v\u00e9gzett \u00e9s doktor\u00e1lt (1935). Katonas\u00e1got a craiovai tiszti iskol\u00e1ban v\u00e9gzett (1935\u201336, 1939). Jogi gyakornoks\u00e1g ut\u00e1n Nagys\u00e1rm\u00e1son nyitott \u00fcgyv\u00e9di irod\u00e1t, S\u00e1rm\u00e1s j\u00e1r\u00e1s f\u0151szolgab\u00edr\u00f3ja volt. R\u00e9szt vett a II. vh. harcaiban, megsebes\u00fclt, feler\u0151s\u00f6d\u00e9s c\u00e9lj\u00e1b\u00f3l hazak\u00fcldt\u00e9k. M. kakastollas csend\u0151r\u00f6k S\u00e1rm\u00e1son tart\u00f3ztatt\u00e1k le, a vid\u00e9k m\u00e1s 126 zsid\u00f3 \u00e9s 36 rom\u00e1n lakos\u00e1val- f\u0151leg \u00e9rtelmis\u00e9gi- egy\u00fctt, \u00e9s kiv\u00e9gezt\u00e9k. <br \/><strong>Irod.:<\/strong> Suciu<\/br><\/p>\n","protected":false},"excerpt":{"rendered":"<p>M\u00f3cs, 1911. j\u00fal. 15., \u2020 S\u00e1rm\u00e1s, 1944. szept. 16.: jog\u00e1sz, hadnagy, f\u0151szolgab\u00edr\u00f3. \u2013 Szebenben a Gh. Laz\u0103r L\u00edc.-ban \u00e9retts\u00e9gizett (1929), Kv.-on jogot v\u00e9gzett \u00e9s doktor\u00e1lt (1935). Katonas\u00e1got a craiovai tiszti iskol\u00e1ban v\u00e9gzett (1935\u201336, 1939). Jogi gyakornoks\u00e1g ut\u00e1n Nagys\u00e1rm\u00e1son nyitott \u00fcgyv\u00e9di irod\u00e1t, S\u00e1rm\u00e1s j\u00e1r\u00e1s f\u0151szolgab\u00edr\u00f3ja volt. R\u00e9szt vett a II. vh. harcaiban, megsebes\u00fclt, feler\u0151s\u00f6d\u00e9s c\u00e9lj\u00e1b\u00f3l hazak\u00fcldt\u00e9k. [&hellip;]<\/p>\n","protected":false},"featured_media":0,"comment_status":"open","ping_status":"closed","template":"","meta":[],"product_brand":[],"product_cat":[137],"product_tag":[],"class_list":{"0":"post-2227","1":"product","2":"type-product","3":"status-publish","5":"product_cat-maros-megyei-eletrajzi-lexikon","7":"first","8":"instock","9":"shipping-taxable","10":"product-type-simple"},"_links":{"self":[{"href":"https:\/\/uj.adatbank.ro\/lexikon\/wp-json\/wp\/v2\/product\/2227","targetHints":{"allow":["GET"]}}],"collection":[{"href":"https:\/\/uj.adatbank.ro\/lexikon\/wp-json\/wp\/v2\/product"}],"about":[{"href":"https:\/\/uj.adatbank.ro\/lexikon\/wp-json\/wp\/v2\/types\/product"}],"replies":[{"embeddable":true,"href":"https:\/\/uj.adatbank.ro\/lexikon\/wp-json\/wp\/v2\/comments?post=2227"}],"wp:attachment":[{"href":"https:\/\/uj.adatbank.ro\/lexikon\/wp-json\/wp\/v2\/media?parent=2227"}],"wp:term":[{"taxonomy":"product_brand","embeddable":true,"href":"https:\/\/uj.adatbank.ro\/lexikon\/wp-json\/wp\/v2\/product_brand?post=2227"},{"taxonomy":"product_cat","embeddable":true,"href":"https:\/\/uj.adatbank.ro\/lexikon\/wp-json\/wp\/v2\/product_cat?post=2227"},{"taxonomy":"product_tag","embeddable":true,"href":"https:\/\/uj.adatbank.ro\/lexikon\/wp-json\/wp\/v2\/product_tag?post=2227"}],"curies":[{"name":"wp","href":"https:\/\/api.w.org\/{rel}","templated":true}]}}