{"id":2228,"date":"2025-06-28T12:07:39","date_gmt":"2025-06-28T10:07:39","guid":{"rendered":"https:\/\/uj.adatbank.ro\/lexikon\/termek\/banut-p-aurel-dr\/"},"modified":"2025-06-28T12:07:39","modified_gmt":"2025-06-28T10:07:39","slug":"banut-p-aurel-dr","status":"publish","type":"product","link":"https:\/\/uj.adatbank.ro\/lexikon\/termek\/banut-p-aurel-dr\/","title":{"rendered":"B\u0102NU\u0162 P. Aurel, dr."},"content":{"rendered":"<p>1881 \u2020 Nagyv\u00e1rad, 1970: sz\u00ednigazgat\u00f3. \u2013 Jogi \u00e9s politikai tudom\u00e1nyoban szakosodott \u00e9s doktor\u00e1lt, majd Buk.-ben \u00e9s Berlinben dr\u00e1ma-m\u0171v\u00e9szeti tanulm\u00e1nyokat v\u00e9gzett. Az Astra alap\u00edt\u00f3 tagja (Szeben, 1861); tagja a Rom\u00e1n Sz\u00ednh\u00e1zalap T\u00e1rsas\u00e1gnak (1870). Sz\u00e1szr\u00e9genben \u00e9lt, sikertelen pr\u00f3b\u00e1lkoz\u00e1sai voltak a mv.-i Rom\u00e1n Sz\u00ednh\u00e1zalap T\u00e1rsas\u00e1g Bizotts\u00e1g\u00e1nak l\u00e9trehoz\u00e1s\u00e1ban. M\u0171kedvel\u0151kkel rendezett R\u00e9genben sz\u00edni el\u0151ad\u00e1sokat, \u00e9s jelent\u0151s \u00e9rdemei vannak a Fels\u0151 Maros-v\u00f6lgy sz\u00ednh\u00e1zi \u00e9rdekl\u0151d\u00e9s\u00e9nek \u00e9s izl\u00e9s\u00e9nek fejleszt\u00e9s\u00e9ben. Els\u0151 igazgat\u00f3ja volt a nagyv\u00e1radi Nyugati Sz\u00ednh\u00e1znak \/Teatrul de Vest (1920). <br \/><strong>Irod.:<\/strong> Fodor Zeno<\/br><\/p>\n","protected":false},"excerpt":{"rendered":"<p>1881 \u2020 Nagyv\u00e1rad, 1970: sz\u00ednigazgat\u00f3. \u2013 Jogi \u00e9s politikai tudom\u00e1nyoban szakosodott \u00e9s doktor\u00e1lt, majd Buk.-ben \u00e9s Berlinben dr\u00e1ma-m\u0171v\u00e9szeti tanulm\u00e1nyokat v\u00e9gzett. Az Astra alap\u00edt\u00f3 tagja (Szeben, 1861); tagja a Rom\u00e1n Sz\u00ednh\u00e1zalap T\u00e1rsas\u00e1gnak (1870). Sz\u00e1szr\u00e9genben \u00e9lt, sikertelen pr\u00f3b\u00e1lkoz\u00e1sai voltak a mv.-i Rom\u00e1n Sz\u00ednh\u00e1zalap T\u00e1rsas\u00e1g Bizotts\u00e1g\u00e1nak l\u00e9trehoz\u00e1s\u00e1ban. M\u0171kedvel\u0151kkel rendezett R\u00e9genben sz\u00edni el\u0151ad\u00e1sokat, \u00e9s jelent\u0151s \u00e9rdemei vannak a Fels\u0151 [&hellip;]<\/p>\n","protected":false},"featured_media":0,"comment_status":"open","ping_status":"closed","template":"","meta":[],"product_brand":[],"product_cat":[137],"product_tag":[],"class_list":{"0":"post-2228","1":"product","2":"type-product","3":"status-publish","5":"product_cat-maros-megyei-eletrajzi-lexikon","7":"first","8":"instock","9":"shipping-taxable","10":"product-type-simple"},"_links":{"self":[{"href":"https:\/\/uj.adatbank.ro\/lexikon\/wp-json\/wp\/v2\/product\/2228","targetHints":{"allow":["GET"]}}],"collection":[{"href":"https:\/\/uj.adatbank.ro\/lexikon\/wp-json\/wp\/v2\/product"}],"about":[{"href":"https:\/\/uj.adatbank.ro\/lexikon\/wp-json\/wp\/v2\/types\/product"}],"replies":[{"embeddable":true,"href":"https:\/\/uj.adatbank.ro\/lexikon\/wp-json\/wp\/v2\/comments?post=2228"}],"wp:attachment":[{"href":"https:\/\/uj.adatbank.ro\/lexikon\/wp-json\/wp\/v2\/media?parent=2228"}],"wp:term":[{"taxonomy":"product_brand","embeddable":true,"href":"https:\/\/uj.adatbank.ro\/lexikon\/wp-json\/wp\/v2\/product_brand?post=2228"},{"taxonomy":"product_cat","embeddable":true,"href":"https:\/\/uj.adatbank.ro\/lexikon\/wp-json\/wp\/v2\/product_cat?post=2228"},{"taxonomy":"product_tag","embeddable":true,"href":"https:\/\/uj.adatbank.ro\/lexikon\/wp-json\/wp\/v2\/product_tag?post=2228"}],"curies":[{"name":"wp","href":"https:\/\/api.w.org\/{rel}","templated":true}]}}

BĂNUŢ P. Aurel, dr.

<p>1881 † Nagyvárad, 1970: színigazgató. – Jogi és politikai tudományoban szakosodott és doktorált, majd Buk.-ben és Berlinben dráma-művészeti tanulmányokat végzett. Az Astra alapító tagja (Szeben, 1861); tagja a Román Színházalap Társaságnak (1870). Szászrégenben élt, sikertelen próbálkozásai voltak a mv.-i Román Színházalap Társaság Bizottságának létrehozásában. Műkedvelőkkel rendezett Régenben színi előadásokat, és jelentős érdemei vannak a Felső Maros-völgy színházi érdeklődésének és izlésének fejlesztésében. Első igazgatója volt a nagyváradi Nyugati Színháznak /Teatrul de Vest (1920). <br /><strong>Irod.:</strong> Fodor Zeno</br></p>

<p>1881 † Nagyvárad, 1970: színigazgató. – Jogi és politikai tudományoban szakosodott és doktorált, majd Buk.-ben és Berlinben dráma-művészeti tanulmányokat végzett. Az Astra alapító tagja (Szeben, 1861); tagja a Román Színházalap Társaságnak (1870). Szászrégenben élt, sikertelen próbálkozásai voltak a mv.-i Román Színházalap Társaság Bizottságának létrehozásában. Műkedvelőkkel rendezett Régenben színi előadásokat, és jelentős érdemei vannak a Felső [&hellip;]</p>
