{"id":22294,"date":"2025-07-22T19:55:55","date_gmt":"2025-07-22T17:55:55","guid":{"rendered":"https:\/\/uj.adatbank.ro\/lexikon\/termek\/szilagyi-imre-2\/"},"modified":"2025-07-22T19:55:55","modified_gmt":"2025-07-22T17:55:55","slug":"szilagyi-imre-2","status":"publish","type":"product","link":"https:\/\/uj.adatbank.ro\/lexikon\/termek\/szilagyi-imre-2\/","title":{"rendered":"SZIL\u00c1GYI Imre"},"content":{"rendered":"<p>Somosd, 1886., \u2020?: M\u00c1V alkalmazott. \u2013 Iskol\u00e1i elv\u00e9gz\u00e9se ut\u00e1n a vas\u00fathoz ker\u00fclt (1910), T\u00f6visen t\u00f6lt\u00f6tt 15 \u00e9vet betegs\u00e9g miatt nyugalomba vonult (1925), azut\u00e1n Meggyesfalv\u00e1n \u00e9lt. <br \/><strong>Irod.:<\/strong> Sz\u00e9kelyf\u00f6ld \u00ed. k.<\/br><\/p>\n","protected":false},"excerpt":{"rendered":"<p>Somosd, 1886., \u2020?: M\u00c1V alkalmazott. \u2013 Iskol\u00e1i elv\u00e9gz\u00e9se ut\u00e1n a vas\u00fathoz ker\u00fclt (1910), T\u00f6visen t\u00f6lt\u00f6tt 15 \u00e9vet betegs\u00e9g miatt nyugalomba vonult (1925), azut\u00e1n Meggyesfalv\u00e1n \u00e9lt. Irod.: Sz\u00e9kelyf\u00f6ld \u00ed. k.<\/p>\n","protected":false},"featured_media":0,"comment_status":"open","ping_status":"closed","template":"","meta":[],"product_brand":[],"product_cat":[137],"product_tag":[],"class_list":{"0":"post-22294","1":"product","2":"type-product","3":"status-publish","5":"product_cat-maros-megyei-eletrajzi-lexikon","7":"first","8":"instock","9":"shipping-taxable","10":"product-type-simple"},"_links":{"self":[{"href":"https:\/\/uj.adatbank.ro\/lexikon\/wp-json\/wp\/v2\/product\/22294","targetHints":{"allow":["GET"]}}],"collection":[{"href":"https:\/\/uj.adatbank.ro\/lexikon\/wp-json\/wp\/v2\/product"}],"about":[{"href":"https:\/\/uj.adatbank.ro\/lexikon\/wp-json\/wp\/v2\/types\/product"}],"replies":[{"embeddable":true,"href":"https:\/\/uj.adatbank.ro\/lexikon\/wp-json\/wp\/v2\/comments?post=22294"}],"wp:attachment":[{"href":"https:\/\/uj.adatbank.ro\/lexikon\/wp-json\/wp\/v2\/media?parent=22294"}],"wp:term":[{"taxonomy":"product_brand","embeddable":true,"href":"https:\/\/uj.adatbank.ro\/lexikon\/wp-json\/wp\/v2\/product_brand?post=22294"},{"taxonomy":"product_cat","embeddable":true,"href":"https:\/\/uj.adatbank.ro\/lexikon\/wp-json\/wp\/v2\/product_cat?post=22294"},{"taxonomy":"product_tag","embeddable":true,"href":"https:\/\/uj.adatbank.ro\/lexikon\/wp-json\/wp\/v2\/product_tag?post=22294"}],"curies":[{"name":"wp","href":"https:\/\/api.w.org\/{rel}","templated":true}]}}