{"id":22310,"date":"2025-07-22T19:56:28","date_gmt":"2025-07-22T17:56:28","guid":{"rendered":"https:\/\/uj.adatbank.ro\/lexikon\/termek\/szilagyi-jozsef-akosfalvi\/"},"modified":"2025-07-22T19:56:28","modified_gmt":"2025-07-22T17:56:28","slug":"szilagyi-jozsef-akosfalvi","status":"publish","type":"product","link":"https:\/\/uj.adatbank.ro\/lexikon\/termek\/szilagyi-jozsef-akosfalvi\/","title":{"rendered":"SZIL\u00c1GYI J\u00f3zsef, \u00e1kosfalvi"},"content":{"rendered":"<p>? \u2020\u00a01743.: jegyz\u0151, t\u00e1blai \u00fcln\u00f6k. \u2013 Marossz\u00e9ki f\u0151jegyz\u0151 (1713\u201343), ogy.-i k\u00f6vet (1715); r\u00e9szt vett a mv.-i Gen. Congregati\u00f3n (1718. m\u00e1j. 23), valamint Mv. v\u00e1ros tiszt\u00faj\u00edt\u00f3 gy\u0171l\u00e9s\u00e9n. (1731. okt. 27). R\u00e9szt vett abban a bizotts\u00e1gban, amely a l\u00e1zong\u00f3 koll.-i di\u00e1kok \u00fcgy\u00e9nek kivizsg\u00e1l\u00e1s\u00e1ra alakult (1736), h\u00e1rom di\u00e1kot \u00f6r\u00f6kre kicsaptak, t\u00edzet megfeny\u00edtettek. A mv.-i Ref. Koll. algondnoka (1740\u201343). <br \/><strong>Irod.:<\/strong> Id\u0151t\u00e1r 1; Koncz; Kr\u00f3n. F\u00fcz. (1940.4\/10); P\u00e1l-Antal 2002; P\u00e1l-Antal 2006<\/br><\/p>\n","protected":false},"excerpt":{"rendered":"<p>? \u2020\u00a01743.: jegyz\u0151, t\u00e1blai \u00fcln\u00f6k. \u2013 Marossz\u00e9ki f\u0151jegyz\u0151 (1713\u201343), ogy.-i k\u00f6vet (1715); r\u00e9szt vett a mv.-i Gen. Congregati\u00f3n (1718. m\u00e1j. 23), valamint Mv. v\u00e1ros tiszt\u00faj\u00edt\u00f3 gy\u0171l\u00e9s\u00e9n. (1731. okt. 27). R\u00e9szt vett abban a bizotts\u00e1gban, amely a l\u00e1zong\u00f3 koll.-i di\u00e1kok \u00fcgy\u00e9nek kivizsg\u00e1l\u00e1s\u00e1ra alakult (1736), h\u00e1rom di\u00e1kot \u00f6r\u00f6kre kicsaptak, t\u00edzet megfeny\u00edtettek. A mv.-i Ref. Koll. algondnoka (1740\u201343). [&hellip;]<\/p>\n","protected":false},"featured_media":0,"comment_status":"open","ping_status":"closed","template":"","meta":[],"product_brand":[],"product_cat":[137],"product_tag":[],"class_list":{"0":"post-22310","1":"product","2":"type-product","3":"status-publish","5":"product_cat-maros-megyei-eletrajzi-lexikon","7":"first","8":"instock","9":"shipping-taxable","10":"product-type-simple"},"_links":{"self":[{"href":"https:\/\/uj.adatbank.ro\/lexikon\/wp-json\/wp\/v2\/product\/22310","targetHints":{"allow":["GET"]}}],"collection":[{"href":"https:\/\/uj.adatbank.ro\/lexikon\/wp-json\/wp\/v2\/product"}],"about":[{"href":"https:\/\/uj.adatbank.ro\/lexikon\/wp-json\/wp\/v2\/types\/product"}],"replies":[{"embeddable":true,"href":"https:\/\/uj.adatbank.ro\/lexikon\/wp-json\/wp\/v2\/comments?post=22310"}],"wp:attachment":[{"href":"https:\/\/uj.adatbank.ro\/lexikon\/wp-json\/wp\/v2\/media?parent=22310"}],"wp:term":[{"taxonomy":"product_brand","embeddable":true,"href":"https:\/\/uj.adatbank.ro\/lexikon\/wp-json\/wp\/v2\/product_brand?post=22310"},{"taxonomy":"product_cat","embeddable":true,"href":"https:\/\/uj.adatbank.ro\/lexikon\/wp-json\/wp\/v2\/product_cat?post=22310"},{"taxonomy":"product_tag","embeddable":true,"href":"https:\/\/uj.adatbank.ro\/lexikon\/wp-json\/wp\/v2\/product_tag?post=22310"}],"curies":[{"name":"wp","href":"https:\/\/api.w.org\/{rel}","templated":true}]}}