{"id":22312,"date":"2025-07-22T19:56:33","date_gmt":"2025-07-22T17:56:33","guid":{"rendered":"https:\/\/uj.adatbank.ro\/lexikon\/termek\/szilagyi-jozsef-akosfalvi-3\/"},"modified":"2025-07-22T19:56:33","modified_gmt":"2025-07-22T17:56:33","slug":"szilagyi-jozsef-akosfalvi-3","status":"publish","type":"product","link":"https:\/\/uj.adatbank.ro\/lexikon\/termek\/szilagyi-jozsef-akosfalvi-3\/","title":{"rendered":"SZIL\u00c1GYI J\u00f3zsef, \u00e1kosfalvi"},"content":{"rendered":"<p>? \u2020\u00a01897?: orvos. \u2013 Feles\u00e9ge: cs\u00edkszentsimoni Veress Ida (1864? \u2013 Mv., 1924. m\u00e1rc. 22.). A M. Kir. Term\u00e9szettudom\u00e1nyi T\u00e1rsulat tagja (1891). <br \/><strong>Irod.:<\/strong> Eml\u00e9kk\u00f6nyv a M. K. Term\u00e9szettudom\u00e1nyi T\u00e1rsulat f\u00e9lsz\u00e1zados jubileum\u00e1n (Bp., 1892); Gy\u00e1szjelent\u0151, Id\u0151t\u00e1r 2.<\/br><\/p>\n","protected":false},"excerpt":{"rendered":"<p>? \u2020\u00a01897?: orvos. \u2013 Feles\u00e9ge: cs\u00edkszentsimoni Veress Ida (1864? \u2013 Mv., 1924. m\u00e1rc. 22.). A M. Kir. Term\u00e9szettudom\u00e1nyi T\u00e1rsulat tagja (1891). Irod.: Eml\u00e9kk\u00f6nyv a M. K. Term\u00e9szettudom\u00e1nyi T\u00e1rsulat f\u00e9lsz\u00e1zados jubileum\u00e1n (Bp., 1892); Gy\u00e1szjelent\u0151, Id\u0151t\u00e1r 2.<\/p>\n","protected":false},"featured_media":0,"comment_status":"open","ping_status":"closed","template":"","meta":[],"product_brand":[],"product_cat":[137],"product_tag":[],"class_list":{"0":"post-22312","1":"product","2":"type-product","3":"status-publish","5":"product_cat-maros-megyei-eletrajzi-lexikon","7":"first","8":"instock","9":"shipping-taxable","10":"product-type-simple"},"_links":{"self":[{"href":"https:\/\/uj.adatbank.ro\/lexikon\/wp-json\/wp\/v2\/product\/22312","targetHints":{"allow":["GET"]}}],"collection":[{"href":"https:\/\/uj.adatbank.ro\/lexikon\/wp-json\/wp\/v2\/product"}],"about":[{"href":"https:\/\/uj.adatbank.ro\/lexikon\/wp-json\/wp\/v2\/types\/product"}],"replies":[{"embeddable":true,"href":"https:\/\/uj.adatbank.ro\/lexikon\/wp-json\/wp\/v2\/comments?post=22312"}],"wp:attachment":[{"href":"https:\/\/uj.adatbank.ro\/lexikon\/wp-json\/wp\/v2\/media?parent=22312"}],"wp:term":[{"taxonomy":"product_brand","embeddable":true,"href":"https:\/\/uj.adatbank.ro\/lexikon\/wp-json\/wp\/v2\/product_brand?post=22312"},{"taxonomy":"product_cat","embeddable":true,"href":"https:\/\/uj.adatbank.ro\/lexikon\/wp-json\/wp\/v2\/product_cat?post=22312"},{"taxonomy":"product_tag","embeddable":true,"href":"https:\/\/uj.adatbank.ro\/lexikon\/wp-json\/wp\/v2\/product_tag?post=22312"}],"curies":[{"name":"wp","href":"https:\/\/api.w.org\/{rel}","templated":true}]}}