{"id":22314,"date":"2025-07-22T19:56:38","date_gmt":"2025-07-22T17:56:38","guid":{"rendered":"https:\/\/uj.adatbank.ro\/lexikon\/termek\/szilagyi-karoly\/"},"modified":"2025-07-22T19:56:38","modified_gmt":"2025-07-22T17:56:38","slug":"szilagyi-karoly","status":"publish","type":"product","link":"https:\/\/uj.adatbank.ro\/lexikon\/termek\/szilagyi-karoly\/","title":{"rendered":"SZIL\u00c1GYI K\u00e1roly"},"content":{"rendered":"<p>? \u2020 H\u00e9derf\u00e1ja, 1882 jan.1.: ref. lelkip\u00e1sztor. \u2013 Iskol\u00e1it kit\u0171n\u0151 eredm\u00e9nnyel v\u00e9gezte \u00e9s Mikefalv\u00e1n szolg\u00e1lt, majd H\u00e9derf\u00e1j\u00e1ra ker\u00fclt (1871\u20131881). Szakszer\u0171en \u00e9s pontosan vezette az anyak\u00f6nyvet, a nyilv\u00e1ntart\u00e1sokat, jegyz\u0151k\u00f6nyveket, \u00fajj\u00e1\u00e9p\u00edtteti a templomot (1872\u20131874), orgon\u00e1t szerzett, a t\u00f6bbi egyh\u00e1zi \u00e9p\u00fcletre is gondja volt. Megbecs\u00fclt \u00e9s szeretett pap volt. <br \/><strong>Irod.:<\/strong> H\u00e9derf\u00e1ja \u00e9s egyh\u00e1za.<\/br><\/p>\n","protected":false},"excerpt":{"rendered":"<p>? \u2020 H\u00e9derf\u00e1ja, 1882 jan.1.: ref. lelkip\u00e1sztor. \u2013 Iskol\u00e1it kit\u0171n\u0151 eredm\u00e9nnyel v\u00e9gezte \u00e9s Mikefalv\u00e1n szolg\u00e1lt, majd H\u00e9derf\u00e1j\u00e1ra ker\u00fclt (1871\u20131881). Szakszer\u0171en \u00e9s pontosan vezette az anyak\u00f6nyvet, a nyilv\u00e1ntart\u00e1sokat, jegyz\u0151k\u00f6nyveket, \u00fajj\u00e1\u00e9p\u00edtteti a templomot (1872\u20131874), orgon\u00e1t szerzett, a t\u00f6bbi egyh\u00e1zi \u00e9p\u00fcletre is gondja volt. Megbecs\u00fclt \u00e9s szeretett pap volt. Irod.: H\u00e9derf\u00e1ja \u00e9s egyh\u00e1za.<\/p>\n","protected":false},"featured_media":0,"comment_status":"open","ping_status":"closed","template":"","meta":[],"product_brand":[],"product_cat":[137],"product_tag":[],"class_list":{"0":"post-22314","1":"product","2":"type-product","3":"status-publish","5":"product_cat-maros-megyei-eletrajzi-lexikon","7":"first","8":"instock","9":"shipping-taxable","10":"product-type-simple"},"_links":{"self":[{"href":"https:\/\/uj.adatbank.ro\/lexikon\/wp-json\/wp\/v2\/product\/22314","targetHints":{"allow":["GET"]}}],"collection":[{"href":"https:\/\/uj.adatbank.ro\/lexikon\/wp-json\/wp\/v2\/product"}],"about":[{"href":"https:\/\/uj.adatbank.ro\/lexikon\/wp-json\/wp\/v2\/types\/product"}],"replies":[{"embeddable":true,"href":"https:\/\/uj.adatbank.ro\/lexikon\/wp-json\/wp\/v2\/comments?post=22314"}],"wp:attachment":[{"href":"https:\/\/uj.adatbank.ro\/lexikon\/wp-json\/wp\/v2\/media?parent=22314"}],"wp:term":[{"taxonomy":"product_brand","embeddable":true,"href":"https:\/\/uj.adatbank.ro\/lexikon\/wp-json\/wp\/v2\/product_brand?post=22314"},{"taxonomy":"product_cat","embeddable":true,"href":"https:\/\/uj.adatbank.ro\/lexikon\/wp-json\/wp\/v2\/product_cat?post=22314"},{"taxonomy":"product_tag","embeddable":true,"href":"https:\/\/uj.adatbank.ro\/lexikon\/wp-json\/wp\/v2\/product_tag?post=22314"}],"curies":[{"name":"wp","href":"https:\/\/api.w.org\/{rel}","templated":true}]}}