{"id":22319,"date":"2025-07-22T19:56:47","date_gmt":"2025-07-22T17:56:47","guid":{"rendered":"https:\/\/uj.adatbank.ro\/lexikon\/termek\/szilagyi-lajos-3\/"},"modified":"2025-07-22T19:56:47","modified_gmt":"2025-07-22T17:56:47","slug":"szilagyi-lajos-3","status":"publish","type":"product","link":"https:\/\/uj.adatbank.ro\/lexikon\/termek\/szilagyi-lajos-3\/","title":{"rendered":"SZIL\u00c1GYI Lajos"},"content":{"rendered":"<p>1937. \u2020\u00a02021: szerkeszt\u0151. \u2013 A kv.-i Bolyai TE Jogtudom\u00e1nyi kar\u00e1n kezdte tanulm\u00e1nyait (1956) \u00e9s az \u00e1talakult BBTE \u2013en fejezte be (1960). A MOGYI \u2013ban szerkesztett \u00e9s kiadott tudom\u00e1nyos foly\u00f3irat, az Orvosi Szemle szerkeszt\u0151s\u00e9gi titk\u00e1ra, szerkeszt\u0151je (7. \u00e9vf., 1961 \u2013 1974). Az egyetemen az orvosk\u00e9pz\u00e9s \u00e9s gy\u00f3gyszer\u00e9szk\u00e9pz\u00e9s \u00e1talakult a rendszerv\u00e1lt\u00e1s ut\u00e1n (1989). A foly\u00f3irat megv\u00e1ltozott c\u00edme: Revista de Medicin\u0103 \u0219i Farmacie \u2013 Orvosi \u00e9s Gy\u00f3gyszer\u00e9szeti Szemle (1990\u2013) Anyagi okok hi\u00e1ny\u00e1ban a MOGYI Rektori Hivatal\u00e1nak titk\u00e1rak\u00e9nt az egyetemen foly\u00f3 tudom\u00e1nyos kutat\u00e1s k\u00f6vet\u00e9se, nyilv\u00e1ntart\u00e1sa, a doktori iskola adminisztrat\u00edv vezet\u00e9se lett munkak\u00f6re nyugd\u00edjaz\u00e1s\u00e1ig (1998) <br \/><strong>Irod.:<\/strong> \u00c1br\u00e1m Zolt\u00e1n: In memoriam Szil\u00e1gyi Lajos (N\u00fa., 2021. m\u00e1rc. 13.).<\/br><\/p>\n","protected":false},"excerpt":{"rendered":"<p>1937. \u2020\u00a02021: szerkeszt\u0151. \u2013 A kv.-i Bolyai TE Jogtudom\u00e1nyi kar\u00e1n kezdte tanulm\u00e1nyait (1956) \u00e9s az \u00e1talakult BBTE \u2013en fejezte be (1960). A MOGYI \u2013ban szerkesztett \u00e9s kiadott tudom\u00e1nyos foly\u00f3irat, az Orvosi Szemle szerkeszt\u0151s\u00e9gi titk\u00e1ra, szerkeszt\u0151je (7. \u00e9vf., 1961 \u2013 1974). Az egyetemen az orvosk\u00e9pz\u00e9s \u00e9s gy\u00f3gyszer\u00e9szk\u00e9pz\u00e9s \u00e1talakult a rendszerv\u00e1lt\u00e1s ut\u00e1n (1989). A foly\u00f3irat megv\u00e1ltozott c\u00edme: [&hellip;]<\/p>\n","protected":false},"featured_media":0,"comment_status":"open","ping_status":"closed","template":"","meta":[],"product_brand":[],"product_cat":[137],"product_tag":[],"class_list":{"0":"post-22319","1":"product","2":"type-product","3":"status-publish","5":"product_cat-maros-megyei-eletrajzi-lexikon","7":"first","8":"instock","9":"shipping-taxable","10":"product-type-simple"},"_links":{"self":[{"href":"https:\/\/uj.adatbank.ro\/lexikon\/wp-json\/wp\/v2\/product\/22319","targetHints":{"allow":["GET"]}}],"collection":[{"href":"https:\/\/uj.adatbank.ro\/lexikon\/wp-json\/wp\/v2\/product"}],"about":[{"href":"https:\/\/uj.adatbank.ro\/lexikon\/wp-json\/wp\/v2\/types\/product"}],"replies":[{"embeddable":true,"href":"https:\/\/uj.adatbank.ro\/lexikon\/wp-json\/wp\/v2\/comments?post=22319"}],"wp:attachment":[{"href":"https:\/\/uj.adatbank.ro\/lexikon\/wp-json\/wp\/v2\/media?parent=22319"}],"wp:term":[{"taxonomy":"product_brand","embeddable":true,"href":"https:\/\/uj.adatbank.ro\/lexikon\/wp-json\/wp\/v2\/product_brand?post=22319"},{"taxonomy":"product_cat","embeddable":true,"href":"https:\/\/uj.adatbank.ro\/lexikon\/wp-json\/wp\/v2\/product_cat?post=22319"},{"taxonomy":"product_tag","embeddable":true,"href":"https:\/\/uj.adatbank.ro\/lexikon\/wp-json\/wp\/v2\/product_tag?post=22319"}],"curies":[{"name":"wp","href":"https:\/\/api.w.org\/{rel}","templated":true}]}}

SZILÁGYI Lajos

<p>1937. † 2021: szerkesztő. – A kv.-i Bolyai TE Jogtudományi karán kezdte tanulmányait (1956) és az átalakult BBTE –en fejezte be (1960). A MOGYI –ban szerkesztett és kiadott tudományos folyóirat, az Orvosi Szemle szerkesztőségi titkára, szerkesztője (7. évf., 1961 – 1974). Az egyetemen az orvosképzés és gyógyszerészképzés átalakult a rendszerváltás után (1989). A folyóirat megváltozott címe: Revista de Medicină și Farmacie – Orvosi és Gyógyszerészeti Szemle (1990–) Anyagi okok hiányában a MOGYI Rektori Hivatalának titkáraként az egyetemen folyó tudományos kutatás követése, nyilvántartása, a doktori iskola adminisztratív vezetése lett munkaköre nyugdíjazásáig (1998) <br /><strong>Irod.:</strong> Ábrám Zoltán: In memoriam Szilágyi Lajos (Nú., 2021. márc. 13.).</br></p>

<p>1937. † 2021: szerkesztő. – A kv.-i Bolyai TE Jogtudományi karán kezdte tanulmányait (1956) és az átalakult BBTE –en fejezte be (1960). A MOGYI –ban szerkesztett és kiadott tudományos folyóirat, az Orvosi Szemle szerkesztőségi titkára, szerkesztője (7. évf., 1961 – 1974). Az egyetemen az orvosképzés és gyógyszerészképzés átalakult a rendszerváltás után (1989). A folyóirat megváltozott címe: [&hellip;]</p>
