{"id":22322,"date":"2025-07-22T19:56:53","date_gmt":"2025-07-22T17:56:53","guid":{"rendered":"https:\/\/uj.adatbank.ro\/lexikon\/termek\/szilagyi-margit-%c2%a7-margareta-bardos\/"},"modified":"2025-07-22T19:56:53","modified_gmt":"2025-07-22T17:56:53","slug":"szilagyi-margit-%c2%a7-margareta-bardos","status":"publish","type":"product","link":"https:\/\/uj.adatbank.ro\/lexikon\/termek\/szilagyi-margit-%c2%a7-margareta-bardos\/","title":{"rendered":"SZIL\u00c1GYI Margit, \u00a7 Margareta, B\u00e1rdos"},"content":{"rendered":"<p>Mv.?, 1926.? \u2020 Mv., 1991. \u00e1pr. 20.: el\u0151ad\u00f3tan\u00e1r, tanfel\u00fcgyel\u0151. \u2013 Iskol\u00e1it Mv.-en kezdte, majd Sz\u00e9kelyudvarhelyen (1940\u201344), az utols\u00f3 \u00e9vet Mv.-en fejezte be, tan\u00edt\u00f3i k\u00e9pes\u00edt\u00e9st szerzett, Kv.-on a BTE-en k\u00f6zgazdas\u00e1got \u00e9s jogot v\u00e9gzett (1950), majd a t\u00f6rt\u00e9nelem \u00e9s filoz\u00f3fia szakot is elv\u00e9gezte (1955) \u00e9s Buk.-ben a \u015etefan Gheorghiu fels\u0151fok\u00fa P\u00e1rtiskol\u00e1t is (1958). \u00c1kosfalv\u00e1n, Koronk\u00e1ban \u00e9s Ny\u00e1r\u00e1dszered\u00e1n volt tan\u00edt\u00f3n\u0151 (1944\u201349). Mv.-en az Unirea L\u00edc. (1949\u201350), az Encsel M\u00f3r Szak-\u00e9s Mesterk\u00e9pz\u0151 Iskol\u00e1ban volt tan\u00e1r (1952\u201358) \u00e9s egyben MAT f\u0151tanfel\u00fcgyel\u0151je is, h. f\u0151tanfel\u00fcgyel\u0151 (1958\u201361), a MAT-i N\u00e9ptan\u00e1cs Tan\u00fcgyi \u00e9s M\u0171vel\u0151d\u00e9si Oszt\u00e1ly\u00e1nak vezet\u0151je (1959\u2013). Nev\u00e9hez f\u0171z\u0151dik a mv.-i 3 \u00e9ves Pedag\u00f3giai F\u0151iskola megalap\u00edt\u00e1sa, amelynek rektora (1961\u201367), el\u0151ad\u00f3 tan\u00e1ra, a politikai gazdas\u00e1gtant tan\u00edtotta m\u00edg nyugd\u00edjba vonult (1961\u201383). \u2013 <strong>F. m.<\/strong>: Dezvoltarea industrial\u0103 a jude\u0163ului Mure\u015f &#8230; (Tg.M., 1971). <br \/><strong>Irod.:<\/strong> Auton\u00f3m magyarok; Bottoni 2008; Dasc\u0103li mure\u015feni, 2; [Nekrol\u00f3g] (N\u00fa., 1991. \u00e1pr. 13.); Pop Tofolean \u2013 F\u00fcl\u00f6p; Viharban.<\/br><\/p>\n","protected":false},"excerpt":{"rendered":"<p>Mv.?, 1926.? \u2020 Mv., 1991. \u00e1pr. 20.: el\u0151ad\u00f3tan\u00e1r, tanfel\u00fcgyel\u0151. \u2013 Iskol\u00e1it Mv.-en kezdte, majd Sz\u00e9kelyudvarhelyen (1940\u201344), az utols\u00f3 \u00e9vet Mv.-en fejezte be, tan\u00edt\u00f3i k\u00e9pes\u00edt\u00e9st szerzett, Kv.-on a BTE-en k\u00f6zgazdas\u00e1got \u00e9s jogot v\u00e9gzett (1950), majd a t\u00f6rt\u00e9nelem \u00e9s filoz\u00f3fia szakot is elv\u00e9gezte (1955) \u00e9s Buk.-ben a \u015etefan Gheorghiu fels\u0151fok\u00fa P\u00e1rtiskol\u00e1t is (1958). \u00c1kosfalv\u00e1n, Koronk\u00e1ban \u00e9s Ny\u00e1r\u00e1dszered\u00e1n [&hellip;]<\/p>\n","protected":false},"featured_media":0,"comment_status":"open","ping_status":"closed","template":"","meta":[],"product_brand":[],"product_cat":[137],"product_tag":[],"class_list":{"0":"post-22322","1":"product","2":"type-product","3":"status-publish","5":"product_cat-maros-megyei-eletrajzi-lexikon","7":"first","8":"instock","9":"shipping-taxable","10":"product-type-simple"},"_links":{"self":[{"href":"https:\/\/uj.adatbank.ro\/lexikon\/wp-json\/wp\/v2\/product\/22322","targetHints":{"allow":["GET"]}}],"collection":[{"href":"https:\/\/uj.adatbank.ro\/lexikon\/wp-json\/wp\/v2\/product"}],"about":[{"href":"https:\/\/uj.adatbank.ro\/lexikon\/wp-json\/wp\/v2\/types\/product"}],"replies":[{"embeddable":true,"href":"https:\/\/uj.adatbank.ro\/lexikon\/wp-json\/wp\/v2\/comments?post=22322"}],"wp:attachment":[{"href":"https:\/\/uj.adatbank.ro\/lexikon\/wp-json\/wp\/v2\/media?parent=22322"}],"wp:term":[{"taxonomy":"product_brand","embeddable":true,"href":"https:\/\/uj.adatbank.ro\/lexikon\/wp-json\/wp\/v2\/product_brand?post=22322"},{"taxonomy":"product_cat","embeddable":true,"href":"https:\/\/uj.adatbank.ro\/lexikon\/wp-json\/wp\/v2\/product_cat?post=22322"},{"taxonomy":"product_tag","embeddable":true,"href":"https:\/\/uj.adatbank.ro\/lexikon\/wp-json\/wp\/v2\/product_tag?post=22322"}],"curies":[{"name":"wp","href":"https:\/\/api.w.org\/{rel}","templated":true}]}}