{"id":22325,"date":"2025-07-22T19:57:00","date_gmt":"2025-07-22T17:57:00","guid":{"rendered":"https:\/\/uj.adatbank.ro\/lexikon\/termek\/szilagyi-mihaly-akosfalvi-3\/"},"modified":"2025-07-22T19:57:00","modified_gmt":"2025-07-22T17:57:00","slug":"szilagyi-mihaly-akosfalvi-3","status":"publish","type":"product","link":"https:\/\/uj.adatbank.ro\/lexikon\/termek\/szilagyi-mihaly-akosfalvi-3\/","title":{"rendered":"SZIL\u00c1GYI Mih\u00e1ly, \u00e1kosfalvi"},"content":{"rendered":"<p>? \u2020 D\u00e9s, 1787. jan. 26: pap. \u2013 Mv.-en tanult (1763\u201365. j\u00fal. 24.), k\u00f6nyvt\u00e1ros, tanulm\u00e1nyait Marburgban (1766) \u00e9s Franekerben (1772) folytatta. Pap D\u00e9sen. \u2013 <strong>F. m.<\/strong>: Halotti besz\u00e9d nagyenyedi Sal\u00e1nki Imre felett, 1785. okt. 16. (Kv., 1787). <br \/><strong>Irod.:<\/strong> Farcz\u00e1dy Elek: A marosv\u00e1s\u00e1rhelyi Bolyai tudom\u00e1nyos k\u00f6nyvt\u00e1r = Eml\u00e9kk. K.L. 80; Halotti besz\u00e9dek; Koncz: MKSZ; Szab\u00f3\u2013Sz\u00f6gi.<\/br><\/p>\n","protected":false},"excerpt":{"rendered":"<p>? \u2020 D\u00e9s, 1787. jan. 26: pap. \u2013 Mv.-en tanult (1763\u201365. j\u00fal. 24.), k\u00f6nyvt\u00e1ros, tanulm\u00e1nyait Marburgban (1766) \u00e9s Franekerben (1772) folytatta. Pap D\u00e9sen. \u2013 F. m.: Halotti besz\u00e9d nagyenyedi Sal\u00e1nki Imre felett, 1785. okt. 16. (Kv., 1787). Irod.: Farcz\u00e1dy Elek: A marosv\u00e1s\u00e1rhelyi Bolyai tudom\u00e1nyos k\u00f6nyvt\u00e1r = Eml\u00e9kk. K.L. 80; Halotti besz\u00e9dek; Koncz: MKSZ; Szab\u00f3\u2013Sz\u00f6gi.<\/p>\n","protected":false},"featured_media":0,"comment_status":"open","ping_status":"closed","template":"","meta":[],"product_brand":[],"product_cat":[137],"product_tag":[],"class_list":{"0":"post-22325","1":"product","2":"type-product","3":"status-publish","5":"product_cat-maros-megyei-eletrajzi-lexikon","7":"first","8":"instock","9":"shipping-taxable","10":"product-type-simple"},"_links":{"self":[{"href":"https:\/\/uj.adatbank.ro\/lexikon\/wp-json\/wp\/v2\/product\/22325","targetHints":{"allow":["GET"]}}],"collection":[{"href":"https:\/\/uj.adatbank.ro\/lexikon\/wp-json\/wp\/v2\/product"}],"about":[{"href":"https:\/\/uj.adatbank.ro\/lexikon\/wp-json\/wp\/v2\/types\/product"}],"replies":[{"embeddable":true,"href":"https:\/\/uj.adatbank.ro\/lexikon\/wp-json\/wp\/v2\/comments?post=22325"}],"wp:attachment":[{"href":"https:\/\/uj.adatbank.ro\/lexikon\/wp-json\/wp\/v2\/media?parent=22325"}],"wp:term":[{"taxonomy":"product_brand","embeddable":true,"href":"https:\/\/uj.adatbank.ro\/lexikon\/wp-json\/wp\/v2\/product_brand?post=22325"},{"taxonomy":"product_cat","embeddable":true,"href":"https:\/\/uj.adatbank.ro\/lexikon\/wp-json\/wp\/v2\/product_cat?post=22325"},{"taxonomy":"product_tag","embeddable":true,"href":"https:\/\/uj.adatbank.ro\/lexikon\/wp-json\/wp\/v2\/product_tag?post=22325"}],"curies":[{"name":"wp","href":"https:\/\/api.w.org\/{rel}","templated":true}]}}