{"id":22328,"date":"2025-07-22T19:57:06","date_gmt":"2025-07-22T17:57:06","guid":{"rendered":"https:\/\/uj.adatbank.ro\/lexikon\/termek\/szilagyi-nagy-daniel\/"},"modified":"2025-07-22T19:57:06","modified_gmt":"2025-07-22T17:57:06","slug":"szilagyi-nagy-daniel","status":"publish","type":"product","link":"https:\/\/uj.adatbank.ro\/lexikon\/termek\/szilagyi-nagy-daniel\/","title":{"rendered":"SZIL\u00c1GYI NAGY D\u00e1niel"},"content":{"rendered":"<p>1784., \u2020 Mv., 1860.: v\u00e1rosi szen\u00e1tor, inspektor, lev\u00e9lt\u00e1ros. \u2013 Feles\u00e9ge: Borosnyai Luk\u00e1cs Zsuzs\u00e1nna (1806? \u2013 Mv., 1890. jan. 15.). Gyermekeik: Sz. N. M\u00e1ria Pataky J\u00f3zsefn\u00e9; dr. Sz. N. S\u00e1ndor, feles\u00e9ge Szentp\u00e1li Berta; Sz. N. Anna Moln\u00e1r J\u00e1nosn\u00e9. \u2013 Tev\u00e9keny r\u00e9szt vett a v\u00e1rosvezet\u00e9sben, v\u00e1rosi szen\u00e1tor (1810\u2013), inspektor, lev\u00e9lt\u00e1ros, a ref. egyh\u00e1z kur\u00e1tora \u00e9s f\u0151perceptora. A v\u00e1rosi lev\u00e9lt\u00e1rat hozz\u00e1\u00e9rt\u00e9ssel kezelte, rendezte \u00e9s \u00e9vsz\u00e1m szerint csoportos\u00edtotta. A v\u00e1ros lev\u00e9lt\u00e1r\u00e1t felt\u00f6rve tal\u00e1lta (1813. febr. 3). A l\u00e1d\u00e1kat, leveleket felt\u00fart\u00e1k, okm\u00e1nyok hi\u00e1nyoztak \u00e9s t\u00f6bb mint 100 frt. arany \u00e9s ez\u00fcstp\u00e9nzt vittek el. Aug.-ban letart\u00f3ztatt\u00e1k Porkol\u00e1b Gazda Gy\u00f6rgy\u00f6t mint gyan\u00fas\u00edtottat. Amikor az osztr\u00e1k hadak a v\u00e1rosba vonultak (1848. nov.), mint az osztr\u00e1kok bizalmi embere a v\u00e9rb\u00edr\u00f3s\u00e1g tagjak\u00e9nt sok \u00e1rtatlant meghurcolt, Bem diadalmas bevonul\u00e1sa ut\u00e1n (1849. jan. 14) tan\u00e1cstags\u00e1g\u00e1t\u00f3l megfosztott\u00e1k. <br \/><strong>Irod.:<\/strong> Gy\u00e1szjelent\u0151; Id\u0151t\u00e1r 2; Kr\u00f3n. F\u00fcz. (1939. 4\/5); P\u00e1l-Antal 2006.<\/br><\/p>\n","protected":false},"excerpt":{"rendered":"<p>1784., \u2020 Mv., 1860.: v\u00e1rosi szen\u00e1tor, inspektor, lev\u00e9lt\u00e1ros. \u2013 Feles\u00e9ge: Borosnyai Luk\u00e1cs Zsuzs\u00e1nna (1806? \u2013 Mv., 1890. jan. 15.). Gyermekeik: Sz. N. M\u00e1ria Pataky J\u00f3zsefn\u00e9; dr. Sz. N. S\u00e1ndor, feles\u00e9ge Szentp\u00e1li Berta; Sz. N. Anna Moln\u00e1r J\u00e1nosn\u00e9. \u2013 Tev\u00e9keny r\u00e9szt vett a v\u00e1rosvezet\u00e9sben, v\u00e1rosi szen\u00e1tor (1810\u2013), inspektor, lev\u00e9lt\u00e1ros, a ref. egyh\u00e1z kur\u00e1tora \u00e9s f\u0151perceptora. A [&hellip;]<\/p>\n","protected":false},"featured_media":0,"comment_status":"open","ping_status":"closed","template":"","meta":[],"product_brand":[],"product_cat":[137],"product_tag":[],"class_list":{"0":"post-22328","1":"product","2":"type-product","3":"status-publish","5":"product_cat-maros-megyei-eletrajzi-lexikon","7":"first","8":"instock","9":"shipping-taxable","10":"product-type-simple"},"_links":{"self":[{"href":"https:\/\/uj.adatbank.ro\/lexikon\/wp-json\/wp\/v2\/product\/22328","targetHints":{"allow":["GET"]}}],"collection":[{"href":"https:\/\/uj.adatbank.ro\/lexikon\/wp-json\/wp\/v2\/product"}],"about":[{"href":"https:\/\/uj.adatbank.ro\/lexikon\/wp-json\/wp\/v2\/types\/product"}],"replies":[{"embeddable":true,"href":"https:\/\/uj.adatbank.ro\/lexikon\/wp-json\/wp\/v2\/comments?post=22328"}],"wp:attachment":[{"href":"https:\/\/uj.adatbank.ro\/lexikon\/wp-json\/wp\/v2\/media?parent=22328"}],"wp:term":[{"taxonomy":"product_brand","embeddable":true,"href":"https:\/\/uj.adatbank.ro\/lexikon\/wp-json\/wp\/v2\/product_brand?post=22328"},{"taxonomy":"product_cat","embeddable":true,"href":"https:\/\/uj.adatbank.ro\/lexikon\/wp-json\/wp\/v2\/product_cat?post=22328"},{"taxonomy":"product_tag","embeddable":true,"href":"https:\/\/uj.adatbank.ro\/lexikon\/wp-json\/wp\/v2\/product_tag?post=22328"}],"curies":[{"name":"wp","href":"https:\/\/api.w.org\/{rel}","templated":true}]}}

SZILÁGYI NAGY Dániel

<p>1784., † Mv., 1860.: városi szenátor, inspektor, levéltáros. – Felesége: Borosnyai Lukács Zsuzsánna (1806? – Mv., 1890. jan. 15.). Gyermekeik: Sz. N. Mária Pataky Józsefné; dr. Sz. N. Sándor, felesége Szentpáli Berta; Sz. N. Anna Molnár Jánosné. – Tevékeny részt vett a városvezetésben, városi szenátor (1810–), inspektor, levéltáros, a ref. egyház kurátora és főperceptora. A városi levéltárat hozzáértéssel kezelte, rendezte és évszám szerint csoportosította. A város levéltárát feltörve találta (1813. febr. 3). A ládákat, leveleket feltúrták, okmányok hiányoztak és több mint 100 frt. arany és ezüstpénzt vittek el. Aug.-ban letartóztatták Porkoláb Gazda Györgyöt mint gyanúsítottat. Amikor az osztrák hadak a városba vonultak (1848. nov.), mint az osztrákok bizalmi embere a vérbíróság tagjaként sok ártatlant meghurcolt, Bem diadalmas bevonulása után (1849. jan. 14) tanácstagságától megfosztották. <br /><strong>Irod.:</strong> Gyászjelentő; Időtár 2; Krón. Füz. (1939. 4/5); Pál-Antal 2006.</br></p>

<p>1784., † Mv., 1860.: városi szenátor, inspektor, levéltáros. – Felesége: Borosnyai Lukács Zsuzsánna (1806? – Mv., 1890. jan. 15.). Gyermekeik: Sz. N. Mária Pataky Józsefné; dr. Sz. N. Sándor, felesége Szentpáli Berta; Sz. N. Anna Molnár Jánosné. – Tevékeny részt vett a városvezetésben, városi szenátor (1810–), inspektor, levéltáros, a ref. egyház kurátora és főperceptora. A [&hellip;]</p>
