{"id":2233,"date":"2025-06-28T12:07:46","date_gmt":"2025-06-28T10:07:46","guid":{"rendered":"https:\/\/uj.adatbank.ro\/lexikon\/termek\/banyai-geza\/"},"modified":"2025-06-28T12:07:46","modified_gmt":"2025-06-28T10:07:46","slug":"banyai-geza","status":"publish","type":"product","link":"https:\/\/uj.adatbank.ro\/lexikon\/termek\/banyai-geza\/","title":{"rendered":"B\u00c1NYAI G\u00e9za"},"content":{"rendered":"<p>? \u2020\u00a0? : m\u00e9sz\u00e1ros, vend\u00e9gl\u0151s. \u2013 Mv.-en hajdan\u00e1ban szerepet j\u00e1tsz\u00f3 B. vend\u00e9gl\u0151s, h\u00fasiparos, m\u00e9sz\u00e1ros csal\u00e1d egyik tagja, utols\u00f3 tulajdonosa volt a Papp Zsigmond \u00e9p\u00edtette palot\u00e1nak (1898, a Bolyai u. \u00e9s F\u0151t\u00e9r sark\u00e1n, 45. sz.). Megv\u00e1s\u00e1rolta (1918) ez\u00e9rt B\u00e1nyai palot\u00e1nak nevezte a k\u00f6znyelv. Palot\u00e1j\u00e1ban Bertia \u00e9s Dobrota tartottak egy darabig vend\u00e9gl\u0151t Berd\u00f3 n\u00e9ven, de p\u00e1r \u00e9v m\u00falva megbuktak. A Bolyai utca fel\u00e9 es\u0151 r\u00e9szen ruh\u00e1sboltot nyitottak, a t\u00fals\u00f3 fel\u00e9n a G\u00e1lfi cukr\u00e1szda volt, az els\u0151 emeleten Szalkay Pityi t\u00e1nciskol\u00e1ja volt, valamin a Biztos\u00edt\u00f3 t\u00e1rsas\u00e1gnak is helyet adott. Ma sz\u00e1lloda. <br \/><strong>Irod.:<\/strong> Id\u0151t\u00e1r 2; Keresztes Gyula: A f\u0151t\u00e9ri h\u00e1zak (N\u00fa., 1991. \u00e1pr. 20.); Sipos<\/br><\/p>\n","protected":false},"excerpt":{"rendered":"<p>? \u2020\u00a0? : m\u00e9sz\u00e1ros, vend\u00e9gl\u0151s. \u2013 Mv.-en hajdan\u00e1ban szerepet j\u00e1tsz\u00f3 B. vend\u00e9gl\u0151s, h\u00fasiparos, m\u00e9sz\u00e1ros csal\u00e1d egyik tagja, utols\u00f3 tulajdonosa volt a Papp Zsigmond \u00e9p\u00edtette palot\u00e1nak (1898, a Bolyai u. \u00e9s F\u0151t\u00e9r sark\u00e1n, 45. sz.). Megv\u00e1s\u00e1rolta (1918) ez\u00e9rt B\u00e1nyai palot\u00e1nak nevezte a k\u00f6znyelv. Palot\u00e1j\u00e1ban Bertia \u00e9s Dobrota tartottak egy darabig vend\u00e9gl\u0151t Berd\u00f3 n\u00e9ven, de p\u00e1r \u00e9v [&hellip;]<\/p>\n","protected":false},"featured_media":0,"comment_status":"open","ping_status":"closed","template":"","meta":[],"product_brand":[],"product_cat":[137],"product_tag":[],"class_list":{"0":"post-2233","1":"product","2":"type-product","3":"status-publish","5":"product_cat-maros-megyei-eletrajzi-lexikon","7":"first","8":"instock","9":"shipping-taxable","10":"product-type-simple"},"_links":{"self":[{"href":"https:\/\/uj.adatbank.ro\/lexikon\/wp-json\/wp\/v2\/product\/2233","targetHints":{"allow":["GET"]}}],"collection":[{"href":"https:\/\/uj.adatbank.ro\/lexikon\/wp-json\/wp\/v2\/product"}],"about":[{"href":"https:\/\/uj.adatbank.ro\/lexikon\/wp-json\/wp\/v2\/types\/product"}],"replies":[{"embeddable":true,"href":"https:\/\/uj.adatbank.ro\/lexikon\/wp-json\/wp\/v2\/comments?post=2233"}],"wp:attachment":[{"href":"https:\/\/uj.adatbank.ro\/lexikon\/wp-json\/wp\/v2\/media?parent=2233"}],"wp:term":[{"taxonomy":"product_brand","embeddable":true,"href":"https:\/\/uj.adatbank.ro\/lexikon\/wp-json\/wp\/v2\/product_brand?post=2233"},{"taxonomy":"product_cat","embeddable":true,"href":"https:\/\/uj.adatbank.ro\/lexikon\/wp-json\/wp\/v2\/product_cat?post=2233"},{"taxonomy":"product_tag","embeddable":true,"href":"https:\/\/uj.adatbank.ro\/lexikon\/wp-json\/wp\/v2\/product_tag?post=2233"}],"curies":[{"name":"wp","href":"https:\/\/api.w.org\/{rel}","templated":true}]}}

BÁNYAI Géza

<p>? † ? : mészáros, vendéglős. – Mv.-en hajdanában szerepet játszó B. vendéglős, húsiparos, mészáros család egyik tagja, utolsó tulajdonosa volt a Papp Zsigmond építette palotának (1898, a Bolyai u. és Főtér sarkán, 45. sz.). Megvásárolta (1918) ezért Bányai palotának nevezte a köznyelv. Palotájában Bertia és Dobrota tartottak egy darabig vendéglőt Berdó néven, de pár év múlva megbuktak. A Bolyai utca felé eső részen ruhásboltot nyitottak, a túlsó felén a Gálfi cukrászda volt, az első emeleten Szalkay Pityi tánciskolája volt, valamin a Biztosító társaságnak is helyet adott. Ma szálloda. <br /><strong>Irod.:</strong> Időtár 2; Keresztes Gyula: A főtéri házak (Nú., 1991. ápr. 20.); Sipos</br></p>

<p>? † ? : mészáros, vendéglős. – Mv.-en hajdanában szerepet játszó B. vendéglős, húsiparos, mészáros család egyik tagja, utolsó tulajdonosa volt a Papp Zsigmond építette palotának (1898, a Bolyai u. és Főtér sarkán, 45. sz.). Megvásárolta (1918) ezért Bányai palotának nevezte a köznyelv. Palotájában Bertia és Dobrota tartottak egy darabig vendéglőt Berdó néven, de pár év [&hellip;]</p>
