{"id":22332,"date":"2025-07-22T19:57:14","date_gmt":"2025-07-22T17:57:14","guid":{"rendered":"https:\/\/uj.adatbank.ro\/lexikon\/termek\/szilagyi-oliver-%c2%a7\/"},"modified":"2025-07-22T19:57:14","modified_gmt":"2025-07-22T17:57:14","slug":"szilagyi-oliver-%c2%a7","status":"publish","type":"product","link":"https:\/\/uj.adatbank.ro\/lexikon\/termek\/szilagyi-oliver-%c2%a7\/","title":{"rendered":"SZIL\u00c1GYI Oliv\u00e9r, \u00a7"},"content":{"rendered":"<p>Mv., 1908. jan. 6., \u2020\u00a0Chicago (USA), 1988. nov. 3.: \u00fcgyv\u00e9d. \u2013 Feles\u00e9ge Kny Vikt\u00f3ria gy\u00f3gyszer\u00e9sz (Bal\u00e1zsfalva, 1901. \u00e1pr. 26. \u2013 Mv., 1985. aug. 23.), Mv.-en maradt \u00e9s itt nevelte fel k\u00e9t fi\u00e1t \u00e9s le\u00e1ny\u00e1t. Fiaik anyjuk hal\u00e1la ut\u00e1n Amerik\u00e1ba t\u00e1voztak, le\u00e1nyuk itt maradt. \u2013 A mv.-i M. Kaszin\u00f3 tagja (1936). Tulajdonjog n\u00e9lk\u00fcli f\u0151munkat\u00e1rs az Erd\u00e9lyi Fiatalok c. lapban (1933\u201340) \u00e9s r\u00e9szt vett a mv.-i est\u00e9lyeinek el\u0151k\u00e9sz\u00edt\u00e9s\u00e9ben (1931, 32, 36.). Az Erd\u00e9lyi Ritkas\u00e1gok el\u0151fizet\u0151je \u00e9s p\u00e1rtfog\u00f3ja. Tanulm\u00e1nyt jelentetett meg a Glasul Minorit\u0103\u0163ilor has\u00e1bjain a rom\u00e1niai m. \u00fcgyv\u00e9dek h\u00e1tr\u00e1nyos helyzet\u00e9r\u0151l (1937). A b\u00e9csi d\u00f6nt\u00e9s ut\u00e1n beh\u00edvott parlamenti k\u00e9pvisel\u0151, a m. ogy. tagja (1942\u2013). A parlamenttel Sopronba menek\u00fclt, onnan nem j\u00f6tt vissza. El\u0151bb Franciao.-ba emigr\u00e1lt, majd Amerik\u00e1ba, New Yorkban K\u00f6vy P\u00e1l, a h\u00edres N\u00e9gy \u00c9vszak nev\u0171 vend\u00e9gl\u0151 tulajdonosa alkalmazta k\u00f6nyvt\u00e1rosnak. <br \/><strong>Irod.:<\/strong> csal\u00e1di inf.; Erd\u00e9lyi Fiatalok; Id\u0151t\u00e1r 3; Molter 3.; Mur\u00e1din J\u00e1nos Krist\u00f3f: \u201eA\u2019 kis magyar vil\u00e1g\u201d politikai keresztmetszete. Az Erd\u00e9lyi P\u00e1rt Maros-Torda v\u00e1rmegyei \u00e9s marosv\u00e1s\u00e1rhelyi v\u00e1rosi szervezete 1940 \u00e9s 1944 k\u00f6z\u00f6tt = Maros megyei t\u00f6rt; Oroszhegyi J\u00f3zsa: Rom\u00e1n \u00e9let (Kv., 1942); Sipos.<\/br><\/p>\n","protected":false},"excerpt":{"rendered":"<p>Mv., 1908. jan. 6., \u2020\u00a0Chicago (USA), 1988. nov. 3.: \u00fcgyv\u00e9d. \u2013 Feles\u00e9ge Kny Vikt\u00f3ria gy\u00f3gyszer\u00e9sz (Bal\u00e1zsfalva, 1901. \u00e1pr. 26. \u2013 Mv., 1985. aug. 23.), Mv.-en maradt \u00e9s itt nevelte fel k\u00e9t fi\u00e1t \u00e9s le\u00e1ny\u00e1t. Fiaik anyjuk hal\u00e1la ut\u00e1n Amerik\u00e1ba t\u00e1voztak, le\u00e1nyuk itt maradt. \u2013 A mv.-i M. Kaszin\u00f3 tagja (1936). Tulajdonjog n\u00e9lk\u00fcli f\u0151munkat\u00e1rs az Erd\u00e9lyi [&hellip;]<\/p>\n","protected":false},"featured_media":0,"comment_status":"open","ping_status":"closed","template":"","meta":[],"product_brand":[],"product_cat":[137],"product_tag":[],"class_list":{"0":"post-22332","1":"product","2":"type-product","3":"status-publish","5":"product_cat-maros-megyei-eletrajzi-lexikon","7":"first","8":"instock","9":"shipping-taxable","10":"product-type-simple"},"_links":{"self":[{"href":"https:\/\/uj.adatbank.ro\/lexikon\/wp-json\/wp\/v2\/product\/22332","targetHints":{"allow":["GET"]}}],"collection":[{"href":"https:\/\/uj.adatbank.ro\/lexikon\/wp-json\/wp\/v2\/product"}],"about":[{"href":"https:\/\/uj.adatbank.ro\/lexikon\/wp-json\/wp\/v2\/types\/product"}],"replies":[{"embeddable":true,"href":"https:\/\/uj.adatbank.ro\/lexikon\/wp-json\/wp\/v2\/comments?post=22332"}],"wp:attachment":[{"href":"https:\/\/uj.adatbank.ro\/lexikon\/wp-json\/wp\/v2\/media?parent=22332"}],"wp:term":[{"taxonomy":"product_brand","embeddable":true,"href":"https:\/\/uj.adatbank.ro\/lexikon\/wp-json\/wp\/v2\/product_brand?post=22332"},{"taxonomy":"product_cat","embeddable":true,"href":"https:\/\/uj.adatbank.ro\/lexikon\/wp-json\/wp\/v2\/product_cat?post=22332"},{"taxonomy":"product_tag","embeddable":true,"href":"https:\/\/uj.adatbank.ro\/lexikon\/wp-json\/wp\/v2\/product_tag?post=22332"}],"curies":[{"name":"wp","href":"https:\/\/api.w.org\/{rel}","templated":true}]}}

SZILÁGYI Olivér, §

<p>Mv., 1908. jan. 6., † Chicago (USA), 1988. nov. 3.: ügyvéd. – Felesége Kny Viktória gyógyszerész (Balázsfalva, 1901. ápr. 26. – Mv., 1985. aug. 23.), Mv.-en maradt és itt nevelte fel két fiát és leányát. Fiaik anyjuk halála után Amerikába távoztak, leányuk itt maradt. – A mv.-i M. Kaszinó tagja (1936). Tulajdonjog nélküli főmunkatárs az Erdélyi Fiatalok c. lapban (1933–40) és részt vett a mv.-i estélyeinek előkészítésében (1931, 32, 36.). Az Erdélyi Ritkaságok előfizetője és pártfogója. Tanulmányt jelentetett meg a Glasul Minorităţilor hasábjain a romániai m. ügyvédek hátrányos helyzetéről (1937). A bécsi döntés után behívott parlamenti képviselő, a m. ogy. tagja (1942–). A parlamenttel Sopronba menekült, onnan nem jött vissza. Előbb Franciao.-ba emigrált, majd Amerikába, New Yorkban Kövy Pál, a híres Négy Évszak nevű vendéglő tulajdonosa alkalmazta könyvtárosnak. <br /><strong>Irod.:</strong> családi inf.; Erdélyi Fiatalok; Időtár 3; Molter 3.; Murádin János Kristóf: „A’ kis magyar világ” politikai keresztmetszete. Az Erdélyi Párt Maros-Torda vármegyei és marosvásárhelyi városi szervezete 1940 és 1944 között = Maros megyei tört; Oroszhegyi Józsa: Román élet (Kv., 1942); Sipos.</br></p>

<p>Mv., 1908. jan. 6., † Chicago (USA), 1988. nov. 3.: ügyvéd. – Felesége Kny Viktória gyógyszerész (Balázsfalva, 1901. ápr. 26. – Mv., 1985. aug. 23.), Mv.-en maradt és itt nevelte fel két fiát és leányát. Fiaik anyjuk halála után Amerikába távoztak, leányuk itt maradt. – A mv.-i M. Kaszinó tagja (1936). Tulajdonjog nélküli főmunkatárs az Erdélyi [&hellip;]</p>
