{"id":22333,"date":"2025-07-22T19:57:15","date_gmt":"2025-07-22T17:57:15","guid":{"rendered":"https:\/\/uj.adatbank.ro\/lexikon\/termek\/szilagyi-peres-gergely\/"},"modified":"2025-07-22T19:57:15","modified_gmt":"2025-07-22T17:57:15","slug":"szilagyi-peres-gergely","status":"publish","type":"product","link":"https:\/\/uj.adatbank.ro\/lexikon\/termek\/szilagyi-peres-gergely\/","title":{"rendered":"SZIL\u00c1GYI PERES Gergely"},"content":{"rendered":"<p>Marosudvarfalva, 1902., \u2020?: gazd\u00e1lkod\u00f3. \u2013 Kor\u00e1n \u00e1rvas\u00e1gra jutott, adopt\u00e1lta Sz. J\u00e1nos, aki mellett gazd\u00e1lkodni tanult, majd \u00f6n\u00e1ll\u00f3 lett Harc\u00f3ban (1926\u2013), ahol a k\u00f6zs\u00e9g tekint\u00e9lyes polg\u00e1ra, a MP tagja volt, presbiter. <br \/><strong>Irod.:<\/strong> Sz\u00e9kelyf\u00f6ld \u00ed. k.<\/br><\/p>\n","protected":false},"excerpt":{"rendered":"<p>Marosudvarfalva, 1902., \u2020?: gazd\u00e1lkod\u00f3. \u2013 Kor\u00e1n \u00e1rvas\u00e1gra jutott, adopt\u00e1lta Sz. J\u00e1nos, aki mellett gazd\u00e1lkodni tanult, majd \u00f6n\u00e1ll\u00f3 lett Harc\u00f3ban (1926\u2013), ahol a k\u00f6zs\u00e9g tekint\u00e9lyes polg\u00e1ra, a MP tagja volt, presbiter. Irod.: Sz\u00e9kelyf\u00f6ld \u00ed. k.<\/p>\n","protected":false},"featured_media":0,"comment_status":"open","ping_status":"closed","template":"","meta":[],"product_brand":[],"product_cat":[137],"product_tag":[],"class_list":{"0":"post-22333","1":"product","2":"type-product","3":"status-publish","5":"product_cat-maros-megyei-eletrajzi-lexikon","7":"first","8":"instock","9":"shipping-taxable","10":"product-type-simple"},"_links":{"self":[{"href":"https:\/\/uj.adatbank.ro\/lexikon\/wp-json\/wp\/v2\/product\/22333","targetHints":{"allow":["GET"]}}],"collection":[{"href":"https:\/\/uj.adatbank.ro\/lexikon\/wp-json\/wp\/v2\/product"}],"about":[{"href":"https:\/\/uj.adatbank.ro\/lexikon\/wp-json\/wp\/v2\/types\/product"}],"replies":[{"embeddable":true,"href":"https:\/\/uj.adatbank.ro\/lexikon\/wp-json\/wp\/v2\/comments?post=22333"}],"wp:attachment":[{"href":"https:\/\/uj.adatbank.ro\/lexikon\/wp-json\/wp\/v2\/media?parent=22333"}],"wp:term":[{"taxonomy":"product_brand","embeddable":true,"href":"https:\/\/uj.adatbank.ro\/lexikon\/wp-json\/wp\/v2\/product_brand?post=22333"},{"taxonomy":"product_cat","embeddable":true,"href":"https:\/\/uj.adatbank.ro\/lexikon\/wp-json\/wp\/v2\/product_cat?post=22333"},{"taxonomy":"product_tag","embeddable":true,"href":"https:\/\/uj.adatbank.ro\/lexikon\/wp-json\/wp\/v2\/product_tag?post=22333"}],"curies":[{"name":"wp","href":"https:\/\/api.w.org\/{rel}","templated":true}]}}