{"id":22335,"date":"2025-07-22T19:57:21","date_gmt":"2025-07-22T17:57:21","guid":{"rendered":"https:\/\/uj.adatbank.ro\/lexikon\/termek\/szilagyi-samuel\/"},"modified":"2025-07-22T19:57:21","modified_gmt":"2025-07-22T17:57:21","slug":"szilagyi-samuel","status":"publish","type":"product","link":"https:\/\/uj.adatbank.ro\/lexikon\/termek\/szilagyi-samuel\/","title":{"rendered":"SZIL\u00c1GYI S\u00e1muel"},"content":{"rendered":"<p>? \u2020\u00a0Mv., 1660. j\u00fan.: udvarb\u00edr\u00f3. \u2013 G\u00f6rg\u00e9nyben volt udvarb\u00edr\u00f3. R\u00e1k\u00f3czi Gy\u00f6rgy h\u00edve, Barcsai G\u00e1sp\u00e1r V\u00e1s\u00e1rhelyre hozatta \u00e9s \u00edt\u00e9ltet n\u00e9lk\u00fcl kiv\u00e9geztette Mv.-en. <br \/><strong>Irod.:<\/strong> Id\u0151t\u00e1r 1; Marossz\u00e9ki kr\u00f3nik\u00e1k 1.<\/br><\/p>\n","protected":false},"excerpt":{"rendered":"<p>? \u2020\u00a0Mv., 1660. j\u00fan.: udvarb\u00edr\u00f3. \u2013 G\u00f6rg\u00e9nyben volt udvarb\u00edr\u00f3. R\u00e1k\u00f3czi Gy\u00f6rgy h\u00edve, Barcsai G\u00e1sp\u00e1r V\u00e1s\u00e1rhelyre hozatta \u00e9s \u00edt\u00e9ltet n\u00e9lk\u00fcl kiv\u00e9geztette Mv.-en. Irod.: Id\u0151t\u00e1r 1; Marossz\u00e9ki kr\u00f3nik\u00e1k 1.<\/p>\n","protected":false},"featured_media":0,"comment_status":"open","ping_status":"closed","template":"","meta":[],"product_brand":[],"product_cat":[137],"product_tag":[],"class_list":{"0":"post-22335","1":"product","2":"type-product","3":"status-publish","5":"product_cat-maros-megyei-eletrajzi-lexikon","7":"first","8":"instock","9":"shipping-taxable","10":"product-type-simple"},"_links":{"self":[{"href":"https:\/\/uj.adatbank.ro\/lexikon\/wp-json\/wp\/v2\/product\/22335","targetHints":{"allow":["GET"]}}],"collection":[{"href":"https:\/\/uj.adatbank.ro\/lexikon\/wp-json\/wp\/v2\/product"}],"about":[{"href":"https:\/\/uj.adatbank.ro\/lexikon\/wp-json\/wp\/v2\/types\/product"}],"replies":[{"embeddable":true,"href":"https:\/\/uj.adatbank.ro\/lexikon\/wp-json\/wp\/v2\/comments?post=22335"}],"wp:attachment":[{"href":"https:\/\/uj.adatbank.ro\/lexikon\/wp-json\/wp\/v2\/media?parent=22335"}],"wp:term":[{"taxonomy":"product_brand","embeddable":true,"href":"https:\/\/uj.adatbank.ro\/lexikon\/wp-json\/wp\/v2\/product_brand?post=22335"},{"taxonomy":"product_cat","embeddable":true,"href":"https:\/\/uj.adatbank.ro\/lexikon\/wp-json\/wp\/v2\/product_cat?post=22335"},{"taxonomy":"product_tag","embeddable":true,"href":"https:\/\/uj.adatbank.ro\/lexikon\/wp-json\/wp\/v2\/product_tag?post=22335"}],"curies":[{"name":"wp","href":"https:\/\/api.w.org\/{rel}","templated":true}]}}