{"id":22337,"date":"2025-07-22T19:57:24","date_gmt":"2025-07-22T17:57:24","guid":{"rendered":"https:\/\/uj.adatbank.ro\/lexikon\/termek\/szilagyi-samuel-nagyenyedi-br\/"},"modified":"2025-07-22T19:57:24","modified_gmt":"2025-07-22T17:57:24","slug":"szilagyi-samuel-nagyenyedi-br","status":"publish","type":"product","link":"https:\/\/uj.adatbank.ro\/lexikon\/termek\/szilagyi-samuel-nagyenyedi-br\/","title":{"rendered":"SZIL\u00c1GYI S\u00e1muel, nagyenyedi br."},"content":{"rendered":"<p>? \u2020 1771. kir t\u00e1blai \u00fcln\u00f6k. \u2013 B\u00e9csben kancell\u00e1riai tisztvisel\u0151 volt, majd t\u00e1blai \u00fcln\u00f6k. Collegium Musicumot szervezett, ahol h\u00e1zi hangversenyeket adtak (1750 k.). A f\u0151korm\u00e1nysz\u00e9k rendelet\u00e9b\u0151l fel\u00e1ll\u00edtott bizotts\u00e1g tagja, amelynek az a feladata, hogy kivizsg\u00e1lja Mv.-en a kih\u00e1g\u00e1sokat, amelyek k\u00f6vetkezt\u00e9ben h\u00f3napok \u00f3ta \u00e9les konfliktus alakult ki a v\u00e1ros vezet\u00e9se \u00e9s a polg\u00e1rok k\u00f6z\u00f6tt (1764). A Constitutio Szilagyiana a v\u00e1ros bels\u0151 \u00e9let\u00e9nek szab\u00e1lyrendszere megalkot\u00f3ja (1764). R\u00e9szt vett a v\u00e1rosi f\u00f6ldek kioszt\u00e1s\u00e1ban \u00e9s a vit\u00e1s \u00fcgyben a tan\u00e1cs ellen, a polg\u00e1rs\u00e1g jav\u00e1ra d\u00f6nt\u00f6tt ez\u00e9rt a szen\u00e1torok bepanaszolt\u00e1k a f\u0151korm\u00e1nysz\u00e9kn\u00e9l. Mv.-en polg\u00e1ri esk\u00fct tett (1769. j\u00fan. 17.). Verseket \u00edrt \u00e9s ford\u00edtott. A Magyar Nyelvm\u00edvel\u0151 T\u00e1rsas\u00e1g \u00fcl\u00e9s\u00e9n el\u0151adt\u00e1k Aranyid\u0151 c. vers\u00e9t, s ki is nyomtatt\u00e1k. A ref. koll.-nak adom\u00e1nyozott 115 \u00e9s 1200 forintot azzal, hogy tehets\u00e9ges, j\u00f3csal\u00e1db\u00f3l val\u00f3 vagy nemesember gyermek\u00e9t abb\u00f3l tan\u00edttass\u00e1k (1771. m\u00e1rc. 1.). \u00c9rem- \u00e9s K\u00f6nyvgy\u0171jtem\u00e9ny\u00e9t Sz\u00e9kely \u00c1d\u00e1m gr.-ra hagyta, aki a Ref. Koll.-nak adom\u00e1nyozta (1772). <br \/><strong>Irod.:<\/strong> Benk\u0151 K.: Mv.; Farcz\u00e1dy Elek: A marosv\u00e1s\u00e1rhelyi Bolyai tudom\u00e1nyos k\u00f6nyvt\u00e1r = Eml\u00e9kk. K.L. 80; Id\u0151t\u00e1r 1; Kov\u00e1sznai; Kr\u00f3n F\u00fcz. (1939. 4\/9); Orb\u00e1n J\u00e1nos: T\u00e1blab\u00edr\u00e1k, f\u0151nemesek, pall\u00e9rok \u00e9s h\u00e1zak: V\u00e1rosk\u00e9p \u00e9s t\u00e1rsadalom v\u00e1ltoz\u00e1sai Mv.-en a Kir\u00e1lyi T\u00e1bla bek\u00f6lt\u00f6z\u00e9se ut\u00e1n [1754] = K\u00f6nyvek \u00e1ltal\u2026; P\u00e1l-Antal 2006.<\/br><\/p>\n","protected":false},"excerpt":{"rendered":"<p>? \u2020 1771. kir t\u00e1blai \u00fcln\u00f6k. \u2013 B\u00e9csben kancell\u00e1riai tisztvisel\u0151 volt, majd t\u00e1blai \u00fcln\u00f6k. Collegium Musicumot szervezett, ahol h\u00e1zi hangversenyeket adtak (1750 k.). A f\u0151korm\u00e1nysz\u00e9k rendelet\u00e9b\u0151l fel\u00e1ll\u00edtott bizotts\u00e1g tagja, amelynek az a feladata, hogy kivizsg\u00e1lja Mv.-en a kih\u00e1g\u00e1sokat, amelyek k\u00f6vetkezt\u00e9ben h\u00f3napok \u00f3ta \u00e9les konfliktus alakult ki a v\u00e1ros vezet\u00e9se \u00e9s a polg\u00e1rok k\u00f6z\u00f6tt (1764). A [&hellip;]<\/p>\n","protected":false},"featured_media":0,"comment_status":"open","ping_status":"closed","template":"","meta":[],"product_brand":[],"product_cat":[137],"product_tag":[],"class_list":{"0":"post-22337","1":"product","2":"type-product","3":"status-publish","5":"product_cat-maros-megyei-eletrajzi-lexikon","7":"first","8":"instock","9":"shipping-taxable","10":"product-type-simple"},"_links":{"self":[{"href":"https:\/\/uj.adatbank.ro\/lexikon\/wp-json\/wp\/v2\/product\/22337","targetHints":{"allow":["GET"]}}],"collection":[{"href":"https:\/\/uj.adatbank.ro\/lexikon\/wp-json\/wp\/v2\/product"}],"about":[{"href":"https:\/\/uj.adatbank.ro\/lexikon\/wp-json\/wp\/v2\/types\/product"}],"replies":[{"embeddable":true,"href":"https:\/\/uj.adatbank.ro\/lexikon\/wp-json\/wp\/v2\/comments?post=22337"}],"wp:attachment":[{"href":"https:\/\/uj.adatbank.ro\/lexikon\/wp-json\/wp\/v2\/media?parent=22337"}],"wp:term":[{"taxonomy":"product_brand","embeddable":true,"href":"https:\/\/uj.adatbank.ro\/lexikon\/wp-json\/wp\/v2\/product_brand?post=22337"},{"taxonomy":"product_cat","embeddable":true,"href":"https:\/\/uj.adatbank.ro\/lexikon\/wp-json\/wp\/v2\/product_cat?post=22337"},{"taxonomy":"product_tag","embeddable":true,"href":"https:\/\/uj.adatbank.ro\/lexikon\/wp-json\/wp\/v2\/product_tag?post=22337"}],"curies":[{"name":"wp","href":"https:\/\/api.w.org\/{rel}","templated":true}]}}

SZILÁGYI Sámuel, nagyenyedi br.

<p>? † 1771. kir táblai ülnök. – Bécsben kancelláriai tisztviselő volt, majd táblai ülnök. Collegium Musicumot szervezett, ahol házi hangversenyeket adtak (1750 k.). A főkormányszék rendeletéből felállított bizottság tagja, amelynek az a feladata, hogy kivizsgálja Mv.-en a kihágásokat, amelyek következtében hónapok óta éles konfliktus alakult ki a város vezetése és a polgárok között (1764). A Constitutio Szilagyiana a város belső életének szabályrendszere megalkotója (1764). Részt vett a városi földek kiosztásában és a vitás ügyben a tanács ellen, a polgárság javára döntött ezért a szenátorok bepanaszolták a főkormányszéknél. Mv.-en polgári esküt tett (1769. jún. 17.). Verseket írt és fordított. A Magyar Nyelvmívelő Társaság ülésén előadták Aranyidő c. versét, s ki is nyomtatták. A ref. koll.-nak adományozott 115 és 1200 forintot azzal, hogy tehetséges, jócsaládból való vagy nemesember gyermekét abból taníttassák (1771. márc. 1.). Érem- és Könyvgyűjteményét Székely Ádám gr.-ra hagyta, aki a Ref. Koll.-nak adományozta (1772). <br /><strong>Irod.:</strong> Benkő K.: Mv.; Farczády Elek: A marosvásárhelyi Bolyai tudományos könyvtár = Emlékk. K.L. 80; Időtár 1; Kovásznai; Krón Füz. (1939. 4/9); Orbán János: Táblabírák, főnemesek, pallérok és házak: Városkép és társadalom változásai Mv.-en a Királyi Tábla beköltözése után [1754] = Könyvek által…; Pál-Antal 2006.</br></p>

<p>? † 1771. kir táblai ülnök. – Bécsben kancelláriai tisztviselő volt, majd táblai ülnök. Collegium Musicumot szervezett, ahol házi hangversenyeket adtak (1750 k.). A főkormányszék rendeletéből felállított bizottság tagja, amelynek az a feladata, hogy kivizsgálja Mv.-en a kihágásokat, amelyek következtében hónapok óta éles konfliktus alakult ki a város vezetése és a polgárok között (1764). A [&hellip;]</p>
