{"id":22354,"date":"2025-07-22T19:58:01","date_gmt":"2025-07-22T17:58:01","guid":{"rendered":"https:\/\/uj.adatbank.ro\/lexikon\/termek\/szilvassy-sandor-cseszeliczki\/"},"modified":"2025-07-22T19:58:01","modified_gmt":"2025-07-22T17:58:01","slug":"szilvassy-sandor-cseszeliczki","status":"publish","type":"product","link":"https:\/\/uj.adatbank.ro\/lexikon\/termek\/szilvassy-sandor-cseszeliczki\/","title":{"rendered":"SZILV\u00c1SSY S\u00e1ndor, cseszeliczki"},"content":{"rendered":"<p>? \u2020?: f\u0151isp\u00e1n. \u2013 Feles\u00e9ge: halm\u00e1gyi Fr\u00f3nius Katalin (1823? \u2013 Dics\u0151szentm\u00e1rton, 1890. dec. 24.). Le\u00e1nyaik: Sz. Zerna cseszeliczki Szilv\u00e1ssy Alad\u00e1rn\u00e9; Sarolta v\u00e1radi \u00e9s micskei Baranyi Lajosn\u00e9. \u2013 Kis-k\u00fck\u00fcll\u0151 vm.-i f\u0151isp\u00e1n (1870\u201375). A K\u00fck\u00fcll\u0151i ref. egyh\u00e1zmegye f\u0151gondnokak\u00e9nt r\u00e9szt vett az Erd\u00e9lyi Ref. Egyh\u00e1zker\u00fclet k\u00f6zgy\u0171l\u00e9s\u00e9n (Kv, 1888).\u00a0A Szilv\u00e1si-h\u00e1z Dics\u0151szentm\u00e1rtonban (1800) \u201eB\u201d kateg\u00f3ri\u00e1s m\u0171eml\u00e9k (Eminescu Mihai 15. sz.) <br \/><strong>Irod.:<\/strong> Dics\u0151szentm\u00e1rton r\u00e9gi arca; Az Erd\u00e9lyi Ref. Egyh\u00e1zker\u00fclet k\u00f6zgy\u0171l\u00e9s\u00e9nek jegyz\u0151k\u00f6nyve (Kv, 1888); Gy\u00e1szjelent\u0151; Mo. f\u0151isp\u00e1njai; Valori mure\u015fene de patrimoniu.<\/br><\/p>\n","protected":false},"excerpt":{"rendered":"<p>? \u2020?: f\u0151isp\u00e1n. \u2013 Feles\u00e9ge: halm\u00e1gyi Fr\u00f3nius Katalin (1823? \u2013 Dics\u0151szentm\u00e1rton, 1890. dec. 24.). Le\u00e1nyaik: Sz. Zerna cseszeliczki Szilv\u00e1ssy Alad\u00e1rn\u00e9; Sarolta v\u00e1radi \u00e9s micskei Baranyi Lajosn\u00e9. \u2013 Kis-k\u00fck\u00fcll\u0151 vm.-i f\u0151isp\u00e1n (1870\u201375). A K\u00fck\u00fcll\u0151i ref. egyh\u00e1zmegye f\u0151gondnokak\u00e9nt r\u00e9szt vett az Erd\u00e9lyi Ref. Egyh\u00e1zker\u00fclet k\u00f6zgy\u0171l\u00e9s\u00e9n (Kv, 1888).\u00a0A Szilv\u00e1si-h\u00e1z Dics\u0151szentm\u00e1rtonban (1800) \u201eB\u201d kateg\u00f3ri\u00e1s m\u0171eml\u00e9k (Eminescu Mihai 15. sz.) [&hellip;]<\/p>\n","protected":false},"featured_media":0,"comment_status":"open","ping_status":"closed","template":"","meta":[],"product_brand":[],"product_cat":[137],"product_tag":[],"class_list":{"0":"post-22354","1":"product","2":"type-product","3":"status-publish","5":"product_cat-maros-megyei-eletrajzi-lexikon","7":"first","8":"instock","9":"shipping-taxable","10":"product-type-simple"},"_links":{"self":[{"href":"https:\/\/uj.adatbank.ro\/lexikon\/wp-json\/wp\/v2\/product\/22354","targetHints":{"allow":["GET"]}}],"collection":[{"href":"https:\/\/uj.adatbank.ro\/lexikon\/wp-json\/wp\/v2\/product"}],"about":[{"href":"https:\/\/uj.adatbank.ro\/lexikon\/wp-json\/wp\/v2\/types\/product"}],"replies":[{"embeddable":true,"href":"https:\/\/uj.adatbank.ro\/lexikon\/wp-json\/wp\/v2\/comments?post=22354"}],"wp:attachment":[{"href":"https:\/\/uj.adatbank.ro\/lexikon\/wp-json\/wp\/v2\/media?parent=22354"}],"wp:term":[{"taxonomy":"product_brand","embeddable":true,"href":"https:\/\/uj.adatbank.ro\/lexikon\/wp-json\/wp\/v2\/product_brand?post=22354"},{"taxonomy":"product_cat","embeddable":true,"href":"https:\/\/uj.adatbank.ro\/lexikon\/wp-json\/wp\/v2\/product_cat?post=22354"},{"taxonomy":"product_tag","embeddable":true,"href":"https:\/\/uj.adatbank.ro\/lexikon\/wp-json\/wp\/v2\/product_tag?post=22354"}],"curies":[{"name":"wp","href":"https:\/\/api.w.org\/{rel}","templated":true}]}}

SZILVÁSSY Sándor, cseszeliczki

<p>? †?: főispán. – Felesége: halmágyi Frónius Katalin (1823? – Dicsőszentmárton, 1890. dec. 24.). Leányaik: Sz. Zerna cseszeliczki Szilvássy Aladárné; Sarolta váradi és micskei Baranyi Lajosné. – Kis-küküllő vm.-i főispán (1870–75). A Küküllői ref. egyházmegye főgondnokaként részt vett az Erdélyi Ref. Egyházkerület közgyűlésén (Kv, 1888). A Szilvási-ház Dicsőszentmártonban (1800) „B” kategóriás műemlék (Eminescu Mihai 15. sz.) <br /><strong>Irod.:</strong> Dicsőszentmárton régi arca; Az Erdélyi Ref. Egyházkerület közgyűlésének jegyzőkönyve (Kv, 1888); Gyászjelentő; Mo. főispánjai; Valori mureşene de patrimoniu.</br></p>

<p>? †?: főispán. – Felesége: halmágyi Frónius Katalin (1823? – Dicsőszentmárton, 1890. dec. 24.). Leányaik: Sz. Zerna cseszeliczki Szilvássy Aladárné; Sarolta váradi és micskei Baranyi Lajosné. – Kis-küküllő vm.-i főispán (1870–75). A Küküllői ref. egyházmegye főgondnokaként részt vett az Erdélyi Ref. Egyházkerület közgyűlésén (Kv, 1888). A Szilvási-ház Dicsőszentmártonban (1800) „B” kategóriás műemlék (Eminescu Mihai 15. sz.) [&hellip;]</p>
