{"id":22357,"date":"2025-07-22T19:58:08","date_gmt":"2025-07-22T17:58:08","guid":{"rendered":"https:\/\/uj.adatbank.ro\/lexikon\/termek\/szilveszter-ferenc\/"},"modified":"2025-07-22T19:58:08","modified_gmt":"2025-07-22T17:58:08","slug":"szilveszter-ferenc","status":"publish","type":"product","link":"https:\/\/uj.adatbank.ro\/lexikon\/termek\/szilveszter-ferenc\/","title":{"rendered":"SZILVESZTER Ferenc"},"content":{"rendered":"<p>K\u00e1szon\u00fajfalu, 1873. okt. 2., \u2020\u00a01931. m\u00e1j. 8.: r. k. pap., hittantan\u00e1r. \u2013 Cs\u00edksomly\u00f3n, Gyulafeh\u00e9rv\u00e1ron \u00e9s a b\u00e9csi P\u00e1zm\u00e1neum (1893\u201396) n\u00f6vend\u00e9kek\u00e9nt tanult. Papp\u00e1 szentelt\u00e9k (1896. j\u00fal. 16.). Gyulafeh\u00e9rv\u00e1ron, a teol\u00f3gi\u00e1n prefektus (1898). F\u0151gimn.-i tan\u00e1r, dr., a mv.-i Katolikus Leg\u00e9nyegylet eln\u00f6ke annak megsz\u0171n\u00e9s\u00e9ig (1906\u20131912). K\u00e9zdiv\u00e1s\u00e1rhelyre helyezt\u00e9k (1909). Tev\u00e9kenys\u00e9g\u00e9t az Iparosok \u00e9s Iparos ifjak k\u00f6re (1912\u201313), majd a Kereszt\u00e9ny Szoci\u00e1lis Egyes\u00fclet-ben (1913\u201314) folytatta, dr. Szab\u00f3 Gy\u00f6rgy f\u0151gimn.-i tan\u00e1r vezet\u00e9s\u00e9vel. <br \/><strong>Irod.:<\/strong> Ferenczi S\u00e1ndor 2009; Id\u0151t\u00e1r 2; Maros-k\u00fck\u00fcll\u0151i f\u0151esp.<\/br><\/p>\n","protected":false},"excerpt":{"rendered":"<p>K\u00e1szon\u00fajfalu, 1873. okt. 2., \u2020\u00a01931. m\u00e1j. 8.: r. k. pap., hittantan\u00e1r. \u2013 Cs\u00edksomly\u00f3n, Gyulafeh\u00e9rv\u00e1ron \u00e9s a b\u00e9csi P\u00e1zm\u00e1neum (1893\u201396) n\u00f6vend\u00e9kek\u00e9nt tanult. Papp\u00e1 szentelt\u00e9k (1896. j\u00fal. 16.). Gyulafeh\u00e9rv\u00e1ron, a teol\u00f3gi\u00e1n prefektus (1898). F\u0151gimn.-i tan\u00e1r, dr., a mv.-i Katolikus Leg\u00e9nyegylet eln\u00f6ke annak megsz\u0171n\u00e9s\u00e9ig (1906\u20131912). K\u00e9zdiv\u00e1s\u00e1rhelyre helyezt\u00e9k (1909). Tev\u00e9kenys\u00e9g\u00e9t az Iparosok \u00e9s Iparos ifjak k\u00f6re (1912\u201313), majd a [&hellip;]<\/p>\n","protected":false},"featured_media":0,"comment_status":"open","ping_status":"closed","template":"","meta":[],"product_brand":[],"product_cat":[137],"product_tag":[],"class_list":{"0":"post-22357","1":"product","2":"type-product","3":"status-publish","5":"product_cat-maros-megyei-eletrajzi-lexikon","7":"first","8":"instock","9":"shipping-taxable","10":"product-type-simple"},"_links":{"self":[{"href":"https:\/\/uj.adatbank.ro\/lexikon\/wp-json\/wp\/v2\/product\/22357","targetHints":{"allow":["GET"]}}],"collection":[{"href":"https:\/\/uj.adatbank.ro\/lexikon\/wp-json\/wp\/v2\/product"}],"about":[{"href":"https:\/\/uj.adatbank.ro\/lexikon\/wp-json\/wp\/v2\/types\/product"}],"replies":[{"embeddable":true,"href":"https:\/\/uj.adatbank.ro\/lexikon\/wp-json\/wp\/v2\/comments?post=22357"}],"wp:attachment":[{"href":"https:\/\/uj.adatbank.ro\/lexikon\/wp-json\/wp\/v2\/media?parent=22357"}],"wp:term":[{"taxonomy":"product_brand","embeddable":true,"href":"https:\/\/uj.adatbank.ro\/lexikon\/wp-json\/wp\/v2\/product_brand?post=22357"},{"taxonomy":"product_cat","embeddable":true,"href":"https:\/\/uj.adatbank.ro\/lexikon\/wp-json\/wp\/v2\/product_cat?post=22357"},{"taxonomy":"product_tag","embeddable":true,"href":"https:\/\/uj.adatbank.ro\/lexikon\/wp-json\/wp\/v2\/product_tag?post=22357"}],"curies":[{"name":"wp","href":"https:\/\/api.w.org\/{rel}","templated":true}]}}

<p>Kászonújfalu, 1873. okt. 2., † 1931. máj. 8.: r. k. pap., hittantanár. – Csíksomlyón, Gyulafehérváron és a bécsi Pázmáneum (1893–96) növendékeként tanult. Pappá szentelték (1896. júl. 16.). Gyulafehérváron, a teológián prefektus (1898). Főgimn.-i tanár, dr., a mv.-i Katolikus Legényegylet elnöke annak megszűnéséig (1906–1912). Kézdivásárhelyre helyezték (1909). Tevékenységét az Iparosok és Iparos ifjak köre (1912–13), majd a Keresztény Szociális Egyesület-ben (1913–14) folytatta, dr. Szabó György főgimn.-i tanár vezetésével. <br /><strong>Irod.:</strong> Ferenczi Sándor 2009; Időtár 2; Maros-küküllői főesp.</br></p>

<p>Kászonújfalu, 1873. okt. 2., † 1931. máj. 8.: r. k. pap., hittantanár. – Csíksomlyón, Gyulafehérváron és a bécsi Pázmáneum (1893–96) növendékeként tanult. Pappá szentelték (1896. júl. 16.). Gyulafehérváron, a teológián prefektus (1898). Főgimn.-i tanár, dr., a mv.-i Katolikus Legényegylet elnöke annak megszűnéséig (1906–1912). Kézdivásárhelyre helyezték (1909). Tevékenységét az Iparosok és Iparos ifjak köre (1912–13), majd a [&hellip;]</p>
