{"id":22358,"date":"2025-07-22T19:58:09","date_gmt":"2025-07-22T17:58:09","guid":{"rendered":"https:\/\/uj.adatbank.ro\/lexikon\/termek\/szilveszter-gyorgy\/"},"modified":"2025-07-22T19:58:09","modified_gmt":"2025-07-22T17:58:09","slug":"szilveszter-gyorgy","status":"publish","type":"product","link":"https:\/\/uj.adatbank.ro\/lexikon\/termek\/szilveszter-gyorgy\/","title":{"rendered":"SZILVESZTER Gy\u00f6rgy"},"content":{"rendered":"<p>Kib\u00e9d, 1915 jan.14 \u2020\u00a0Kib\u00e9d, 2006. febr. 2: ref. lelk\u00e9sz. \u2013 Kor\u00e1n \u00e1rvas\u00e1gra jutott, nevel\u0151apja r\u00e9v\u00e9n Mo.-ra ker\u00fclt. J\u00e1szap\u00e1tiban v\u00e9gezte k\u00f6z\u00e9piskolai tanulm\u00e1nyait, majd Debrecenben a teol\u00f3gi\u00e1t (1933\u20131937). Seg\u00e9dlelk\u00e9szk\u00e9nt Kunhegyesen, Kenderesen, Mez\u0151t\u00faron, T\u00f6r\u00f6kszentmikl\u00f3son \u00e9s D\u00e9vav\u00e1ny\u00e1n szolg\u00e1lt. Ny\u00e1r\u00e1dsely\u00e9be ker\u00fclt (1943 jan.1.\u2013), onnan hurcolt\u00e1k fogolyt\u00e1borba (1944 \u0151sz\u00e9n), de siker\u00fclt megsz\u00f6knie, \u00e9s visszat\u00e9rt Sely\u00e9be. Lelk\u00e9szi teend\u0151i mellett gazd\u00e1lkodott is. Figyelembe vette a h\u00edvei szeg\u00e9nys\u00e9g\u00e9t, \u00e9s lemondott a j\u00e1rand\u00f3s\u00e1g\u00e1r\u00f3l (1965). Szolg\u00e1lata ideje alatt az egyh\u00e1znak t\u00f6bb h\u00edve adakozott, \u00e9s nagy elismer\u00e9sben volt r\u00e9sze. Leg\u00e9rt\u00e9kesebb adom\u00e1ny egy harm\u00f3nium (Kacs\u00f3 Kr. B\u00e9nin\u00e9t\u0151l). A vizit\u00e1ci\u00f3k mindig a legnagyobb elismer\u00e9ssel \u00e9rt\u00e9kelt\u00e9k tev\u00e9kenys\u00e9g\u00e9t. Huszonn\u00e9gy \u00e9vi szolg\u00e1lat ut\u00e1n sz\u00fcl\u0151faluja (Kib\u00e9d) h\u00edvta meg lelk\u00e9sz\u00e9nek (1966 jan.1), ahol m\u00e9g h\u00fasz \u00e9vig szolg\u00e1lt nyugd\u00edjaz\u00e1s\u00e1ig (1985). <br \/><strong>Irod.:<\/strong> Ny\u00e1r\u00e1dselye \u00e9s egyh\u00e1zai; Kib\u00e9d 2.<\/br><\/p>\n","protected":false},"excerpt":{"rendered":"<p>Kib\u00e9d, 1915 jan.14 \u2020\u00a0Kib\u00e9d, 2006. febr. 2: ref. lelk\u00e9sz. \u2013 Kor\u00e1n \u00e1rvas\u00e1gra jutott, nevel\u0151apja r\u00e9v\u00e9n Mo.-ra ker\u00fclt. J\u00e1szap\u00e1tiban v\u00e9gezte k\u00f6z\u00e9piskolai tanulm\u00e1nyait, majd Debrecenben a teol\u00f3gi\u00e1t (1933\u20131937). Seg\u00e9dlelk\u00e9szk\u00e9nt Kunhegyesen, Kenderesen, Mez\u0151t\u00faron, T\u00f6r\u00f6kszentmikl\u00f3son \u00e9s D\u00e9vav\u00e1ny\u00e1n szolg\u00e1lt. Ny\u00e1r\u00e1dsely\u00e9be ker\u00fclt (1943 jan.1.\u2013), onnan hurcolt\u00e1k fogolyt\u00e1borba (1944 \u0151sz\u00e9n), de siker\u00fclt megsz\u00f6knie, \u00e9s visszat\u00e9rt Sely\u00e9be. Lelk\u00e9szi teend\u0151i mellett gazd\u00e1lkodott is. Figyelembe [&hellip;]<\/p>\n","protected":false},"featured_media":0,"comment_status":"open","ping_status":"closed","template":"","meta":[],"product_brand":[],"product_cat":[137],"product_tag":[],"class_list":{"0":"post-22358","1":"product","2":"type-product","3":"status-publish","5":"product_cat-maros-megyei-eletrajzi-lexikon","7":"first","8":"instock","9":"shipping-taxable","10":"product-type-simple"},"_links":{"self":[{"href":"https:\/\/uj.adatbank.ro\/lexikon\/wp-json\/wp\/v2\/product\/22358","targetHints":{"allow":["GET"]}}],"collection":[{"href":"https:\/\/uj.adatbank.ro\/lexikon\/wp-json\/wp\/v2\/product"}],"about":[{"href":"https:\/\/uj.adatbank.ro\/lexikon\/wp-json\/wp\/v2\/types\/product"}],"replies":[{"embeddable":true,"href":"https:\/\/uj.adatbank.ro\/lexikon\/wp-json\/wp\/v2\/comments?post=22358"}],"wp:attachment":[{"href":"https:\/\/uj.adatbank.ro\/lexikon\/wp-json\/wp\/v2\/media?parent=22358"}],"wp:term":[{"taxonomy":"product_brand","embeddable":true,"href":"https:\/\/uj.adatbank.ro\/lexikon\/wp-json\/wp\/v2\/product_brand?post=22358"},{"taxonomy":"product_cat","embeddable":true,"href":"https:\/\/uj.adatbank.ro\/lexikon\/wp-json\/wp\/v2\/product_cat?post=22358"},{"taxonomy":"product_tag","embeddable":true,"href":"https:\/\/uj.adatbank.ro\/lexikon\/wp-json\/wp\/v2\/product_tag?post=22358"}],"curies":[{"name":"wp","href":"https:\/\/api.w.org\/{rel}","templated":true}]}}