{"id":2236,"date":"2025-06-28T12:07:52","date_gmt":"2025-06-28T10:07:52","guid":{"rendered":"https:\/\/uj.adatbank.ro\/lexikon\/termek\/banyai-jozsef\/"},"modified":"2025-06-28T12:07:52","modified_gmt":"2025-06-28T10:07:52","slug":"banyai-jozsef","status":"publish","type":"product","link":"https:\/\/uj.adatbank.ro\/lexikon\/termek\/banyai-jozsef\/","title":{"rendered":"B\u00c1NYAI J\u00f3zsef"},"content":{"rendered":"<p>1806.? \u2020\u00a0Mv., 1877. jan. 15.: k\u00e9pvisel\u0151. \u2013 Feles\u00e9ge: Nagy Anna. \u2013 A ref. egyh\u00e1zmegye k\u00e9pvisel\u0151je, a kebli tan\u00e1csnak tagja. <br \/><strong>Irod.:<\/strong> Gy\u00e1szjelent\u0151<\/br><\/p>\n","protected":false},"excerpt":{"rendered":"<p>1806.? \u2020\u00a0Mv., 1877. jan. 15.: k\u00e9pvisel\u0151. \u2013 Feles\u00e9ge: Nagy Anna. \u2013 A ref. egyh\u00e1zmegye k\u00e9pvisel\u0151je, a kebli tan\u00e1csnak tagja. Irod.: Gy\u00e1szjelent\u0151<\/p>\n","protected":false},"featured_media":0,"comment_status":"open","ping_status":"closed","template":"","meta":[],"product_brand":[],"product_cat":[137],"product_tag":[],"class_list":{"0":"post-2236","1":"product","2":"type-product","3":"status-publish","5":"product_cat-maros-megyei-eletrajzi-lexikon","7":"first","8":"instock","9":"shipping-taxable","10":"product-type-simple"},"_links":{"self":[{"href":"https:\/\/uj.adatbank.ro\/lexikon\/wp-json\/wp\/v2\/product\/2236","targetHints":{"allow":["GET"]}}],"collection":[{"href":"https:\/\/uj.adatbank.ro\/lexikon\/wp-json\/wp\/v2\/product"}],"about":[{"href":"https:\/\/uj.adatbank.ro\/lexikon\/wp-json\/wp\/v2\/types\/product"}],"replies":[{"embeddable":true,"href":"https:\/\/uj.adatbank.ro\/lexikon\/wp-json\/wp\/v2\/comments?post=2236"}],"wp:attachment":[{"href":"https:\/\/uj.adatbank.ro\/lexikon\/wp-json\/wp\/v2\/media?parent=2236"}],"wp:term":[{"taxonomy":"product_brand","embeddable":true,"href":"https:\/\/uj.adatbank.ro\/lexikon\/wp-json\/wp\/v2\/product_brand?post=2236"},{"taxonomy":"product_cat","embeddable":true,"href":"https:\/\/uj.adatbank.ro\/lexikon\/wp-json\/wp\/v2\/product_cat?post=2236"},{"taxonomy":"product_tag","embeddable":true,"href":"https:\/\/uj.adatbank.ro\/lexikon\/wp-json\/wp\/v2\/product_tag?post=2236"}],"curies":[{"name":"wp","href":"https:\/\/api.w.org\/{rel}","templated":true}]}}