{"id":22363,"date":"2025-07-22T19:58:19","date_gmt":"2025-07-22T17:58:19","guid":{"rendered":"https:\/\/uj.adatbank.ro\/lexikon\/termek\/szilveszter-sandor\/"},"modified":"2025-07-22T19:58:19","modified_gmt":"2025-07-22T17:58:19","slug":"szilveszter-sandor","status":"publish","type":"product","link":"https:\/\/uj.adatbank.ro\/lexikon\/termek\/szilveszter-sandor\/","title":{"rendered":"SZILVESZTER S\u00e1ndor"},"content":{"rendered":"<p>L\u00f6v\u00e9te, 1917. aug. 9., \u2020?: tisztvisel\u0151. \u2013 A gyulakutai h\u0151er\u0151m\u0171n\u00e9l volt tisztvisel\u0151. Az erd\u0151szentgy\u00f6rgyi 1956-os ellenz\u00e9ki \u00fan. Kisk\u00fck\u00fcll\u0151-menti csoport tagja. Letart\u00f3ztatt\u00e1k (1957. j\u00fal. 29.) \u00e9s a Veress S\u00e1ndor-f\u00e9le szervezked\u00e9sben val\u00f3 r\u00e9szv\u00e9tel miatt (magyar \u00e9s rom\u00e1n nyelven sz\u00e9tk\u00fcld\u00f6tt levelekben pr\u00f3b\u00e1ltak hiteles t\u00e1j\u00e9koztat\u00e1st adni a magyarorsz\u00e1gi forradalom esem\u00e9nyeir\u0151l) a kv.-i Tartom\u00e1nyi Katonai T\u00f6rv\u00e9nysz\u00e9k 6 \u00e9vre \u00edt\u00e9lte \u00e1llamellenes \u00f6sszeesk\u00fcv\u00e9s v\u00e1dj\u00e1val (1957. szept. 9). B\u00f6rt\u00f6n\u00e9veit Jilav\u00e1n \u00e9s Szamos\u00fajv\u00e1ron t\u00f6lt\u00f6tte. Szabadul\u00e1sa (1959. aug.19.) ut\u00e1n a kereskedelemben \u00e9s m\u0171b\u00fatorasztalosk\u00e9nt, k\u00e9s\u0151bb egy mv.-i k\u00f6z\u00e9piskol\u00e1ban dolgozott. Nyugd\u00edjhask\u00e9nt H\u00e1rmasfaluban lakott. \u2013 Irod: 1956 Erd\u00e9lyben; Bottoni 2006.<\/br><\/p>\n","protected":false},"excerpt":{"rendered":"<p>L\u00f6v\u00e9te, 1917. aug. 9., \u2020?: tisztvisel\u0151. \u2013 A gyulakutai h\u0151er\u0151m\u0171n\u00e9l volt tisztvisel\u0151. Az erd\u0151szentgy\u00f6rgyi 1956-os ellenz\u00e9ki \u00fan. Kisk\u00fck\u00fcll\u0151-menti csoport tagja. Letart\u00f3ztatt\u00e1k (1957. j\u00fal. 29.) \u00e9s a Veress S\u00e1ndor-f\u00e9le szervezked\u00e9sben val\u00f3 r\u00e9szv\u00e9tel miatt (magyar \u00e9s rom\u00e1n nyelven sz\u00e9tk\u00fcld\u00f6tt levelekben pr\u00f3b\u00e1ltak hiteles t\u00e1j\u00e9koztat\u00e1st adni a magyarorsz\u00e1gi forradalom esem\u00e9nyeir\u0151l) a kv.-i Tartom\u00e1nyi Katonai T\u00f6rv\u00e9nysz\u00e9k 6 \u00e9vre \u00edt\u00e9lte \u00e1llamellenes [&hellip;]<\/p>\n","protected":false},"featured_media":0,"comment_status":"open","ping_status":"closed","template":"","meta":[],"product_brand":[],"product_cat":[137],"product_tag":[],"class_list":{"0":"post-22363","1":"product","2":"type-product","3":"status-publish","5":"product_cat-maros-megyei-eletrajzi-lexikon","7":"first","8":"instock","9":"shipping-taxable","10":"product-type-simple"},"_links":{"self":[{"href":"https:\/\/uj.adatbank.ro\/lexikon\/wp-json\/wp\/v2\/product\/22363","targetHints":{"allow":["GET"]}}],"collection":[{"href":"https:\/\/uj.adatbank.ro\/lexikon\/wp-json\/wp\/v2\/product"}],"about":[{"href":"https:\/\/uj.adatbank.ro\/lexikon\/wp-json\/wp\/v2\/types\/product"}],"replies":[{"embeddable":true,"href":"https:\/\/uj.adatbank.ro\/lexikon\/wp-json\/wp\/v2\/comments?post=22363"}],"wp:attachment":[{"href":"https:\/\/uj.adatbank.ro\/lexikon\/wp-json\/wp\/v2\/media?parent=22363"}],"wp:term":[{"taxonomy":"product_brand","embeddable":true,"href":"https:\/\/uj.adatbank.ro\/lexikon\/wp-json\/wp\/v2\/product_brand?post=22363"},{"taxonomy":"product_cat","embeddable":true,"href":"https:\/\/uj.adatbank.ro\/lexikon\/wp-json\/wp\/v2\/product_cat?post=22363"},{"taxonomy":"product_tag","embeddable":true,"href":"https:\/\/uj.adatbank.ro\/lexikon\/wp-json\/wp\/v2\/product_tag?post=22363"}],"curies":[{"name":"wp","href":"https:\/\/api.w.org\/{rel}","templated":true}]}}

SZILVESZTER Sándor

<p>Lövéte, 1917. aug. 9., †?: tisztviselő. – A gyulakutai hőerőműnél volt tisztviselő. Az erdőszentgyörgyi 1956-os ellenzéki ún. Kisküküllő-menti csoport tagja. Letartóztatták (1957. júl. 29.) és a Veress Sándor-féle szervezkedésben való részvétel miatt (magyar és román nyelven szétküldött levelekben próbáltak hiteles tájékoztatást adni a magyarországi forradalom eseményeiről) a kv.-i Tartományi Katonai Törvényszék 6 évre ítélte államellenes összeesküvés vádjával (1957. szept. 9). Börtönéveit Jilaván és Szamosújváron töltötte. Szabadulása (1959. aug.19.) után a kereskedelemben és műbútorasztalosként, később egy mv.-i középiskolában dolgozott. Nyugdíjhasként Hármasfaluban lakott. – Irod: 1956 Erdélyben; Bottoni 2006.</br></p>

<p>Lövéte, 1917. aug. 9., †?: tisztviselő. – A gyulakutai hőerőműnél volt tisztviselő. Az erdőszentgyörgyi 1956-os ellenzéki ún. Kisküküllő-menti csoport tagja. Letartóztatták (1957. júl. 29.) és a Veress Sándor-féle szervezkedésben való részvétel miatt (magyar és román nyelven szétküldött levelekben próbáltak hiteles tájékoztatást adni a magyarországi forradalom eseményeiről) a kv.-i Tartományi Katonai Törvényszék 6 évre ítélte államellenes [&hellip;]</p>
