{"id":22365,"date":"2025-07-22T19:58:22","date_gmt":"2025-07-22T17:58:22","guid":{"rendered":"https:\/\/uj.adatbank.ro\/lexikon\/termek\/szimonisz-laszlo\/"},"modified":"2025-07-22T19:58:22","modified_gmt":"2025-07-22T17:58:22","slug":"szimonisz-laszlo","status":"publish","type":"product","link":"https:\/\/uj.adatbank.ro\/lexikon\/termek\/szimonisz-laszlo\/","title":{"rendered":"SZIMONISZ L\u00e1szl\u00f3"},"content":{"rendered":"<p>R\u00f3nasz\u00e9k, 1880. m\u00e1j. 28., \u2020?: \u00fcgyv\u00e9d, j\u00e1r\u00e1sb\u00edr\u00f3. \u2013 Sz\u00e1szr\u00e9genben \u00fcgyv\u00e9d (1910\u2013), v\u00e1rosi tan\u00e1csos, j\u00e1r\u00e1sb\u00edr\u00f3, t\u00f6bbsz\u00f6r volt k\u00e9pvisel\u0151. R\u00e9szt vett az I. vh.-ban (1915\u201318), az orosz fronton k\u00fczd\u00f6tt, megsebes\u00fclt. Felgy\u00f3gyul\u00e1sa ut\u00e1n mint kik\u00e9pz\u0151tiszt teljes\u00edtett szolg\u00e1latot. F\u0151hadnagyi rangban szerelt le kit\u00fcntet\u00e9sekkel. Az R.M.D. sz. igazg. \u00e9s fel\u00fcgyel\u0151 bizotts. tagja; a Kereszt\u00e9ny N\u00e9pbank igazgat\u00f3-aleln\u00f6ke, a R. K. N\u00e9psz\u00f6vets\u00e9g \u00fcgyvezet\u0151 aleln\u00f6ke. A M. Polg\u00e1ri Dalk\u00f6r eln\u00f6kek\u00e9nt sokat f\u00e1radozott a m\u0171kedvel\u0151 sz\u00ednj\u00e1tsz\u00f3t\u00e1rsulat sikerei\u00e9rt is. <br \/><strong>Irod.:<\/strong> B\u00edr\u00f3 Don\u00e1t; EM; Erd\u00e9lyi ezredek.<\/br><\/p>\n","protected":false},"excerpt":{"rendered":"<p>R\u00f3nasz\u00e9k, 1880. m\u00e1j. 28., \u2020?: \u00fcgyv\u00e9d, j\u00e1r\u00e1sb\u00edr\u00f3. \u2013 Sz\u00e1szr\u00e9genben \u00fcgyv\u00e9d (1910\u2013), v\u00e1rosi tan\u00e1csos, j\u00e1r\u00e1sb\u00edr\u00f3, t\u00f6bbsz\u00f6r volt k\u00e9pvisel\u0151. R\u00e9szt vett az I. vh.-ban (1915\u201318), az orosz fronton k\u00fczd\u00f6tt, megsebes\u00fclt. Felgy\u00f3gyul\u00e1sa ut\u00e1n mint kik\u00e9pz\u0151tiszt teljes\u00edtett szolg\u00e1latot. F\u0151hadnagyi rangban szerelt le kit\u00fcntet\u00e9sekkel. Az R.M.D. sz. igazg. \u00e9s fel\u00fcgyel\u0151 bizotts. tagja; a Kereszt\u00e9ny N\u00e9pbank igazgat\u00f3-aleln\u00f6ke, a R. K. N\u00e9psz\u00f6vets\u00e9g [&hellip;]<\/p>\n","protected":false},"featured_media":0,"comment_status":"open","ping_status":"closed","template":"","meta":[],"product_brand":[],"product_cat":[137],"product_tag":[],"class_list":{"0":"post-22365","1":"product","2":"type-product","3":"status-publish","5":"product_cat-maros-megyei-eletrajzi-lexikon","7":"first","8":"instock","9":"shipping-taxable","10":"product-type-simple"},"_links":{"self":[{"href":"https:\/\/uj.adatbank.ro\/lexikon\/wp-json\/wp\/v2\/product\/22365","targetHints":{"allow":["GET"]}}],"collection":[{"href":"https:\/\/uj.adatbank.ro\/lexikon\/wp-json\/wp\/v2\/product"}],"about":[{"href":"https:\/\/uj.adatbank.ro\/lexikon\/wp-json\/wp\/v2\/types\/product"}],"replies":[{"embeddable":true,"href":"https:\/\/uj.adatbank.ro\/lexikon\/wp-json\/wp\/v2\/comments?post=22365"}],"wp:attachment":[{"href":"https:\/\/uj.adatbank.ro\/lexikon\/wp-json\/wp\/v2\/media?parent=22365"}],"wp:term":[{"taxonomy":"product_brand","embeddable":true,"href":"https:\/\/uj.adatbank.ro\/lexikon\/wp-json\/wp\/v2\/product_brand?post=22365"},{"taxonomy":"product_cat","embeddable":true,"href":"https:\/\/uj.adatbank.ro\/lexikon\/wp-json\/wp\/v2\/product_cat?post=22365"},{"taxonomy":"product_tag","embeddable":true,"href":"https:\/\/uj.adatbank.ro\/lexikon\/wp-json\/wp\/v2\/product_tag?post=22365"}],"curies":[{"name":"wp","href":"https:\/\/api.w.org\/{rel}","templated":true}]}}

SZIMONISZ László

<p>Rónaszék, 1880. máj. 28., †?: ügyvéd, járásbíró. – Szászrégenben ügyvéd (1910–), városi tanácsos, járásbíró, többször volt képviselő. Részt vett az I. vh.-ban (1915–18), az orosz fronton küzdött, megsebesült. Felgyógyulása után mint kiképzőtiszt teljesített szolgálatot. Főhadnagyi rangban szerelt le kitüntetésekkel. Az R.M.D. sz. igazg. és felügyelő bizotts. tagja; a Keresztény Népbank igazgató-alelnöke, a R. K. Népszövetség ügyvezető alelnöke. A M. Polgári Dalkör elnökeként sokat fáradozott a műkedvelő színjátszótársulat sikereiért is. <br /><strong>Irod.:</strong> Bíró Donát; EM; Erdélyi ezredek.</br></p>

<p>Rónaszék, 1880. máj. 28., †?: ügyvéd, járásbíró. – Szászrégenben ügyvéd (1910–), városi tanácsos, járásbíró, többször volt képviselő. Részt vett az I. vh.-ban (1915–18), az orosz fronton küzdött, megsebesült. Felgyógyulása után mint kiképzőtiszt teljesített szolgálatot. Főhadnagyi rangban szerelt le kitüntetésekkel. Az R.M.D. sz. igazg. és felügyelő bizotts. tagja; a Keresztény Népbank igazgató-alelnöke, a R. K. Népszövetség [&hellip;]</p>
