{"id":22367,"date":"2025-07-22T19:58:28","date_gmt":"2025-07-22T17:58:28","guid":{"rendered":"https:\/\/uj.adatbank.ro\/lexikon\/termek\/szini-lajos-laji-ba-%c2%a7\/"},"modified":"2025-07-22T19:58:28","modified_gmt":"2025-07-22T17:58:28","slug":"szini-lajos-laji-ba-%c2%a7","status":"publish","type":"product","link":"https:\/\/uj.adatbank.ro\/lexikon\/termek\/szini-lajos-laji-ba-%c2%a7\/","title":{"rendered":"SZINI Lajos, Laji b\u00e1 \u00a7"},"content":{"rendered":"<p>Gyergy\u00f3sz\u00e1rhegy, 1891. j\u00fal. 2.\u2020 Gyergy\u00f3sz\u00e1rhegy, 1933. j\u00fan. 5.: \u00fajs\u00e1g\u00edr\u00f3, szerkeszt\u0151. \u2013 Feles\u00e9ge: Bl\u00e9nessy M\u00e1ria (1897 \u2013 1978). R\u00f6videbb ideig bp-i lapok, a h\u00e1bor\u00fa ut\u00e1n erd\u00e9lyi lapok munkat\u00e1rsa volt, Mv.-en a Sz\u00e9kely Sz\u00f3 c. hetilapot (1920\u201331) \u00e9s Gyergy\u00f3szentmikl\u00f3son a Gyergy\u00f3i \u00dajs\u00e1g (1931\u2013) hetilapot szerkesztette. Sz\u00e9kely t\u00e1rgy\u00fa t\u00e1jsz\u00f3l\u00e1sos novell\u00e1kat \u00edrt, n\u00e9h\u00e1ny verse a Zord Id\u0151-ben jelent meg. A KZST tagja (1920\u2013). \u2013 <strong>F. m.<\/strong>: Laji b\u00e1 a fered\u0151ben \u2013 Ny\u00fcszk\u00f6l\u00e9s (1920); \u0150zoll\u00f3 (1926). <br \/><strong>Irod.:<\/strong> Id\u0151t\u00e1r 3; KZST1930; Molter 1.; Osv\u00e1th; Popt\u0103ma\u015f\u2013M\u00f3zes; \u00dcnnepi k\u00f6nyv.<\/br><\/p>\n","protected":false},"excerpt":{"rendered":"<p>Gyergy\u00f3sz\u00e1rhegy, 1891. j\u00fal. 2.\u2020 Gyergy\u00f3sz\u00e1rhegy, 1933. j\u00fan. 5.: \u00fajs\u00e1g\u00edr\u00f3, szerkeszt\u0151. \u2013 Feles\u00e9ge: Bl\u00e9nessy M\u00e1ria (1897 \u2013 1978). R\u00f6videbb ideig bp-i lapok, a h\u00e1bor\u00fa ut\u00e1n erd\u00e9lyi lapok munkat\u00e1rsa volt, Mv.-en a Sz\u00e9kely Sz\u00f3 c. hetilapot (1920\u201331) \u00e9s Gyergy\u00f3szentmikl\u00f3son a Gyergy\u00f3i \u00dajs\u00e1g (1931\u2013) hetilapot szerkesztette. Sz\u00e9kely t\u00e1rgy\u00fa t\u00e1jsz\u00f3l\u00e1sos novell\u00e1kat \u00edrt, n\u00e9h\u00e1ny verse a Zord Id\u0151-ben jelent meg. [&hellip;]<\/p>\n","protected":false},"featured_media":0,"comment_status":"open","ping_status":"closed","template":"","meta":[],"product_brand":[],"product_cat":[137],"product_tag":[],"class_list":{"0":"post-22367","1":"product","2":"type-product","3":"status-publish","5":"product_cat-maros-megyei-eletrajzi-lexikon","7":"first","8":"instock","9":"shipping-taxable","10":"product-type-simple"},"_links":{"self":[{"href":"https:\/\/uj.adatbank.ro\/lexikon\/wp-json\/wp\/v2\/product\/22367","targetHints":{"allow":["GET"]}}],"collection":[{"href":"https:\/\/uj.adatbank.ro\/lexikon\/wp-json\/wp\/v2\/product"}],"about":[{"href":"https:\/\/uj.adatbank.ro\/lexikon\/wp-json\/wp\/v2\/types\/product"}],"replies":[{"embeddable":true,"href":"https:\/\/uj.adatbank.ro\/lexikon\/wp-json\/wp\/v2\/comments?post=22367"}],"wp:attachment":[{"href":"https:\/\/uj.adatbank.ro\/lexikon\/wp-json\/wp\/v2\/media?parent=22367"}],"wp:term":[{"taxonomy":"product_brand","embeddable":true,"href":"https:\/\/uj.adatbank.ro\/lexikon\/wp-json\/wp\/v2\/product_brand?post=22367"},{"taxonomy":"product_cat","embeddable":true,"href":"https:\/\/uj.adatbank.ro\/lexikon\/wp-json\/wp\/v2\/product_cat?post=22367"},{"taxonomy":"product_tag","embeddable":true,"href":"https:\/\/uj.adatbank.ro\/lexikon\/wp-json\/wp\/v2\/product_tag?post=22367"}],"curies":[{"name":"wp","href":"https:\/\/api.w.org\/{rel}","templated":true}]}}

SZINI Lajos, Laji bá §

<p>Gyergyószárhegy, 1891. júl. 2.† Gyergyószárhegy, 1933. jún. 5.: újságíró, szerkesztő. – Felesége: Blénessy Mária (1897 – 1978). Rövidebb ideig bp-i lapok, a háború után erdélyi lapok munkatársa volt, Mv.-en a Székely Szó c. hetilapot (1920–31) és Gyergyószentmiklóson a Gyergyói Újság (1931–) hetilapot szerkesztette. Székely tárgyú tájszólásos novellákat írt, néhány verse a Zord Idő-ben jelent meg. A KZST tagja (1920–). – <strong>F. m.</strong>: Laji bá a feredőben – Nyüszkölés (1920); Őzolló (1926). <br /><strong>Irod.:</strong> Időtár 3; KZST1930; Molter 1.; Osváth; Poptămaş–Mózes; Ünnepi könyv.</br></p>

<p>Gyergyószárhegy, 1891. júl. 2.† Gyergyószárhegy, 1933. jún. 5.: újságíró, szerkesztő. – Felesége: Blénessy Mária (1897 – 1978). Rövidebb ideig bp-i lapok, a háború után erdélyi lapok munkatársa volt, Mv.-en a Székely Szó c. hetilapot (1920–31) és Gyergyószentmiklóson a Gyergyói Újság (1931–) hetilapot szerkesztette. Székely tárgyú tájszólásos novellákat írt, néhány verse a Zord Idő-ben jelent meg. [&hellip;]</p>
