{"id":22368,"date":"2025-07-22T19:58:30","date_gmt":"2025-07-22T17:58:30","guid":{"rendered":"https:\/\/uj.adatbank.ro\/lexikon\/termek\/szirmai-antal\/"},"modified":"2025-07-22T19:58:30","modified_gmt":"2025-07-22T17:58:30","slug":"szirmai-antal","status":"publish","type":"product","link":"https:\/\/uj.adatbank.ro\/lexikon\/termek\/szirmai-antal\/","title":{"rendered":"SZIRMAI Antal"},"content":{"rendered":"<p>? \u2020?: fest\u0151. \u2013 A mv.-i Keresztel\u0151 Szent J\u00e1nos \u2013 pl\u00e9b\u00e1nia templom dongaboltozat\u00e1n l\u00e9v\u0151 mennyezeti k\u00e9pet festette, figur\u00e1lis \u00e1br\u00e1zol\u00e1sokkal t\u00f6lt\u00f6tte ki a mez\u0151ket \u00e9s Paolo Veronese Kir\u00e1lyok im\u00e1d\u00e1sa festm\u00e9ny\u00e9nek m\u00e1solat\u00e1t \u00e9s a n\u00e9gy egyh\u00e1zatya portr\u00e9j\u00e1t k\u00e9sz\u00edtette el (1901). \u2013 Irod: Id\u0151t\u00e1r 2; Keresztes Gyula: A Pl\u00e9b\u00e1niatemplom (N\u00fa., 1990. okt. 19.); Maros megye; Maros-k\u00fck\u00fcll\u0151i f\u0151esp.<\/br><\/p>\n","protected":false},"excerpt":{"rendered":"<p>? \u2020?: fest\u0151. \u2013 A mv.-i Keresztel\u0151 Szent J\u00e1nos \u2013 pl\u00e9b\u00e1nia templom dongaboltozat\u00e1n l\u00e9v\u0151 mennyezeti k\u00e9pet festette, figur\u00e1lis \u00e1br\u00e1zol\u00e1sokkal t\u00f6lt\u00f6tte ki a mez\u0151ket \u00e9s Paolo Veronese Kir\u00e1lyok im\u00e1d\u00e1sa festm\u00e9ny\u00e9nek m\u00e1solat\u00e1t \u00e9s a n\u00e9gy egyh\u00e1zatya portr\u00e9j\u00e1t k\u00e9sz\u00edtette el (1901). \u2013 Irod: Id\u0151t\u00e1r 2; Keresztes Gyula: A Pl\u00e9b\u00e1niatemplom (N\u00fa., 1990. okt. 19.); Maros megye; Maros-k\u00fck\u00fcll\u0151i f\u0151esp.<\/p>\n","protected":false},"featured_media":0,"comment_status":"open","ping_status":"closed","template":"","meta":[],"product_brand":[],"product_cat":[137],"product_tag":[],"class_list":{"0":"post-22368","1":"product","2":"type-product","3":"status-publish","5":"product_cat-maros-megyei-eletrajzi-lexikon","7":"first","8":"instock","9":"shipping-taxable","10":"product-type-simple"},"_links":{"self":[{"href":"https:\/\/uj.adatbank.ro\/lexikon\/wp-json\/wp\/v2\/product\/22368","targetHints":{"allow":["GET"]}}],"collection":[{"href":"https:\/\/uj.adatbank.ro\/lexikon\/wp-json\/wp\/v2\/product"}],"about":[{"href":"https:\/\/uj.adatbank.ro\/lexikon\/wp-json\/wp\/v2\/types\/product"}],"replies":[{"embeddable":true,"href":"https:\/\/uj.adatbank.ro\/lexikon\/wp-json\/wp\/v2\/comments?post=22368"}],"wp:attachment":[{"href":"https:\/\/uj.adatbank.ro\/lexikon\/wp-json\/wp\/v2\/media?parent=22368"}],"wp:term":[{"taxonomy":"product_brand","embeddable":true,"href":"https:\/\/uj.adatbank.ro\/lexikon\/wp-json\/wp\/v2\/product_brand?post=22368"},{"taxonomy":"product_cat","embeddable":true,"href":"https:\/\/uj.adatbank.ro\/lexikon\/wp-json\/wp\/v2\/product_cat?post=22368"},{"taxonomy":"product_tag","embeddable":true,"href":"https:\/\/uj.adatbank.ro\/lexikon\/wp-json\/wp\/v2\/product_tag?post=22368"}],"curies":[{"name":"wp","href":"https:\/\/api.w.org\/{rel}","templated":true}]}}