{"id":22369,"date":"2025-07-22T19:58:32","date_gmt":"2025-07-22T17:58:32","guid":{"rendered":"https:\/\/uj.adatbank.ro\/lexikon\/termek\/szirmai-bela\/"},"modified":"2025-07-22T19:58:32","modified_gmt":"2025-07-22T17:58:32","slug":"szirmai-bela","status":"publish","type":"product","link":"https:\/\/uj.adatbank.ro\/lexikon\/termek\/szirmai-bela\/","title":{"rendered":"SZIRMAI B\u00e9la"},"content":{"rendered":"<p>Kapnikb\u00e1nya, 1924. jan. 6.v. 7. \u2020?: r. k. pap. \u2013 A gimn.-ot Gyulafeh\u00e9rv\u00e1ron (1936\u201338) \u00e9s a kv.-i piarist\u00e1kn\u00e1l (1938\u201344), a teol\u00f3gi\u00e1t Gyulafeh\u00e9rv\u00e1ron v\u00e9gezte. Papp\u00e1 szentelt\u00e9k Cs\u00edkszentm\u00e1rtonban (1950. m\u00e1rc. 25.). Cs\u00edkszentm\u00e1rtonban (1950), Sz\u00e1szr\u00e9genben k\u00e1pl\u00e1n (1951 \u2013) \u00e9s pl\u00e9b\u00e1nos (1966\u201379). A securitate megfigyeltette (1956 k.\u2013), a levelez\u00e9s\u00e9t ellen\u0151riztette (1968\u2013). T\u0171r \u00e9s Bal\u00e1zsfalva pl\u00e9b\u00e1nosa (1979\u2013). Baleset \u00e9rte (1983. aug. 22.), nyugd\u00edjba vonult. Kiseg\u00edt\u0151lelk\u00e9sz Nagyenyeden (1986), Cs\u00edkszentm\u00e1rtonban (1987), Cs\u00edkszenttam\u00e1son (1991), tb. kanonok (1933). P\u00e1pai k\u00e1pl\u00e1n (2000). K\u00f6z\u00f6lt a Kereszt\u00e9ny Sz\u00f3 \u00e9s a Vas\u00e1rnap c. lapokban. \u2013 <strong><strong>F. m.<\/strong><\/strong>: k\u00e9zirat: Az Erd\u00e9lyi Egyh\u00e1zmegye papjainak n\u00e9vsora 1556-t\u00f3l napjainkig. 1\u20134. k\u00f6t. <br \/><strong>Irod.:<\/strong> Bartos 2012; MKL; Maros-k\u00fck\u00fcll\u0151i f\u0151esp.<\/br><\/p>\n","protected":false},"excerpt":{"rendered":"<p>Kapnikb\u00e1nya, 1924. jan. 6.v. 7. \u2020?: r. k. pap. \u2013 A gimn.-ot Gyulafeh\u00e9rv\u00e1ron (1936\u201338) \u00e9s a kv.-i piarist\u00e1kn\u00e1l (1938\u201344), a teol\u00f3gi\u00e1t Gyulafeh\u00e9rv\u00e1ron v\u00e9gezte. Papp\u00e1 szentelt\u00e9k Cs\u00edkszentm\u00e1rtonban (1950. m\u00e1rc. 25.). Cs\u00edkszentm\u00e1rtonban (1950), Sz\u00e1szr\u00e9genben k\u00e1pl\u00e1n (1951 \u2013) \u00e9s pl\u00e9b\u00e1nos (1966\u201379). A securitate megfigyeltette (1956 k.\u2013), a levelez\u00e9s\u00e9t ellen\u0151riztette (1968\u2013). T\u0171r \u00e9s Bal\u00e1zsfalva pl\u00e9b\u00e1nosa (1979\u2013). Baleset \u00e9rte (1983. [&hellip;]<\/p>\n","protected":false},"featured_media":0,"comment_status":"open","ping_status":"closed","template":"","meta":[],"product_brand":[],"product_cat":[137],"product_tag":[],"class_list":{"0":"post-22369","1":"product","2":"type-product","3":"status-publish","5":"product_cat-maros-megyei-eletrajzi-lexikon","7":"first","8":"instock","9":"shipping-taxable","10":"product-type-simple"},"_links":{"self":[{"href":"https:\/\/uj.adatbank.ro\/lexikon\/wp-json\/wp\/v2\/product\/22369","targetHints":{"allow":["GET"]}}],"collection":[{"href":"https:\/\/uj.adatbank.ro\/lexikon\/wp-json\/wp\/v2\/product"}],"about":[{"href":"https:\/\/uj.adatbank.ro\/lexikon\/wp-json\/wp\/v2\/types\/product"}],"replies":[{"embeddable":true,"href":"https:\/\/uj.adatbank.ro\/lexikon\/wp-json\/wp\/v2\/comments?post=22369"}],"wp:attachment":[{"href":"https:\/\/uj.adatbank.ro\/lexikon\/wp-json\/wp\/v2\/media?parent=22369"}],"wp:term":[{"taxonomy":"product_brand","embeddable":true,"href":"https:\/\/uj.adatbank.ro\/lexikon\/wp-json\/wp\/v2\/product_brand?post=22369"},{"taxonomy":"product_cat","embeddable":true,"href":"https:\/\/uj.adatbank.ro\/lexikon\/wp-json\/wp\/v2\/product_cat?post=22369"},{"taxonomy":"product_tag","embeddable":true,"href":"https:\/\/uj.adatbank.ro\/lexikon\/wp-json\/wp\/v2\/product_tag?post=22369"}],"curies":[{"name":"wp","href":"https:\/\/api.w.org\/{rel}","templated":true}]}}

SZIRMAI Béla

<p>Kapnikbánya, 1924. jan. 6.v. 7. †?: r. k. pap. – A gimn.-ot Gyulafehérváron (1936–38) és a kv.-i piaristáknál (1938–44), a teológiát Gyulafehérváron végezte. Pappá szentelték Csíkszentmártonban (1950. márc. 25.). Csíkszentmártonban (1950), Szászrégenben káplán (1951 –) és plébános (1966–79). A securitate megfigyeltette (1956 k.–), a levelezését ellenőriztette (1968–). Tűr és Balázsfalva plébánosa (1979–). Baleset érte (1983. aug. 22.), nyugdíjba vonult. Kisegítőlelkész Nagyenyeden (1986), Csíkszentmártonban (1987), Csíkszenttamáson (1991), tb. kanonok (1933). Pápai káplán (2000). Közölt a Keresztény Szó és a Vasárnap c. lapokban. – <strong><strong>F. m.</strong></strong>: kézirat: Az Erdélyi Egyházmegye papjainak névsora 1556-tól napjainkig. 1–4. köt. <br /><strong>Irod.:</strong> Bartos 2012; MKL; Maros-küküllői főesp.</br></p>

<p>Kapnikbánya, 1924. jan. 6.v. 7. †?: r. k. pap. – A gimn.-ot Gyulafehérváron (1936–38) és a kv.-i piaristáknál (1938–44), a teológiát Gyulafehérváron végezte. Pappá szentelték Csíkszentmártonban (1950. márc. 25.). Csíkszentmártonban (1950), Szászrégenben káplán (1951 –) és plébános (1966–79). A securitate megfigyeltette (1956 k.–), a levelezését ellenőriztette (1968–). Tűr és Balázsfalva plébánosa (1979–). Baleset érte (1983. [&hellip;]</p>
