{"id":22372,"date":"2025-07-22T19:58:39","date_gmt":"2025-07-22T17:58:39","guid":{"rendered":"https:\/\/uj.adatbank.ro\/lexikon\/termek\/szivos-gyula\/"},"modified":"2025-07-22T19:58:39","modified_gmt":"2025-07-22T17:58:39","slug":"szivos-gyula","status":"publish","type":"product","link":"https:\/\/uj.adatbank.ro\/lexikon\/termek\/szivos-gyula\/","title":{"rendered":"SZ\u00cdV\u00d3S Gyula"},"content":{"rendered":"<p>1926., \u20201981: orvos. \u2013 A MOGYI orvosi kar\u00e1n v\u00e9gzett (1951). Belgy\u00f3gy\u00e1sz szakvizsg\u00e1t tett. A II. sz. Belgy\u00f3gy\u00e1szati Klinik\u00e1n mint f\u0151orvos m\u0171k\u00f6d\u00f6tt, az \u00e9p\u00fclet V\u00e1rosi K\u00f6zk\u00f3rh\u00e1z volt a Szentgy\u00f6rgy utc\u00e1ban (1812-t\u0151l). Tan\u00e1rseg\u00e9d itt, szakter\u00fclete a sz\u00edvbetegs\u00e9gek \u00e9s a t\u00fcd\u0151betegs\u00e9gek kezel\u00e9se volt. <br \/><strong>Irod.:<\/strong> Genersich, Kiss\u2013P\u00e9terffy\u2013P\u00e9terffy.<\/br><\/p>\n","protected":false},"excerpt":{"rendered":"<p>1926., \u20201981: orvos. \u2013 A MOGYI orvosi kar\u00e1n v\u00e9gzett (1951). Belgy\u00f3gy\u00e1sz szakvizsg\u00e1t tett. A II. sz. Belgy\u00f3gy\u00e1szati Klinik\u00e1n mint f\u0151orvos m\u0171k\u00f6d\u00f6tt, az \u00e9p\u00fclet V\u00e1rosi K\u00f6zk\u00f3rh\u00e1z volt a Szentgy\u00f6rgy utc\u00e1ban (1812-t\u0151l). Tan\u00e1rseg\u00e9d itt, szakter\u00fclete a sz\u00edvbetegs\u00e9gek \u00e9s a t\u00fcd\u0151betegs\u00e9gek kezel\u00e9se volt. Irod.: Genersich, Kiss\u2013P\u00e9terffy\u2013P\u00e9terffy.<\/p>\n","protected":false},"featured_media":0,"comment_status":"open","ping_status":"closed","template":"","meta":[],"product_brand":[],"product_cat":[137],"product_tag":[],"class_list":{"0":"post-22372","1":"product","2":"type-product","3":"status-publish","5":"product_cat-maros-megyei-eletrajzi-lexikon","7":"first","8":"instock","9":"shipping-taxable","10":"product-type-simple"},"_links":{"self":[{"href":"https:\/\/uj.adatbank.ro\/lexikon\/wp-json\/wp\/v2\/product\/22372","targetHints":{"allow":["GET"]}}],"collection":[{"href":"https:\/\/uj.adatbank.ro\/lexikon\/wp-json\/wp\/v2\/product"}],"about":[{"href":"https:\/\/uj.adatbank.ro\/lexikon\/wp-json\/wp\/v2\/types\/product"}],"replies":[{"embeddable":true,"href":"https:\/\/uj.adatbank.ro\/lexikon\/wp-json\/wp\/v2\/comments?post=22372"}],"wp:attachment":[{"href":"https:\/\/uj.adatbank.ro\/lexikon\/wp-json\/wp\/v2\/media?parent=22372"}],"wp:term":[{"taxonomy":"product_brand","embeddable":true,"href":"https:\/\/uj.adatbank.ro\/lexikon\/wp-json\/wp\/v2\/product_brand?post=22372"},{"taxonomy":"product_cat","embeddable":true,"href":"https:\/\/uj.adatbank.ro\/lexikon\/wp-json\/wp\/v2\/product_cat?post=22372"},{"taxonomy":"product_tag","embeddable":true,"href":"https:\/\/uj.adatbank.ro\/lexikon\/wp-json\/wp\/v2\/product_tag?post=22372"}],"curies":[{"name":"wp","href":"https:\/\/api.w.org\/{rel}","templated":true}]}}