{"id":22374,"date":"2025-07-22T19:58:42","date_gmt":"2025-07-22T17:58:42","guid":{"rendered":"https:\/\/uj.adatbank.ro\/lexikon\/termek\/szlavik-ferenc\/"},"modified":"2025-07-22T19:58:42","modified_gmt":"2025-07-22T17:58:42","slug":"szlavik-ferenc","status":"publish","type":"product","link":"https:\/\/uj.adatbank.ro\/lexikon\/termek\/szlavik-ferenc\/","title":{"rendered":"SZL\u00c1VIK Ferenc"},"content":{"rendered":"<p>? \u2020?: kat. gimn. igazgat\u00f3. \u2013 A Mv.-i R.K. Gimn. igazgat\u00f3ja (1923\u20131928. szept. 9), amikor \u00e1thelyezte a st\u00e1tus igazgat\u00f3s\u00e1ga, holott h\u00edvei \u00e9s a gimn\u00e1zium ragaszkodott hozz\u00e1. \u2013 <strong>F. m.<\/strong>: Az Erd\u00e9lyi r\u00f3m. Kath. St\u00e1tus mv.-i f\u0151gim.-nak \u00e9rtes\u00edt\u0151je az 1925\u201326. iskolai \u00e9vr\u0151l \/ K\u00f6zz\u00e9teszi: Sz. F. (Tg. M., 1926); Az Erd\u00e9lyi r\u00f3m. Kath. St\u00e1tus mv.-i f\u0151gim.-nak \u00e9rtes\u00edt\u0151je az 1926\u201327. iskolai \u00e9vr\u0151l \/ K\u00f6zz\u00e9teszi: Sz. F. (Tg. M., 1926). <br \/><strong>Irod.:<\/strong> Ferenczi 1928; Ferenczi 1929; Id\u0151t\u00e1r 3; Mv.-i R.K. okt.<\/br><\/p>\n","protected":false},"excerpt":{"rendered":"<p>? \u2020?: kat. gimn. igazgat\u00f3. \u2013 A Mv.-i R.K. Gimn. igazgat\u00f3ja (1923\u20131928. szept. 9), amikor \u00e1thelyezte a st\u00e1tus igazgat\u00f3s\u00e1ga, holott h\u00edvei \u00e9s a gimn\u00e1zium ragaszkodott hozz\u00e1. \u2013 F. m.: Az Erd\u00e9lyi r\u00f3m. Kath. St\u00e1tus mv.-i f\u0151gim.-nak \u00e9rtes\u00edt\u0151je az 1925\u201326. iskolai \u00e9vr\u0151l \/ K\u00f6zz\u00e9teszi: Sz. F. (Tg. M., 1926); Az Erd\u00e9lyi r\u00f3m. Kath. St\u00e1tus mv.-i f\u0151gim.-nak [&hellip;]<\/p>\n","protected":false},"featured_media":0,"comment_status":"open","ping_status":"closed","template":"","meta":[],"product_brand":[],"product_cat":[137],"product_tag":[],"class_list":{"0":"post-22374","1":"product","2":"type-product","3":"status-publish","5":"product_cat-maros-megyei-eletrajzi-lexikon","7":"first","8":"instock","9":"shipping-taxable","10":"product-type-simple"},"_links":{"self":[{"href":"https:\/\/uj.adatbank.ro\/lexikon\/wp-json\/wp\/v2\/product\/22374","targetHints":{"allow":["GET"]}}],"collection":[{"href":"https:\/\/uj.adatbank.ro\/lexikon\/wp-json\/wp\/v2\/product"}],"about":[{"href":"https:\/\/uj.adatbank.ro\/lexikon\/wp-json\/wp\/v2\/types\/product"}],"replies":[{"embeddable":true,"href":"https:\/\/uj.adatbank.ro\/lexikon\/wp-json\/wp\/v2\/comments?post=22374"}],"wp:attachment":[{"href":"https:\/\/uj.adatbank.ro\/lexikon\/wp-json\/wp\/v2\/media?parent=22374"}],"wp:term":[{"taxonomy":"product_brand","embeddable":true,"href":"https:\/\/uj.adatbank.ro\/lexikon\/wp-json\/wp\/v2\/product_brand?post=22374"},{"taxonomy":"product_cat","embeddable":true,"href":"https:\/\/uj.adatbank.ro\/lexikon\/wp-json\/wp\/v2\/product_cat?post=22374"},{"taxonomy":"product_tag","embeddable":true,"href":"https:\/\/uj.adatbank.ro\/lexikon\/wp-json\/wp\/v2\/product_tag?post=22374"}],"curies":[{"name":"wp","href":"https:\/\/api.w.org\/{rel}","templated":true}]}}

SZLÁVIK Ferenc

<p>? †?: kat. gimn. igazgató. – A Mv.-i R.K. Gimn. igazgatója (1923–1928. szept. 9), amikor áthelyezte a státus igazgatósága, holott hívei és a gimnázium ragaszkodott hozzá. – <strong>F. m.</strong>: Az Erdélyi róm. Kath. Státus mv.-i főgim.-nak értesítője az 1925–26. iskolai évről / Közzéteszi: Sz. F. (Tg. M., 1926); Az Erdélyi róm. Kath. Státus mv.-i főgim.-nak értesítője az 1926–27. iskolai évről / Közzéteszi: Sz. F. (Tg. M., 1926). <br /><strong>Irod.:</strong> Ferenczi 1928; Ferenczi 1929; Időtár 3; Mv.-i R.K. okt.</br></p>

<p>? †?: kat. gimn. igazgató. – A Mv.-i R.K. Gimn. igazgatója (1923–1928. szept. 9), amikor áthelyezte a státus igazgatósága, holott hívei és a gimnázium ragaszkodott hozzá. – F. m.: Az Erdélyi róm. Kath. Státus mv.-i főgim.-nak értesítője az 1925–26. iskolai évről / Közzéteszi: Sz. F. (Tg. M., 1926); Az Erdélyi róm. Kath. Státus mv.-i főgim.-nak [&hellip;]</p>
