{"id":22377,"date":"2025-07-22T19:58:51","date_gmt":"2025-07-22T17:58:51","guid":{"rendered":"https:\/\/uj.adatbank.ro\/lexikon\/termek\/szmollen-pal\/"},"modified":"2025-07-22T19:58:51","modified_gmt":"2025-07-22T17:58:51","slug":"szmollen-pal","status":"publish","type":"product","link":"https:\/\/uj.adatbank.ro\/lexikon\/termek\/szmollen-pal\/","title":{"rendered":"SZMOLLEN P\u00e1l"},"content":{"rendered":"<p>Kapnikb\u00e1nya, 1868. dec. 6., \u2020\u00a0Kapnikb\u00e1nya, 1942. \u00e1pr. 8.: r. k. pap. \u2013 Tanulm\u00e1nyait Nagyb\u00e1ny\u00e1n, Kv.-on \u00e9s Gyulafeh\u00e9rv\u00e1ron v\u00e9gezte, papp\u00e1 szentelt\u00e9k (1891. j\u00fal. 15.) K\u00e1pl\u00e1n volt (1891\u201398). Lelkip\u00e1sztor \u00c1kosfalv\u00e1n (1898\u20131904), Ol\u00e1hl\u00e1poson, Erzs\u00e9betb\u00e1ny\u00e1n, B\u00e1lv\u00e1nyosv\u00e1ralj\u00e1n (1914\u201331), K\u00fck\u00fcll\u0151kem\u00e9nyfalv\u00e1n (1931\u201337). <br \/><strong>Irod.:<\/strong> Ferenczi S\u00e1ndor 2009.<\/br><\/p>\n","protected":false},"excerpt":{"rendered":"<p>Kapnikb\u00e1nya, 1868. dec. 6., \u2020\u00a0Kapnikb\u00e1nya, 1942. \u00e1pr. 8.: r. k. pap. \u2013 Tanulm\u00e1nyait Nagyb\u00e1ny\u00e1n, Kv.-on \u00e9s Gyulafeh\u00e9rv\u00e1ron v\u00e9gezte, papp\u00e1 szentelt\u00e9k (1891. j\u00fal. 15.) K\u00e1pl\u00e1n volt (1891\u201398). Lelkip\u00e1sztor \u00c1kosfalv\u00e1n (1898\u20131904), Ol\u00e1hl\u00e1poson, Erzs\u00e9betb\u00e1ny\u00e1n, B\u00e1lv\u00e1nyosv\u00e1ralj\u00e1n (1914\u201331), K\u00fck\u00fcll\u0151kem\u00e9nyfalv\u00e1n (1931\u201337). Irod.: Ferenczi S\u00e1ndor 2009.<\/p>\n","protected":false},"featured_media":0,"comment_status":"open","ping_status":"closed","template":"","meta":[],"product_brand":[],"product_cat":[137],"product_tag":[],"class_list":{"0":"post-22377","1":"product","2":"type-product","3":"status-publish","5":"product_cat-maros-megyei-eletrajzi-lexikon","7":"first","8":"instock","9":"shipping-taxable","10":"product-type-simple"},"_links":{"self":[{"href":"https:\/\/uj.adatbank.ro\/lexikon\/wp-json\/wp\/v2\/product\/22377","targetHints":{"allow":["GET"]}}],"collection":[{"href":"https:\/\/uj.adatbank.ro\/lexikon\/wp-json\/wp\/v2\/product"}],"about":[{"href":"https:\/\/uj.adatbank.ro\/lexikon\/wp-json\/wp\/v2\/types\/product"}],"replies":[{"embeddable":true,"href":"https:\/\/uj.adatbank.ro\/lexikon\/wp-json\/wp\/v2\/comments?post=22377"}],"wp:attachment":[{"href":"https:\/\/uj.adatbank.ro\/lexikon\/wp-json\/wp\/v2\/media?parent=22377"}],"wp:term":[{"taxonomy":"product_brand","embeddable":true,"href":"https:\/\/uj.adatbank.ro\/lexikon\/wp-json\/wp\/v2\/product_brand?post=22377"},{"taxonomy":"product_cat","embeddable":true,"href":"https:\/\/uj.adatbank.ro\/lexikon\/wp-json\/wp\/v2\/product_cat?post=22377"},{"taxonomy":"product_tag","embeddable":true,"href":"https:\/\/uj.adatbank.ro\/lexikon\/wp-json\/wp\/v2\/product_tag?post=22377"}],"curies":[{"name":"wp","href":"https:\/\/api.w.org\/{rel}","templated":true}]}}