{"id":22378,"date":"2025-07-22T19:58:53","date_gmt":"2025-07-22T17:58:53","guid":{"rendered":"https:\/\/uj.adatbank.ro\/lexikon\/termek\/szmuk-antal\/"},"modified":"2025-07-22T19:58:53","modified_gmt":"2025-07-22T17:58:53","slug":"szmuk-antal","status":"publish","type":"product","link":"https:\/\/uj.adatbank.ro\/lexikon\/termek\/szmuk-antal\/","title":{"rendered":"SZMUK Antal"},"content":{"rendered":"<p>1896, \u2020\u00a0Jilava, 1942. okt. 22.: a munk\u00e1smozgalom m\u00e1rt\u00edrja. \u2013 A M. Tan\u00e1csk\u00f6zt\u00e1rsas\u00e1g V\u00f6r\u00f6s Hadsereg\u00e9ben a a had\u00fcgyi n\u00e9pbiztos sz\u00e1rnyseg\u00e9dje, a II. v\u00f6r\u00f6s tenger\u00e9szezred parancsnoka volt. Az RKP tagja, a Maros v\u00f6lgyi munk\u00e1smozgalom r\u00e9sztvev\u0151je, a Korunk munkat\u00e1rsa. Lib\u00e1nfalvi \u00e9s mv.-i otthon\u00e1ban sz\u00e1mos marxi-lenini m\u0171vet ford\u00edtott le, n\u00e9pszer\u0171s\u00edtett \u00e9s terjesztett. A kommunista propaganda miatt t\u00f6bbsz\u00f6r letart\u00f3ztatt\u00e1k \u00e9s az Antonescu katonai diktat\u00fara altt Jilav\u00e1n hal\u00e1lra \u00edt\u00e9lt\u00e9k \u00e9s kiv\u00e9gezt\u00e9k. <br \/><strong>Irod.:<\/strong> Ga\u00e1l Korn\u00e9lia: Maros-megyei munk\u00e1smozgalmi harcosok, akik nem \u00fcnnepelhettek vel\u00fcnk (V. Z., 1971. m\u00e1j. 9.).<\/br><\/p>\n","protected":false},"excerpt":{"rendered":"<p>1896, \u2020\u00a0Jilava, 1942. okt. 22.: a munk\u00e1smozgalom m\u00e1rt\u00edrja. \u2013 A M. Tan\u00e1csk\u00f6zt\u00e1rsas\u00e1g V\u00f6r\u00f6s Hadsereg\u00e9ben a a had\u00fcgyi n\u00e9pbiztos sz\u00e1rnyseg\u00e9dje, a II. v\u00f6r\u00f6s tenger\u00e9szezred parancsnoka volt. Az RKP tagja, a Maros v\u00f6lgyi munk\u00e1smozgalom r\u00e9sztvev\u0151je, a Korunk munkat\u00e1rsa. Lib\u00e1nfalvi \u00e9s mv.-i otthon\u00e1ban sz\u00e1mos marxi-lenini m\u0171vet ford\u00edtott le, n\u00e9pszer\u0171s\u00edtett \u00e9s terjesztett. A kommunista propaganda miatt t\u00f6bbsz\u00f6r letart\u00f3ztatt\u00e1k \u00e9s [&hellip;]<\/p>\n","protected":false},"featured_media":0,"comment_status":"open","ping_status":"closed","template":"","meta":[],"product_brand":[],"product_cat":[137],"product_tag":[],"class_list":{"0":"post-22378","1":"product","2":"type-product","3":"status-publish","5":"product_cat-maros-megyei-eletrajzi-lexikon","7":"first","8":"instock","9":"shipping-taxable","10":"product-type-simple"},"_links":{"self":[{"href":"https:\/\/uj.adatbank.ro\/lexikon\/wp-json\/wp\/v2\/product\/22378","targetHints":{"allow":["GET"]}}],"collection":[{"href":"https:\/\/uj.adatbank.ro\/lexikon\/wp-json\/wp\/v2\/product"}],"about":[{"href":"https:\/\/uj.adatbank.ro\/lexikon\/wp-json\/wp\/v2\/types\/product"}],"replies":[{"embeddable":true,"href":"https:\/\/uj.adatbank.ro\/lexikon\/wp-json\/wp\/v2\/comments?post=22378"}],"wp:attachment":[{"href":"https:\/\/uj.adatbank.ro\/lexikon\/wp-json\/wp\/v2\/media?parent=22378"}],"wp:term":[{"taxonomy":"product_brand","embeddable":true,"href":"https:\/\/uj.adatbank.ro\/lexikon\/wp-json\/wp\/v2\/product_brand?post=22378"},{"taxonomy":"product_cat","embeddable":true,"href":"https:\/\/uj.adatbank.ro\/lexikon\/wp-json\/wp\/v2\/product_cat?post=22378"},{"taxonomy":"product_tag","embeddable":true,"href":"https:\/\/uj.adatbank.ro\/lexikon\/wp-json\/wp\/v2\/product_tag?post=22378"}],"curies":[{"name":"wp","href":"https:\/\/api.w.org\/{rel}","templated":true}]}}

<p>1896, † Jilava, 1942. okt. 22.: a munkásmozgalom mártírja. – A M. Tanácsköztársaság Vörös Hadseregében a a hadügyi népbiztos szárnysegédje, a II. vörös tengerészezred parancsnoka volt. Az RKP tagja, a Maros völgyi munkásmozgalom résztvevője, a Korunk munkatársa. Libánfalvi és mv.-i otthonában számos marxi-lenini művet fordított le, népszerűsített és terjesztett. A kommunista propaganda miatt többször letartóztatták és az Antonescu katonai diktatúra altt Jilaván halálra ítélték és kivégezték. <br /><strong>Irod.:</strong> Gaál Kornélia: Maros-megyei munkásmozgalmi harcosok, akik nem ünnepelhettek velünk (V. Z., 1971. máj. 9.).</br></p>

<p>1896, † Jilava, 1942. okt. 22.: a munkásmozgalom mártírja. – A M. Tanácsköztársaság Vörös Hadseregében a a hadügyi népbiztos szárnysegédje, a II. vörös tengerészezred parancsnoka volt. Az RKP tagja, a Maros völgyi munkásmozgalom résztvevője, a Korunk munkatársa. Libánfalvi és mv.-i otthonában számos marxi-lenini művet fordított le, népszerűsített és terjesztett. A kommunista propaganda miatt többször letartóztatták és [&hellip;]</p>
