{"id":22379,"date":"2025-07-22T19:58:56","date_gmt":"2025-07-22T17:58:56","guid":{"rendered":"https:\/\/uj.adatbank.ro\/lexikon\/termek\/szmuk-iren\/"},"modified":"2025-07-22T19:58:56","modified_gmt":"2025-07-22T17:58:56","slug":"szmuk-iren","status":"publish","type":"product","link":"https:\/\/uj.adatbank.ro\/lexikon\/termek\/szmuk-iren\/","title":{"rendered":"SZMUK Ir\u00e9n"},"content":{"rendered":"<p>1901, \u2020\u00a0Mv., 1985. dec. 5.: munk\u00e1smozgalmi harcos, szak\u00e1csk\u00f6nyv\u00edr\u00f3. \u2013 Kv.-on \u00e9retts\u00e9gizett (1919). Tisztvisel\u0151. Az RKP tagja (1932\u2013), az illegalit\u00e1sban r\u00e9szt vett a p\u00e1rt \u00e1ltal szervezett akci\u00f3kban, t\u00f6bbsz\u00f6r letart\u00f3ztatt\u00e1k, megk\u00ednozt\u00e1k. A felszabadul\u00e1s ut\u00e1n k\u00fcl\u00f6nb\u00f6z\u0151 p\u00e1rtfeladatoknak tett eleget. A Rom\u00e1ni\u00e1ba menek\u00fclt g\u00f6r\u00f6g \u00e9s koreai gyerekek telep\u00e9nek igazgat\u00f3ja a Suceava megyei P\u00e2cli\u015f\u00e1n. Mv.-en \u00e9lt. Orvos fia ir\u00e1ny\u00edt\u00e1s\u00e1val hasznos szak\u00e1csk\u00f6nyveket szerkesztett. H\u00e1ztart\u00e1stani \u00edr\u00e1sait k\u00f6z\u00f6lte a Dolgoz\u00f3 N\u0151, V. Z., valamint a mv.-i ter\u00fcleti r\u00e1di\u00f3 ad\u00e1sai. \u2013 <strong>F. m.<\/strong>: 1006 \u00e9telrecept eg\u00e9szs\u00e9geseknek \u00e9s betegeknek (Buk., 1959, 1962); 1235 \u00e9telrecept eg\u00e9szs\u00e9geseknek \u00e9s betegeknek (Buk., 1976). <br \/><strong>Irod.:<\/strong> MMK; [Nekrol\u00f3g] (V. Z., 1985. dec. 7.); RMIL.<\/br><\/p>\n","protected":false},"excerpt":{"rendered":"<p>1901, \u2020\u00a0Mv., 1985. dec. 5.: munk\u00e1smozgalmi harcos, szak\u00e1csk\u00f6nyv\u00edr\u00f3. \u2013 Kv.-on \u00e9retts\u00e9gizett (1919). Tisztvisel\u0151. Az RKP tagja (1932\u2013), az illegalit\u00e1sban r\u00e9szt vett a p\u00e1rt \u00e1ltal szervezett akci\u00f3kban, t\u00f6bbsz\u00f6r letart\u00f3ztatt\u00e1k, megk\u00ednozt\u00e1k. A felszabadul\u00e1s ut\u00e1n k\u00fcl\u00f6nb\u00f6z\u0151 p\u00e1rtfeladatoknak tett eleget. A Rom\u00e1ni\u00e1ba menek\u00fclt g\u00f6r\u00f6g \u00e9s koreai gyerekek telep\u00e9nek igazgat\u00f3ja a Suceava megyei P\u00e2cli\u015f\u00e1n. Mv.-en \u00e9lt. Orvos fia ir\u00e1ny\u00edt\u00e1s\u00e1val hasznos [&hellip;]<\/p>\n","protected":false},"featured_media":0,"comment_status":"open","ping_status":"closed","template":"","meta":[],"product_brand":[],"product_cat":[137],"product_tag":[],"class_list":{"0":"post-22379","1":"product","2":"type-product","3":"status-publish","5":"product_cat-maros-megyei-eletrajzi-lexikon","7":"first","8":"instock","9":"shipping-taxable","10":"product-type-simple"},"_links":{"self":[{"href":"https:\/\/uj.adatbank.ro\/lexikon\/wp-json\/wp\/v2\/product\/22379","targetHints":{"allow":["GET"]}}],"collection":[{"href":"https:\/\/uj.adatbank.ro\/lexikon\/wp-json\/wp\/v2\/product"}],"about":[{"href":"https:\/\/uj.adatbank.ro\/lexikon\/wp-json\/wp\/v2\/types\/product"}],"replies":[{"embeddable":true,"href":"https:\/\/uj.adatbank.ro\/lexikon\/wp-json\/wp\/v2\/comments?post=22379"}],"wp:attachment":[{"href":"https:\/\/uj.adatbank.ro\/lexikon\/wp-json\/wp\/v2\/media?parent=22379"}],"wp:term":[{"taxonomy":"product_brand","embeddable":true,"href":"https:\/\/uj.adatbank.ro\/lexikon\/wp-json\/wp\/v2\/product_brand?post=22379"},{"taxonomy":"product_cat","embeddable":true,"href":"https:\/\/uj.adatbank.ro\/lexikon\/wp-json\/wp\/v2\/product_cat?post=22379"},{"taxonomy":"product_tag","embeddable":true,"href":"https:\/\/uj.adatbank.ro\/lexikon\/wp-json\/wp\/v2\/product_tag?post=22379"}],"curies":[{"name":"wp","href":"https:\/\/api.w.org\/{rel}","templated":true}]}}

SZMUK Irén

<p>1901, † Mv., 1985. dec. 5.: munkásmozgalmi harcos, szakácskönyvíró. – Kv.-on érettségizett (1919). Tisztviselő. Az RKP tagja (1932–), az illegalitásban részt vett a párt által szervezett akciókban, többször letartóztatták, megkínozták. A felszabadulás után különböző pártfeladatoknak tett eleget. A Romániába menekült görög és koreai gyerekek telepének igazgatója a Suceava megyei Pâclişán. Mv.-en élt. Orvos fia irányításával hasznos szakácskönyveket szerkesztett. Háztartástani írásait közölte a Dolgozó Nő, V. Z., valamint a mv.-i területi rádió adásai. – <strong>F. m.</strong>: 1006 ételrecept egészségeseknek és betegeknek (Buk., 1959, 1962); 1235 ételrecept egészségeseknek és betegeknek (Buk., 1976). <br /><strong>Irod.:</strong> MMK; [Nekrológ] (V. Z., 1985. dec. 7.); RMIL.</br></p>

<p>1901, † Mv., 1985. dec. 5.: munkásmozgalmi harcos, szakácskönyvíró. – Kv.-on érettségizett (1919). Tisztviselő. Az RKP tagja (1932–), az illegalitásban részt vett a párt által szervezett akciókban, többször letartóztatták, megkínozták. A felszabadulás után különböző pártfeladatoknak tett eleget. A Romániába menekült görög és koreai gyerekek telepének igazgatója a Suceava megyei Pâclişán. Mv.-en élt. Orvos fia irányításával hasznos [&hellip;]</p>
