{"id":22380,"date":"2025-07-22T19:58:58","date_gmt":"2025-07-22T17:58:58","guid":{"rendered":"https:\/\/uj.adatbank.ro\/lexikon\/termek\/szmuk-miklos-szmuk-nicolae\/"},"modified":"2025-07-22T19:58:58","modified_gmt":"2025-07-22T17:58:58","slug":"szmuk-miklos-szmuk-nicolae","status":"publish","type":"product","link":"https:\/\/uj.adatbank.ro\/lexikon\/termek\/szmuk-miklos-szmuk-nicolae\/","title":{"rendered":"SZMUK Mikl\u00f3s, Szmuk Nicolae"},"content":{"rendered":"<p>Mv., 1928, \u2020 1963.: orvos. \u2013 Anyja Szmuk Ir\u00e9n. \u2013 A MOGYI orvosi szak\u00e1n v\u00e9gzett (1953). Moldv\u00e1ban volt orvos. Vonatszerencs\u00e9tlens\u00e9g \u00e1ldozata. <br \/><strong>Irod.:<\/strong> Kiss Cs. M.<\/br><\/p>\n","protected":false},"excerpt":{"rendered":"<p>Mv., 1928, \u2020 1963.: orvos. \u2013 Anyja Szmuk Ir\u00e9n. \u2013 A MOGYI orvosi szak\u00e1n v\u00e9gzett (1953). Moldv\u00e1ban volt orvos. Vonatszerencs\u00e9tlens\u00e9g \u00e1ldozata. Irod.: Kiss Cs. M.<\/p>\n","protected":false},"featured_media":0,"comment_status":"open","ping_status":"closed","template":"","meta":[],"product_brand":[],"product_cat":[137],"product_tag":[],"class_list":{"0":"post-22380","1":"product","2":"type-product","3":"status-publish","5":"product_cat-maros-megyei-eletrajzi-lexikon","7":"first","8":"instock","9":"shipping-taxable","10":"product-type-simple"},"_links":{"self":[{"href":"https:\/\/uj.adatbank.ro\/lexikon\/wp-json\/wp\/v2\/product\/22380","targetHints":{"allow":["GET"]}}],"collection":[{"href":"https:\/\/uj.adatbank.ro\/lexikon\/wp-json\/wp\/v2\/product"}],"about":[{"href":"https:\/\/uj.adatbank.ro\/lexikon\/wp-json\/wp\/v2\/types\/product"}],"replies":[{"embeddable":true,"href":"https:\/\/uj.adatbank.ro\/lexikon\/wp-json\/wp\/v2\/comments?post=22380"}],"wp:attachment":[{"href":"https:\/\/uj.adatbank.ro\/lexikon\/wp-json\/wp\/v2\/media?parent=22380"}],"wp:term":[{"taxonomy":"product_brand","embeddable":true,"href":"https:\/\/uj.adatbank.ro\/lexikon\/wp-json\/wp\/v2\/product_brand?post=22380"},{"taxonomy":"product_cat","embeddable":true,"href":"https:\/\/uj.adatbank.ro\/lexikon\/wp-json\/wp\/v2\/product_cat?post=22380"},{"taxonomy":"product_tag","embeddable":true,"href":"https:\/\/uj.adatbank.ro\/lexikon\/wp-json\/wp\/v2\/product_tag?post=22380"}],"curies":[{"name":"wp","href":"https:\/\/api.w.org\/{rel}","templated":true}]}}