{"id":22387,"date":"2025-07-22T19:59:14","date_gmt":"2025-07-22T17:59:14","guid":{"rendered":"https:\/\/uj.adatbank.ro\/lexikon\/termek\/szoboszlay-laszlo\/"},"modified":"2025-07-22T19:59:14","modified_gmt":"2025-07-22T17:59:14","slug":"szoboszlay-laszlo","status":"publish","type":"product","link":"https:\/\/uj.adatbank.ro\/lexikon\/termek\/szoboszlay-laszlo\/","title":{"rendered":"SZOBOSZLAY L\u00e1szl\u00f3"},"content":{"rendered":"<p>Cs\u00f3kfalva, 1879 \u2020?: dr., \u00fcgyv\u00e9d Ny\u00e1r\u00e1dszered\u00e1ban, politikus, k\u00e9pvisel\u0151, v\u00e1rmegyei f\u0151\u00fcgy\u00e9sz \u2013 Az els\u0151 vil\u00e1gh\u00e1bor\u00fa el\u0151tt r\u00e9szt vett a Maros-Torda megye \u00e9let\u00e9ben, korm\u00e1nybiztos helyettes (1917\u2013); a marostordai Nemzeti Tan\u00e1cs eln\u00f6ke (1918). A Megalakult Magyar Sz\u00f6vets\u00e9g vezet\u0151s\u00e9gi tagja (1921), az Egys\u00e9ges Magyar P\u00e1rt mv.-i szervezete vezet\u0151s\u00e9gi tagja (1922). Az OMP megyei tagozat\u00e1nak \u00fcgyvezet\u0151je (1926). K\u00e9t\u00edzben magyarp\u00e1rti programmal kamarai k\u00e9pvisel\u0151 (1926, 1927); a r. k. St\u00e1tus ig. tan\u00e1cs\u00e1nak tagja, a mv.-i R. K. F\u0151gimn\u00e1zium f\u0151gondnoka (1932\u2013). A M. Rendfenntart\u00f3 Bizotts\u00e1g tagja (1940. aug.). V\u00e1rmegyei f\u0151\u00fcgy\u00e9sz (1941). <br \/><strong>Irod.:<\/strong> Berekm\u00e9ri 2015; Bern\u00e1dy; EM; Id\u0151t\u00e1r 3; Jelent\u00e9s az Alba Iulia-Gyulafeh\u00e9rv\u00e1ri latin szertart\u00e1s\u00fa Rom. Kat. Egyh\u00e1zmegyei Tan\u00e1cs 1939. \u00e9vi nov. 16.-ra \u00f6sszeh\u00edvott k\u00f6zgy\u0171l\u00e9s\u00e9re (Kv., 1939); Osv\u00e1th.<\/br><\/p>\n","protected":false},"excerpt":{"rendered":"<p>Cs\u00f3kfalva, 1879 \u2020?: dr., \u00fcgyv\u00e9d Ny\u00e1r\u00e1dszered\u00e1ban, politikus, k\u00e9pvisel\u0151, v\u00e1rmegyei f\u0151\u00fcgy\u00e9sz \u2013 Az els\u0151 vil\u00e1gh\u00e1bor\u00fa el\u0151tt r\u00e9szt vett a Maros-Torda megye \u00e9let\u00e9ben, korm\u00e1nybiztos helyettes (1917\u2013); a marostordai Nemzeti Tan\u00e1cs eln\u00f6ke (1918). A Megalakult Magyar Sz\u00f6vets\u00e9g vezet\u0151s\u00e9gi tagja (1921), az Egys\u00e9ges Magyar P\u00e1rt mv.-i szervezete vezet\u0151s\u00e9gi tagja (1922). Az OMP megyei tagozat\u00e1nak \u00fcgyvezet\u0151je (1926). K\u00e9t\u00edzben magyarp\u00e1rti programmal [&hellip;]<\/p>\n","protected":false},"featured_media":0,"comment_status":"open","ping_status":"closed","template":"","meta":[],"product_brand":[],"product_cat":[137],"product_tag":[],"class_list":{"0":"post-22387","1":"product","2":"type-product","3":"status-publish","5":"product_cat-maros-megyei-eletrajzi-lexikon","7":"first","8":"instock","9":"shipping-taxable","10":"product-type-simple"},"_links":{"self":[{"href":"https:\/\/uj.adatbank.ro\/lexikon\/wp-json\/wp\/v2\/product\/22387","targetHints":{"allow":["GET"]}}],"collection":[{"href":"https:\/\/uj.adatbank.ro\/lexikon\/wp-json\/wp\/v2\/product"}],"about":[{"href":"https:\/\/uj.adatbank.ro\/lexikon\/wp-json\/wp\/v2\/types\/product"}],"replies":[{"embeddable":true,"href":"https:\/\/uj.adatbank.ro\/lexikon\/wp-json\/wp\/v2\/comments?post=22387"}],"wp:attachment":[{"href":"https:\/\/uj.adatbank.ro\/lexikon\/wp-json\/wp\/v2\/media?parent=22387"}],"wp:term":[{"taxonomy":"product_brand","embeddable":true,"href":"https:\/\/uj.adatbank.ro\/lexikon\/wp-json\/wp\/v2\/product_brand?post=22387"},{"taxonomy":"product_cat","embeddable":true,"href":"https:\/\/uj.adatbank.ro\/lexikon\/wp-json\/wp\/v2\/product_cat?post=22387"},{"taxonomy":"product_tag","embeddable":true,"href":"https:\/\/uj.adatbank.ro\/lexikon\/wp-json\/wp\/v2\/product_tag?post=22387"}],"curies":[{"name":"wp","href":"https:\/\/api.w.org\/{rel}","templated":true}]}}

SZOBOSZLAY László

<p>Csókfalva, 1879 †?: dr., ügyvéd Nyárádszeredában, politikus, képviselő, vármegyei főügyész – Az első világháború előtt részt vett a Maros-Torda megye életében, kormánybiztos helyettes (1917–); a marostordai Nemzeti Tanács elnöke (1918). A Megalakult Magyar Szövetség vezetőségi tagja (1921), az Egységes Magyar Párt mv.-i szervezete vezetőségi tagja (1922). Az OMP megyei tagozatának ügyvezetője (1926). Kétízben magyarpárti programmal kamarai képviselő (1926, 1927); a r. k. Státus ig. tanácsának tagja, a mv.-i R. K. Főgimnázium főgondnoka (1932–). A M. Rendfenntartó Bizottság tagja (1940. aug.). Vármegyei főügyész (1941). <br /><strong>Irod.:</strong> Berekméri 2015; Bernády; EM; Időtár 3; Jelentés az Alba Iulia-Gyulafehérvári latin szertartású Rom. Kat. Egyházmegyei Tanács 1939. évi nov. 16.-ra összehívott közgyűlésére (Kv., 1939); Osváth.</br></p>

<p>Csókfalva, 1879 †?: dr., ügyvéd Nyárádszeredában, politikus, képviselő, vármegyei főügyész – Az első világháború előtt részt vett a Maros-Torda megye életében, kormánybiztos helyettes (1917–); a marostordai Nemzeti Tanács elnöke (1918). A Megalakult Magyar Szövetség vezetőségi tagja (1921), az Egységes Magyar Párt mv.-i szervezete vezetőségi tagja (1922). Az OMP megyei tagozatának ügyvezetője (1926). Kétízben magyarpárti programmal [&hellip;]</p>
