{"id":22397,"date":"2025-07-22T19:59:35","date_gmt":"2025-07-22T17:59:35","guid":{"rendered":"https:\/\/uj.adatbank.ro\/lexikon\/termek\/szocs-andrei-szocs-andras\/"},"modified":"2025-07-22T19:59:35","modified_gmt":"2025-07-22T17:59:35","slug":"szocs-andrei-szocs-andras","status":"publish","type":"product","link":"https:\/\/uj.adatbank.ro\/lexikon\/termek\/szocs-andrei-szocs-andras\/","title":{"rendered":"SZ\u0150CS Andrei, Sz\u0151cs Andr\u00e1s"},"content":{"rendered":"<p>Mv., 1926. \u00e1pr. 2., \u2020\u00a0Mv., 1988.: sz\u00e1zados. \u2013 F\u0151t\u00f6rzs\u0151rmester (1948), alhadnagy (1950), f\u0151hadnagy (1957), sz\u00e1zados (1959). Mv.-en a Securitate Tartom\u00e1nyi Igazgat\u00f3s\u00e1g\u00e1n alhadnagy Erd\u0151szentgy\u00f6rgy\u00f6n (1952), f\u0151hadnagy (1957\u2013), majd sz\u00e1zados (1959), k\u00fcl\u00f6nb\u00f6z\u0151 v\u00e9ts\u00e9gek miatt kitett\u00e9k a munkahely\u00e9r\u0151l (1960. aug. 31.). <br \/><strong>Irod.:<\/strong> Bartos Zolt\u00e1n; Bartos 2012.; http: \/\/www.cnsas.ro\/documente\/cadrele_securitatii\/SZOCS%20ENDRE.pdf.<\/br><\/p>\n","protected":false},"excerpt":{"rendered":"<p>Mv., 1926. \u00e1pr. 2., \u2020\u00a0Mv., 1988.: sz\u00e1zados. \u2013 F\u0151t\u00f6rzs\u0151rmester (1948), alhadnagy (1950), f\u0151hadnagy (1957), sz\u00e1zados (1959). Mv.-en a Securitate Tartom\u00e1nyi Igazgat\u00f3s\u00e1g\u00e1n alhadnagy Erd\u0151szentgy\u00f6rgy\u00f6n (1952), f\u0151hadnagy (1957\u2013), majd sz\u00e1zados (1959), k\u00fcl\u00f6nb\u00f6z\u0151 v\u00e9ts\u00e9gek miatt kitett\u00e9k a munkahely\u00e9r\u0151l (1960. aug. 31.). Irod.: Bartos Zolt\u00e1n; Bartos 2012.; http: \/\/www.cnsas.ro\/documente\/cadrele_securitatii\/SZOCS%20ENDRE.pdf.<\/p>\n","protected":false},"featured_media":0,"comment_status":"open","ping_status":"closed","template":"","meta":[],"product_brand":[],"product_cat":[137],"product_tag":[],"class_list":{"0":"post-22397","1":"product","2":"type-product","3":"status-publish","5":"product_cat-maros-megyei-eletrajzi-lexikon","7":"first","8":"instock","9":"shipping-taxable","10":"product-type-simple"},"_links":{"self":[{"href":"https:\/\/uj.adatbank.ro\/lexikon\/wp-json\/wp\/v2\/product\/22397","targetHints":{"allow":["GET"]}}],"collection":[{"href":"https:\/\/uj.adatbank.ro\/lexikon\/wp-json\/wp\/v2\/product"}],"about":[{"href":"https:\/\/uj.adatbank.ro\/lexikon\/wp-json\/wp\/v2\/types\/product"}],"replies":[{"embeddable":true,"href":"https:\/\/uj.adatbank.ro\/lexikon\/wp-json\/wp\/v2\/comments?post=22397"}],"wp:attachment":[{"href":"https:\/\/uj.adatbank.ro\/lexikon\/wp-json\/wp\/v2\/media?parent=22397"}],"wp:term":[{"taxonomy":"product_brand","embeddable":true,"href":"https:\/\/uj.adatbank.ro\/lexikon\/wp-json\/wp\/v2\/product_brand?post=22397"},{"taxonomy":"product_cat","embeddable":true,"href":"https:\/\/uj.adatbank.ro\/lexikon\/wp-json\/wp\/v2\/product_cat?post=22397"},{"taxonomy":"product_tag","embeddable":true,"href":"https:\/\/uj.adatbank.ro\/lexikon\/wp-json\/wp\/v2\/product_tag?post=22397"}],"curies":[{"name":"wp","href":"https:\/\/api.w.org\/{rel}","templated":true}]}}