{"id":22398,"date":"2025-07-22T19:59:37","date_gmt":"2025-07-22T17:59:37","guid":{"rendered":"https:\/\/uj.adatbank.ro\/lexikon\/termek\/szocs-bela\/"},"modified":"2025-07-22T19:59:37","modified_gmt":"2025-07-22T17:59:37","slug":"szocs-bela","status":"publish","type":"product","link":"https:\/\/uj.adatbank.ro\/lexikon\/termek\/szocs-bela\/","title":{"rendered":"SZ\u0150CS B\u00e9la"},"content":{"rendered":"<p>? \u2020?: vasmunk\u00e1s, polg\u00e1rmester. \u2013 Feles\u00e9g\u00e9t (1896\u2013) Mv.-r\u0151l deport\u00e1lt\u00e1k (1944. m\u00e1j. 29.). Fi\u00fak: Sz. K\u00e1lm\u00e1n k\u00f6lt\u0151. \u2013 Mv.-en bekapcsol\u00f3dott az illeg\u00e1lis kommunista ifjak mozgalm\u00e1ba, a Munk\u00e1sotthon tev\u00e9kenys\u00e9g\u00e9be \u00e9s a szakszervezetek munk\u00e1j\u00e1ba (1920\u2013). A megalakult RKP Maros megyei szervezet\u00e9nek vezet\u0151s\u00e9gi tagja (1944. okt.). A MNSZ mv.-i titk\u00e1ra (1945), a MAT tartom\u00e1nyi ARLUS bizotts\u00e1g eln\u00f6ke (1952). Mv. polg\u00e1rmestere (1953\u201356). <br \/><strong>Irod.:<\/strong> Bottoni 2008; Fodor\u2013Bal\u00e1s; Gagyi J\u00f3zsef: Egy munkaterv 1952-b\u0151l: A MAT sz\u00fclet\u00e9se (Sz\u00e9kelyf\u00f6ld, 2002. szept., 9. sz.); Id\u0151t\u00e1r 3; Katona Szab\u00f3; Mv. zsid\u00f3s\u00e1ga.<\/br><\/p>\n","protected":false},"excerpt":{"rendered":"<p>? \u2020?: vasmunk\u00e1s, polg\u00e1rmester. \u2013 Feles\u00e9g\u00e9t (1896\u2013) Mv.-r\u0151l deport\u00e1lt\u00e1k (1944. m\u00e1j. 29.). Fi\u00fak: Sz. K\u00e1lm\u00e1n k\u00f6lt\u0151. \u2013 Mv.-en bekapcsol\u00f3dott az illeg\u00e1lis kommunista ifjak mozgalm\u00e1ba, a Munk\u00e1sotthon tev\u00e9kenys\u00e9g\u00e9be \u00e9s a szakszervezetek munk\u00e1j\u00e1ba (1920\u2013). A megalakult RKP Maros megyei szervezet\u00e9nek vezet\u0151s\u00e9gi tagja (1944. okt.). A MNSZ mv.-i titk\u00e1ra (1945), a MAT tartom\u00e1nyi ARLUS bizotts\u00e1g eln\u00f6ke (1952). Mv. [&hellip;]<\/p>\n","protected":false},"featured_media":0,"comment_status":"open","ping_status":"closed","template":"","meta":[],"product_brand":[],"product_cat":[137],"product_tag":[],"class_list":{"0":"post-22398","1":"product","2":"type-product","3":"status-publish","5":"product_cat-maros-megyei-eletrajzi-lexikon","7":"first","8":"instock","9":"shipping-taxable","10":"product-type-simple"},"_links":{"self":[{"href":"https:\/\/uj.adatbank.ro\/lexikon\/wp-json\/wp\/v2\/product\/22398","targetHints":{"allow":["GET"]}}],"collection":[{"href":"https:\/\/uj.adatbank.ro\/lexikon\/wp-json\/wp\/v2\/product"}],"about":[{"href":"https:\/\/uj.adatbank.ro\/lexikon\/wp-json\/wp\/v2\/types\/product"}],"replies":[{"embeddable":true,"href":"https:\/\/uj.adatbank.ro\/lexikon\/wp-json\/wp\/v2\/comments?post=22398"}],"wp:attachment":[{"href":"https:\/\/uj.adatbank.ro\/lexikon\/wp-json\/wp\/v2\/media?parent=22398"}],"wp:term":[{"taxonomy":"product_brand","embeddable":true,"href":"https:\/\/uj.adatbank.ro\/lexikon\/wp-json\/wp\/v2\/product_brand?post=22398"},{"taxonomy":"product_cat","embeddable":true,"href":"https:\/\/uj.adatbank.ro\/lexikon\/wp-json\/wp\/v2\/product_cat?post=22398"},{"taxonomy":"product_tag","embeddable":true,"href":"https:\/\/uj.adatbank.ro\/lexikon\/wp-json\/wp\/v2\/product_tag?post=22398"}],"curies":[{"name":"wp","href":"https:\/\/api.w.org\/{rel}","templated":true}]}}

SZŐCS Béla

<p>? †?: vasmunkás, polgármester. – Feleségét (1896–) Mv.-ről deportálták (1944. máj. 29.). Fiúk: Sz. Kálmán költő. – Mv.-en bekapcsolódott az illegális kommunista ifjak mozgalmába, a Munkásotthon tevékenységébe és a szakszervezetek munkájába (1920–). A megalakult RKP Maros megyei szervezetének vezetőségi tagja (1944. okt.). A MNSZ mv.-i titkára (1945), a MAT tartományi ARLUS bizottság elnöke (1952). Mv. polgármestere (1953–56). <br /><strong>Irod.:</strong> Bottoni 2008; Fodor–Balás; Gagyi József: Egy munkaterv 1952-ből: A MAT születése (Székelyföld, 2002. szept., 9. sz.); Időtár 3; Katona Szabó; Mv. zsidósága.</br></p>

<p>? †?: vasmunkás, polgármester. – Feleségét (1896–) Mv.-ről deportálták (1944. máj. 29.). Fiúk: Sz. Kálmán költő. – Mv.-en bekapcsolódott az illegális kommunista ifjak mozgalmába, a Munkásotthon tevékenységébe és a szakszervezetek munkájába (1920–). A megalakult RKP Maros megyei szervezetének vezetőségi tagja (1944. okt.). A MNSZ mv.-i titkára (1945), a MAT tartományi ARLUS bizottság elnöke (1952). Mv. [&hellip;]</p>
