{"id":2240,"date":"2025-06-28T12:07:58","date_gmt":"2025-06-28T10:07:58","guid":{"rendered":"https:\/\/uj.adatbank.ro\/lexikon\/termek\/banyai-laszlo-gyula\/"},"modified":"2025-06-28T12:07:58","modified_gmt":"2025-06-28T10:07:58","slug":"banyai-laszlo-gyula","status":"publish","type":"product","link":"https:\/\/uj.adatbank.ro\/lexikon\/termek\/banyai-laszlo-gyula\/","title":{"rendered":"B\u00c1NYAI L\u00e1szl\u00f3 Gyula"},"content":{"rendered":"<p>Zilah, 1920. j\u00fal. 19., \u2020\u00a0Mv., 1984. febr. 8.: f\u0151gy\u00f3gyszer\u00e9sz. \u2013 L\u00e1szl\u00f3 \u00e9s Ir\u00e9n fia. \u2013 A bp.-i P\u00e1zm\u00e1ny P\u00e9ter TE-n kapott diplom\u00e1t (1942. dec. 21.). Gyakornok volt a mv.-i D\u00e1vid J\u00e1nos f\u00e9le Szentl\u00e9lek gy\u00f3gyszert\u00e1rban (1942. dec. \u201343), alkalmazott a Kov\u00e1cs Andor Sas gy\u00f3gyszert\u00e1r\u00e1ban (1945\u201346). G\u00f6rg\u00e9nyszentimr\u00e9n megvette a Kn\u00f6pfler Vilmost\u00f3l a korona patik\u00e1t (1946\u2013). K\u00e9nyszermunkat\u00e1borba k\u00fcldte a securitate (1952), negat\u00edv h\u00edrkelt\u00e9s miatt. Ism\u00e9t Mv.-en dolgozott t\u00f6bb patik\u00e1ban (1957\u2013), nyugd\u00edjazt\u00e1k (1980. dec. 10.). <br \/><strong>Irod.:<\/strong> Bartos 2012; [Nekrol\u00f3g], (V. Z. 1984. febr. 9.); P\u00e9ter H. M.<\/br><\/p>\n","protected":false},"excerpt":{"rendered":"<p>Zilah, 1920. j\u00fal. 19., \u2020\u00a0Mv., 1984. febr. 8.: f\u0151gy\u00f3gyszer\u00e9sz. \u2013 L\u00e1szl\u00f3 \u00e9s Ir\u00e9n fia. \u2013 A bp.-i P\u00e1zm\u00e1ny P\u00e9ter TE-n kapott diplom\u00e1t (1942. dec. 21.). Gyakornok volt a mv.-i D\u00e1vid J\u00e1nos f\u00e9le Szentl\u00e9lek gy\u00f3gyszert\u00e1rban (1942. dec. \u201343), alkalmazott a Kov\u00e1cs Andor Sas gy\u00f3gyszert\u00e1r\u00e1ban (1945\u201346). G\u00f6rg\u00e9nyszentimr\u00e9n megvette a Kn\u00f6pfler Vilmost\u00f3l a korona patik\u00e1t (1946\u2013). K\u00e9nyszermunkat\u00e1borba k\u00fcldte [&hellip;]<\/p>\n","protected":false},"featured_media":0,"comment_status":"open","ping_status":"closed","template":"","meta":[],"product_brand":[],"product_cat":[137],"product_tag":[],"class_list":{"0":"post-2240","1":"product","2":"type-product","3":"status-publish","5":"product_cat-maros-megyei-eletrajzi-lexikon","7":"first","8":"instock","9":"shipping-taxable","10":"product-type-simple"},"_links":{"self":[{"href":"https:\/\/uj.adatbank.ro\/lexikon\/wp-json\/wp\/v2\/product\/2240","targetHints":{"allow":["GET"]}}],"collection":[{"href":"https:\/\/uj.adatbank.ro\/lexikon\/wp-json\/wp\/v2\/product"}],"about":[{"href":"https:\/\/uj.adatbank.ro\/lexikon\/wp-json\/wp\/v2\/types\/product"}],"replies":[{"embeddable":true,"href":"https:\/\/uj.adatbank.ro\/lexikon\/wp-json\/wp\/v2\/comments?post=2240"}],"wp:attachment":[{"href":"https:\/\/uj.adatbank.ro\/lexikon\/wp-json\/wp\/v2\/media?parent=2240"}],"wp:term":[{"taxonomy":"product_brand","embeddable":true,"href":"https:\/\/uj.adatbank.ro\/lexikon\/wp-json\/wp\/v2\/product_brand?post=2240"},{"taxonomy":"product_cat","embeddable":true,"href":"https:\/\/uj.adatbank.ro\/lexikon\/wp-json\/wp\/v2\/product_cat?post=2240"},{"taxonomy":"product_tag","embeddable":true,"href":"https:\/\/uj.adatbank.ro\/lexikon\/wp-json\/wp\/v2\/product_tag?post=2240"}],"curies":[{"name":"wp","href":"https:\/\/api.w.org\/{rel}","templated":true}]}}

BÁNYAI László Gyula

<p>Zilah, 1920. júl. 19., † Mv., 1984. febr. 8.: főgyógyszerész. – László és Irén fia. – A bp.-i Pázmány Péter TE-n kapott diplomát (1942. dec. 21.). Gyakornok volt a mv.-i Dávid János féle Szentlélek gyógyszertárban (1942. dec. –43), alkalmazott a Kovács Andor Sas gyógyszertárában (1945–46). Görgényszentimrén megvette a Knöpfler Vilmostól a korona patikát (1946–). Kényszermunkatáborba küldte a securitate (1952), negatív hírkeltés miatt. Ismét Mv.-en dolgozott több patikában (1957–), nyugdíjazták (1980. dec. 10.). <br /><strong>Irod.:</strong> Bartos 2012; [Nekrológ], (V. Z. 1984. febr. 9.); Péter H. M.</br></p>

<p>Zilah, 1920. júl. 19., † Mv., 1984. febr. 8.: főgyógyszerész. – László és Irén fia. – A bp.-i Pázmány Péter TE-n kapott diplomát (1942. dec. 21.). Gyakornok volt a mv.-i Dávid János féle Szentlélek gyógyszertárban (1942. dec. –43), alkalmazott a Kovács Andor Sas gyógyszertárában (1945–46). Görgényszentimrén megvette a Knöpfler Vilmostól a korona patikát (1946–). Kényszermunkatáborba küldte [&hellip;]</p>
