{"id":22402,"date":"2025-07-22T19:59:45","date_gmt":"2025-07-22T17:59:45","guid":{"rendered":"https:\/\/uj.adatbank.ro\/lexikon\/termek\/szocs-endre\/"},"modified":"2025-07-22T19:59:45","modified_gmt":"2025-07-22T17:59:45","slug":"szocs-endre","status":"publish","type":"product","link":"https:\/\/uj.adatbank.ro\/lexikon\/termek\/szocs-endre\/","title":{"rendered":"SZ\u0150CS Endre"},"content":{"rendered":"<p>? \u2020?: ref. lelk\u00e9sz. \u2013 Vajdaszentiv\u00e1nyon iktatt\u00e1k be (1948. febr. 8.). Tagja volt az MNSZ K\u00f6zponti Int\u00e9z\u0151bizotts\u00e1g\u00e1nak (1946\u2013). Kultusz\u00fcgyi inspektor, teol\u00f3giai tan\u00e1r. A hat\u00f3s\u00e1gi k\u00f6zegek k\u00f6zbel\u00e9p\u00e9s\u00e9re lett prof. (1959. nov. 15-t\u0151l), ekkor m\u00e9g se mag\u00e1ntan\u00e1ri diplom\u00e1val, sem doktori fokozattal nem rendelkezett. Doktori fokozatot szerzett (1968). Nyugalomba helyezt\u00e9k (66. \u00e9ves kor\u00e1ban). <br \/><strong>Irod.:<\/strong> Sz\u00e9kely Sz\u00f3, 1948. febr. 12.; T\u0151k\u00e9s Istv\u00e1n; T\u00f6tt\u00f6ssy.<\/br><\/p>\n","protected":false},"excerpt":{"rendered":"<p>? \u2020?: ref. lelk\u00e9sz. \u2013 Vajdaszentiv\u00e1nyon iktatt\u00e1k be (1948. febr. 8.). Tagja volt az MNSZ K\u00f6zponti Int\u00e9z\u0151bizotts\u00e1g\u00e1nak (1946\u2013). Kultusz\u00fcgyi inspektor, teol\u00f3giai tan\u00e1r. A hat\u00f3s\u00e1gi k\u00f6zegek k\u00f6zbel\u00e9p\u00e9s\u00e9re lett prof. (1959. nov. 15-t\u0151l), ekkor m\u00e9g se mag\u00e1ntan\u00e1ri diplom\u00e1val, sem doktori fokozattal nem rendelkezett. Doktori fokozatot szerzett (1968). Nyugalomba helyezt\u00e9k (66. \u00e9ves kor\u00e1ban). Irod.: Sz\u00e9kely Sz\u00f3, 1948. febr. [&hellip;]<\/p>\n","protected":false},"featured_media":0,"comment_status":"open","ping_status":"closed","template":"","meta":[],"product_brand":[],"product_cat":[137],"product_tag":[],"class_list":{"0":"post-22402","1":"product","2":"type-product","3":"status-publish","5":"product_cat-maros-megyei-eletrajzi-lexikon","7":"first","8":"instock","9":"shipping-taxable","10":"product-type-simple"},"_links":{"self":[{"href":"https:\/\/uj.adatbank.ro\/lexikon\/wp-json\/wp\/v2\/product\/22402","targetHints":{"allow":["GET"]}}],"collection":[{"href":"https:\/\/uj.adatbank.ro\/lexikon\/wp-json\/wp\/v2\/product"}],"about":[{"href":"https:\/\/uj.adatbank.ro\/lexikon\/wp-json\/wp\/v2\/types\/product"}],"replies":[{"embeddable":true,"href":"https:\/\/uj.adatbank.ro\/lexikon\/wp-json\/wp\/v2\/comments?post=22402"}],"wp:attachment":[{"href":"https:\/\/uj.adatbank.ro\/lexikon\/wp-json\/wp\/v2\/media?parent=22402"}],"wp:term":[{"taxonomy":"product_brand","embeddable":true,"href":"https:\/\/uj.adatbank.ro\/lexikon\/wp-json\/wp\/v2\/product_brand?post=22402"},{"taxonomy":"product_cat","embeddable":true,"href":"https:\/\/uj.adatbank.ro\/lexikon\/wp-json\/wp\/v2\/product_cat?post=22402"},{"taxonomy":"product_tag","embeddable":true,"href":"https:\/\/uj.adatbank.ro\/lexikon\/wp-json\/wp\/v2\/product_tag?post=22402"}],"curies":[{"name":"wp","href":"https:\/\/api.w.org\/{rel}","templated":true}]}}

SZŐCS Endre

<p>? †?: ref. lelkész. – Vajdaszentiványon iktatták be (1948. febr. 8.). Tagja volt az MNSZ Központi Intézőbizottságának (1946–). Kultuszügyi inspektor, teológiai tanár. A hatósági közegek közbelépésére lett prof. (1959. nov. 15-től), ekkor még se magántanári diplomával, sem doktori fokozattal nem rendelkezett. Doktori fokozatot szerzett (1968). Nyugalomba helyezték (66. éves korában). <br /><strong>Irod.:</strong> Székely Szó, 1948. febr. 12.; Tőkés István; Töttössy.</br></p>

<p>? †?: ref. lelkész. – Vajdaszentiványon iktatták be (1948. febr. 8.). Tagja volt az MNSZ Központi Intézőbizottságának (1946–). Kultuszügyi inspektor, teológiai tanár. A hatósági közegek közbelépésére lett prof. (1959. nov. 15-től), ekkor még se magántanári diplomával, sem doktori fokozattal nem rendelkezett. Doktori fokozatot szerzett (1968). Nyugalomba helyezték (66. éves korában). Irod.: Székely Szó, 1948. febr. [&hellip;]</p>
