{"id":22406,"date":"2025-07-22T19:59:57","date_gmt":"2025-07-22T17:59:57","guid":{"rendered":"https:\/\/uj.adatbank.ro\/lexikon\/termek\/szocs-geza\/"},"modified":"2025-07-22T19:59:57","modified_gmt":"2025-07-22T17:59:57","slug":"szocs-geza","status":"publish","type":"product","link":"https:\/\/uj.adatbank.ro\/lexikon\/termek\/szocs-geza\/","title":{"rendered":"SZ\u0150CS G\u00e9za"},"content":{"rendered":"<p>Mv., 1953. aug. 21., \u2020\u00a02020. nov. 3?: k\u00f6lt\u0151, \u00fajs\u00e1g\u00edr\u00f3, politikus. \u2013 Sz\u0151cs Istv\u00e1n \u00e9s M\u00e1rton R\u00e1chel m\u0171ford\u00edt\u00f3 fia. Gyermekei: Petra (1979), Anna J\u00falia (1986), M\u00e1rton (1990), Krist\u00f3f (1992). \u2013 A BBTE magyar nyelv \u00e9s irod. szak\u00e1n v\u00e9gzett (1978). \u00dajs\u00e1g\u00edr\u00f3 a kv.-i Igazs\u00e1g-n\u00e1l (\u20131982), tan\u00e1r a 3. sz. L\u00edc.-ban, munkan\u00e9lk\u00fcli (1985-ig), kutat\u00f3 a kv.-i Irodalomt\u00f6rt. \u00e9s Nyelv\u00e9szeti Int\u00e9zet kutat\u00f3ja, emigr\u00e1lt (1986-ban). Genfben \u00fajs\u00e1g\u00edr\u00f3 (1986\u201389). A Szabad Eur\u00f3pa R\u00e1di\u00f3 bp.-i irod\u00e1j\u00e1nak l\u00e9trehoz\u00f3ja \u00e9s ir\u00e1ny\u00edt\u00f3ja. Visszat\u00e9rt Kv.-ra, az RMDSZ f\u0151titk\u00e1ra (1990\u201391), aleln\u00f6ke (1991\u201393), kv-i szen\u00e1tor Buk.-ben. \u2013 <strong>F. m.<\/strong>: Te ment\u00e9l \u00e1t a v\u00edzen? (versek, Buk., 1976): Kil\u00e1t\u00f3torony \u00e9s k\u00f6rny\u00e9ke (versek, 1977); P\u00e1rbaj, avagy a huszonharmadik h\u00f3hull\u00e1s (versek, 1979); A sz\u00e9lnek eresztett b\u00e1bu (versek, 1986); A sz\u00e9lnek eresztett b\u00e1bu (versek, 1986); Az uniformis l\u00e1togat\u00e1sa (versek, politikai dokumentumok, 1987); Kit\u00f6m\u00f6tt utc\u00e1k, heged\u0171k (reg\u00e9ny-t\u00f6red\u00e9kek, 1988); A sir\u00e1lyb\u0151r cip\u0151 (versek, 1989); Hist\u00f3ri\u00e1k a k\u00fcsz\u00f6b al\u00f3l (dr\u00e1mai sz\u00f6vegek, 1990); A vend\u00e9gszeret\u0151, avagy Szindb\u00e1d Marienbadban (versek, 1990); Szindb\u00e1d hazamegy (Korunk, 1990. m\u00e1j.); Sztahanov hazamegy, 1990. m\u00e1j. ; Lev\u00e9l a Pruton t\u00faliakhoz (Sz. G. \u2013 Tam\u00e1s G\u00e1sp\u00e1r Mikl\u00f3s; Korunk, 1990. nov.); Bevezet\u00e9s a lopakod\u00f3 civiliz\u00e1ci\u00f3 format\u00f6rt\u00e9net\u00e9be (Korunk, 1991. j\u00fal. ); K\u00f3nya S\u00e1ndor \u2013 Sz\u0151cs G\u00e9za: Hatalom vagy szolg\u00e1lat? Besz\u00e9lget\u00e9s az erd\u00e9lyi magyars\u00e1g saj\u00e1tos politik\u00e1j\u00e1r\u00f3l (Korunk, 1992. okt.); Vajon ki fog (Korunk, 1994. m\u00e1rc.); A kisbereki b\u00f6sz\u00f6rm\u00e9nyek (sz\u00ednj\u00e1t\u00e9k, 1995); Sz. G. \u2013 Rost\u00e1s Istv\u00e1n: Mennyi haj\u00f3t \u00e9s kik\u00f6t\u0151t\u2026 (Korunk, 1996. j\u00fal.); Ki cser\u00e9lte el a n\u00e9pet? (sz\u00ednj\u00e1t\u00e9k, 1996). \u2013 D\u00edjai: A Rom\u00e1n \u00cdr\u00f3sz\u00f6vets\u00e9g els\u0151k\u00f6nyves d\u00edja (1976); J\u00f3zsef Attila-d\u00edj (1992); D\u00e9ry Tibor-d\u00edj (1992); Herder-\u00f6szt\u00f6nd\u00edj (B\u00e9cs, 1979\u201380). A Magyarok Vil\u00e1gsz\u00f6vets\u00e9g\u00e9nek eln\u00f6ks\u00e9gi tagja (1993\u2013), a sz\u00f6vets\u00e9gi erd\u00e9lyi t\u00e1rsas\u00e1ga tan\u00e1cs\u00e1nak tagja, a Rom\u00e1n \u00cdr\u00f3sz\u00f6ves\u00e9g \u00e9s a Magyar Irodalomt\u00f6rt\u00e9neti T\u00e1rsas\u00e1g tagja. <br \/><strong>Irod.:<\/strong> EMKK2010; K\u00e1ntor \u2013 L\u00e1ng; Kort\u00e1rs M\u00cdKL; Orosz Ildik\u00f3: F\u00f6lfordul\u00e1s, f\u00f6lt\u00e1mad\u00e1s \u00e9s sz\u00e1mvet\u00e9s (Sz\u0151cs G\u00e9za: Vend\u00e9gszeret\u0151, avagy Szinb\u00e1d Marienbadban. Korunk, 1994, aug.); Sajt\u00f3c\u00e9z\u00e1rok? K\u00e9rdezett: Tibori Szab\u00f3 Zolt\u00e1n (Korunk, 1996, jan.).<\/br><\/p>\n","protected":false},"excerpt":{"rendered":"<p>Mv., 1953. aug. 21., \u2020\u00a02020. nov. 3?: k\u00f6lt\u0151, \u00fajs\u00e1g\u00edr\u00f3, politikus. \u2013 Sz\u0151cs Istv\u00e1n \u00e9s M\u00e1rton R\u00e1chel m\u0171ford\u00edt\u00f3 fia. Gyermekei: Petra (1979), Anna J\u00falia (1986), M\u00e1rton (1990), Krist\u00f3f (1992). \u2013 A BBTE magyar nyelv \u00e9s irod. szak\u00e1n v\u00e9gzett (1978). \u00dajs\u00e1g\u00edr\u00f3 a kv.-i Igazs\u00e1g-n\u00e1l (\u20131982), tan\u00e1r a 3. sz. L\u00edc.-ban, munkan\u00e9lk\u00fcli (1985-ig), kutat\u00f3 a kv.-i Irodalomt\u00f6rt. \u00e9s [&hellip;]<\/p>\n","protected":false},"featured_media":0,"comment_status":"open","ping_status":"closed","template":"","meta":[],"product_brand":[],"product_cat":[137],"product_tag":[],"class_list":{"0":"post-22406","1":"product","2":"type-product","3":"status-publish","5":"product_cat-maros-megyei-eletrajzi-lexikon","7":"first","8":"instock","9":"shipping-taxable","10":"product-type-simple"},"_links":{"self":[{"href":"https:\/\/uj.adatbank.ro\/lexikon\/wp-json\/wp\/v2\/product\/22406","targetHints":{"allow":["GET"]}}],"collection":[{"href":"https:\/\/uj.adatbank.ro\/lexikon\/wp-json\/wp\/v2\/product"}],"about":[{"href":"https:\/\/uj.adatbank.ro\/lexikon\/wp-json\/wp\/v2\/types\/product"}],"replies":[{"embeddable":true,"href":"https:\/\/uj.adatbank.ro\/lexikon\/wp-json\/wp\/v2\/comments?post=22406"}],"wp:attachment":[{"href":"https:\/\/uj.adatbank.ro\/lexikon\/wp-json\/wp\/v2\/media?parent=22406"}],"wp:term":[{"taxonomy":"product_brand","embeddable":true,"href":"https:\/\/uj.adatbank.ro\/lexikon\/wp-json\/wp\/v2\/product_brand?post=22406"},{"taxonomy":"product_cat","embeddable":true,"href":"https:\/\/uj.adatbank.ro\/lexikon\/wp-json\/wp\/v2\/product_cat?post=22406"},{"taxonomy":"product_tag","embeddable":true,"href":"https:\/\/uj.adatbank.ro\/lexikon\/wp-json\/wp\/v2\/product_tag?post=22406"}],"curies":[{"name":"wp","href":"https:\/\/api.w.org\/{rel}","templated":true}]}}

SZŐCS Géza

<p>Mv., 1953. aug. 21., † 2020. nov. 3?: költő, újságíró, politikus. – Szőcs István és Márton Ráchel műfordító fia. Gyermekei: Petra (1979), Anna Júlia (1986), Márton (1990), Kristóf (1992). – A BBTE magyar nyelv és irod. szakán végzett (1978). Újságíró a kv.-i Igazság-nál (–1982), tanár a 3. sz. Líc.-ban, munkanélküli (1985-ig), kutató a kv.-i Irodalomtört. és Nyelvészeti Intézet kutatója, emigrált (1986-ban). Genfben újságíró (1986–89). A Szabad Európa Rádió bp.-i irodájának létrehozója és irányítója. Visszatért Kv.-ra, az RMDSZ főtitkára (1990–91), alelnöke (1991–93), kv-i szenátor Buk.-ben. – <strong>F. m.</strong>: Te mentél át a vízen? (versek, Buk., 1976): Kilátótorony és környéke (versek, 1977); Párbaj, avagy a huszonharmadik hóhullás (versek, 1979); A szélnek eresztett bábu (versek, 1986); A szélnek eresztett bábu (versek, 1986); Az uniformis látogatása (versek, politikai dokumentumok, 1987); Kitömött utcák, hegedűk (regény-töredékek, 1988); A sirálybőr cipő (versek, 1989); Históriák a küszöb alól (drámai szövegek, 1990); A vendégszerető, avagy Szindbád Marienbadban (versek, 1990); Szindbád hazamegy (Korunk, 1990. máj.); Sztahanov hazamegy, 1990. máj. ; Levél a Pruton túliakhoz (Sz. G. – Tamás Gáspár Miklós; Korunk, 1990. nov.); Bevezetés a lopakodó civilizáció formatörténetébe (Korunk, 1991. júl. ); Kónya Sándor – Szőcs Géza: Hatalom vagy szolgálat? Beszélgetés az erdélyi magyarság sajátos politikájáról (Korunk, 1992. okt.); Vajon ki fog (Korunk, 1994. márc.); A kisbereki böszörmények (színjáték, 1995); Sz. G. – Rostás István: Mennyi hajót és kikötőt… (Korunk, 1996. júl.); Ki cserélte el a népet? (színjáték, 1996). – Díjai: A Román Írószövetség elsőkönyves díja (1976); József Attila-díj (1992); Déry Tibor-díj (1992); Herder-ösztöndíj (Bécs, 1979–80). A Magyarok Világszövetségének elnökségi tagja (1993–), a szövetségi erdélyi társasága tanácsának tagja, a Román Írószöveség és a Magyar Irodalomtörténeti Társaság tagja. <br /><strong>Irod.:</strong> EMKK2010; Kántor – Láng; Kortárs MÍKL; Orosz Ildikó: Fölfordulás, föltámadás és számvetés (Szőcs Géza: Vendégszerető, avagy Szinbád Marienbadban. Korunk, 1994, aug.); Sajtócézárok? Kérdezett: Tibori Szabó Zoltán (Korunk, 1996, jan.).</br></p>

<p>Mv., 1953. aug. 21., † 2020. nov. 3?: költő, újságíró, politikus. – Szőcs István és Márton Ráchel műfordító fia. Gyermekei: Petra (1979), Anna Júlia (1986), Márton (1990), Kristóf (1992). – A BBTE magyar nyelv és irod. szakán végzett (1978). Újságíró a kv.-i Igazság-nál (–1982), tanár a 3. sz. Líc.-ban, munkanélküli (1985-ig), kutató a kv.-i Irodalomtört. és [&hellip;]</p>
