{"id":22414,"date":"2025-07-22T20:00:17","date_gmt":"2025-07-22T18:00:17","guid":{"rendered":"https:\/\/uj.adatbank.ro\/lexikon\/termek\/szocs-istvan-4\/"},"modified":"2025-07-22T20:00:17","modified_gmt":"2025-07-22T18:00:17","slug":"szocs-istvan-4","status":"publish","type":"product","link":"https:\/\/uj.adatbank.ro\/lexikon\/termek\/szocs-istvan-4\/","title":{"rendered":"SZ\u0150CS Istv\u00e1n"},"content":{"rendered":"<p>Mv., 1928. j\u00fal. 2., \u2020\u00a0Kv., 2020. szept. 10.: \u00edr\u00f3, kritikus. \u2013 Sz\u00fclei: Sz.J\u00f3zsef \u00e9s Erzs\u00e9bet. Feles\u00e9ge: Erzs\u00e9bet, htb. (1951). Gyermekeik: G\u00e9za, (Mv., 1953. aug. 21. \u2013 2020. nov. 3), \u00edr\u00f3; Antal (1959) sz\u00e1mfejt\u0151; Ott\u00f3 (1966) orvos. \u2013 A k\u00f6z\u00e9piskol\u00e1t Mv.-en, Kv.-on (1947), az egyetemet a kv.-i BTE l\u00e9lektan szak\u00e1n v\u00e9gezte (1951). Dolgozott az Ifj\u00fas\u00e1gi Kiad\u00f3n\u00e1l (1951\u201358), szerkeszt\u0151 lapokn\u00e1l: az Utunk szerkeszt\u0151, kritikusa (1958\u201368), az El\u0151re napilapn\u00e1l (1968\u201389). A kv.-i Helikon \u00e9s a bp.-i Sz\u00e9kely K\u00f6r Irodalmi d\u00edj\u00e1t kapta (1993) M\u0171vel\u0151d\u00e9spolitikai \u00e9s m\u0171vel\u0151d\u00e9st\u00f6rt\u00e9neti essz\u00e9ket, cikkeket, kritik\u00e1kat, riportokat, tanulm\u00e1nyokat \u00edrt. A Rom\u00e1n \u00cdr\u00f3sz\u00f6vets\u00e9g tagja. \u2013 <strong>F. m.<\/strong>: Kritikus holdt\u00f6lte (Buk., 1963); Rovarcsapda (Buk., 1965); \u00dcvegfed\u0151 (Kv., 1969 v.1971); Z\u00e1szl\u00f3hajt\u00e1s (Buk., 1974); M\u00e1s is ember: Illemtan (Buk., 1975); A hetvenhetedik esztendej\u00e9t\u2026 B\u00f6z\u00f6di Gy\u00f6rgy eml\u00e9kezete (Helikon); Selyems\u00e1rhaj\u00f3: M\u0171vel\u0151d\u00e9st\u00f6rt\u00e9neti tanulm\u00e1nyv\u00e1zlat (Buk., 1979.; 2. kiad.1999); F\u00e9lrej\u00e1r\u00f3 ing\u00e1k (tanulm\u00e1nyok, 2005). K\u00f6zel 1500 cikk, kritika, riport, jegyzet mellett <strong>szerkeszt\u0151:<\/strong> Ady Endre: Megy az \u00fczenet (Buk., 1962); Nagy Istv\u00e1n: A j\u00f3t\u00e9kony pr\u00e9meskab\u00e1t (Buk., 1962); Kosztol\u00e1nyi Dezs\u0151: A l\u00e1mpagy\u00fajtogat\u00f3 \u00e9nekei (Buk., 1964); Kosztol\u00e1nyi Dezs\u0151: \u00c9des Anna (Kv., 1978), Babits Mih\u00e1ly: A gazda beker\u00edti h\u00e1z\u00e1t (Kv., 1980); Kosztol\u00e1nyi Dezs\u0151: Aranys\u00e1rk\u00e1ny (Kv., 1987); T\u00fcnd\u00e9rkert k\u00fcl\u00f6n bej\u00e1rattal; A g\u00f6mb\u00f6c-t\u00fcnetcsoport (Kv., 1993. j\u00fan.); Az irodalom hat\u00e1rai (Korunk, 1993. j\u00fan.); A tragikom\u00e9dia. \u2013 pesszop-tyimizma-? (Korunk, 1995. m\u00e1rc.); Atlantisz\u2013Kolozsv\u00e1r (Korunk, 1999. dec.); Egyetlen gombnyom\u00e1sra \u2013 tem\u00e9rdek \u00fajabb gombnyom\u00e1s (Korunk, 2000. \u00e1pr.). <br \/><strong>Irod.:<\/strong> Domokos 1978; Helikon; K\u00e1ntor L\u00e1szl\u00f3; KKACs; Kort\u00e1rs M\u00cdKL; MIIB; Moln\u00e1r; Nemes Anna Borb\u00e1la: L\u00e1togat\u00f3ban Sz\u0151cs Istv\u00e1nn\u00e1l (Bp.,2004); RMKK; Tett (1980. 1\u20132. sz.; 1984. 4. sz); \u00daMIL.<\/br><\/p>\n","protected":false},"excerpt":{"rendered":"<p>Mv., 1928. j\u00fal. 2., \u2020\u00a0Kv., 2020. szept. 10.: \u00edr\u00f3, kritikus. \u2013 Sz\u00fclei: Sz.J\u00f3zsef \u00e9s Erzs\u00e9bet. Feles\u00e9ge: Erzs\u00e9bet, htb. (1951). Gyermekeik: G\u00e9za, (Mv., 1953. aug. 21. \u2013 2020. nov. 3), \u00edr\u00f3; Antal (1959) sz\u00e1mfejt\u0151; Ott\u00f3 (1966) orvos. \u2013 A k\u00f6z\u00e9piskol\u00e1t Mv.-en, Kv.-on (1947), az egyetemet a kv.-i BTE l\u00e9lektan szak\u00e1n v\u00e9gezte (1951). Dolgozott az Ifj\u00fas\u00e1gi Kiad\u00f3n\u00e1l [&hellip;]<\/p>\n","protected":false},"featured_media":0,"comment_status":"open","ping_status":"closed","template":"","meta":[],"product_brand":[],"product_cat":[137],"product_tag":[],"class_list":{"0":"post-22414","1":"product","2":"type-product","3":"status-publish","5":"product_cat-maros-megyei-eletrajzi-lexikon","7":"first","8":"instock","9":"shipping-taxable","10":"product-type-simple"},"_links":{"self":[{"href":"https:\/\/uj.adatbank.ro\/lexikon\/wp-json\/wp\/v2\/product\/22414","targetHints":{"allow":["GET"]}}],"collection":[{"href":"https:\/\/uj.adatbank.ro\/lexikon\/wp-json\/wp\/v2\/product"}],"about":[{"href":"https:\/\/uj.adatbank.ro\/lexikon\/wp-json\/wp\/v2\/types\/product"}],"replies":[{"embeddable":true,"href":"https:\/\/uj.adatbank.ro\/lexikon\/wp-json\/wp\/v2\/comments?post=22414"}],"wp:attachment":[{"href":"https:\/\/uj.adatbank.ro\/lexikon\/wp-json\/wp\/v2\/media?parent=22414"}],"wp:term":[{"taxonomy":"product_brand","embeddable":true,"href":"https:\/\/uj.adatbank.ro\/lexikon\/wp-json\/wp\/v2\/product_brand?post=22414"},{"taxonomy":"product_cat","embeddable":true,"href":"https:\/\/uj.adatbank.ro\/lexikon\/wp-json\/wp\/v2\/product_cat?post=22414"},{"taxonomy":"product_tag","embeddable":true,"href":"https:\/\/uj.adatbank.ro\/lexikon\/wp-json\/wp\/v2\/product_tag?post=22414"}],"curies":[{"name":"wp","href":"https:\/\/api.w.org\/{rel}","templated":true}]}}

SZŐCS István

<p>Mv., 1928. júl. 2., † Kv., 2020. szept. 10.: író, kritikus. – Szülei: Sz.József és Erzsébet. Felesége: Erzsébet, htb. (1951). Gyermekeik: Géza, (Mv., 1953. aug. 21. – 2020. nov. 3), író; Antal (1959) számfejtő; Ottó (1966) orvos. – A középiskolát Mv.-en, Kv.-on (1947), az egyetemet a kv.-i BTE lélektan szakán végezte (1951). Dolgozott az Ifjúsági Kiadónál (1951–58), szerkesztő lapoknál: az Utunk szerkesztő, kritikusa (1958–68), az Előre napilapnál (1968–89). A kv.-i Helikon és a bp.-i Székely Kör Irodalmi díját kapta (1993) Művelődéspolitikai és művelődéstörténeti esszéket, cikkeket, kritikákat, riportokat, tanulmányokat írt. A Román Írószövetség tagja. – <strong>F. m.</strong>: Kritikus holdtölte (Buk., 1963); Rovarcsapda (Buk., 1965); Üvegfedő (Kv., 1969 v.1971); Zászlóhajtás (Buk., 1974); Más is ember: Illemtan (Buk., 1975); A hetvenhetedik esztendejét… Bözödi György emlékezete (Helikon); Selyemsárhajó: Művelődéstörténeti tanulmányvázlat (Buk., 1979.; 2. kiad.1999); Félrejáró ingák (tanulmányok, 2005). Közel 1500 cikk, kritika, riport, jegyzet mellett <strong>szerkesztő:</strong> Ady Endre: Megy az üzenet (Buk., 1962); Nagy István: A jótékony prémeskabát (Buk., 1962); Kosztolányi Dezső: A lámpagyújtogató énekei (Buk., 1964); Kosztolányi Dezső: Édes Anna (Kv., 1978), Babits Mihály: A gazda bekeríti házát (Kv., 1980); Kosztolányi Dezső: Aranysárkány (Kv., 1987); Tündérkert külön bejárattal; A gömböc-tünetcsoport (Kv., 1993. jún.); Az irodalom határai (Korunk, 1993. jún.); A tragikomédia. – pesszop-tyimizma-? (Korunk, 1995. márc.); Atlantisz–Kolozsvár (Korunk, 1999. dec.); Egyetlen gombnyomásra – temérdek újabb gombnyomás (Korunk, 2000. ápr.). <br /><strong>Irod.:</strong> Domokos 1978; Helikon; Kántor László; KKACs; Kortárs MÍKL; MIIB; Molnár; Nemes Anna Borbála: Látogatóban Szőcs Istvánnál (Bp.,2004); RMKK; Tett (1980. 1–2. sz.; 1984. 4. sz); ÚMIL.</br></p>

<p>Mv., 1928. júl. 2., † Kv., 2020. szept. 10.: író, kritikus. – Szülei: Sz.József és Erzsébet. Felesége: Erzsébet, htb. (1951). Gyermekeik: Géza, (Mv., 1953. aug. 21. – 2020. nov. 3), író; Antal (1959) számfejtő; Ottó (1966) orvos. – A középiskolát Mv.-en, Kv.-on (1947), az egyetemet a kv.-i BTE lélektan szakán végezte (1951). Dolgozott az Ifjúsági Kiadónál [&hellip;]</p>
