{"id":22422,"date":"2025-07-22T20:00:33","date_gmt":"2025-07-22T18:00:33","guid":{"rendered":"https:\/\/uj.adatbank.ro\/lexikon\/termek\/szocs-kalman-alneve-dudas-kalman\/"},"modified":"2025-07-22T20:00:33","modified_gmt":"2025-07-22T18:00:33","slug":"szocs-kalman-alneve-dudas-kalman","status":"publish","type":"product","link":"https:\/\/uj.adatbank.ro\/lexikon\/termek\/szocs-kalman-alneve-dudas-kalman\/","title":{"rendered":"SZ\u0150CS K\u00e1lm\u00e1n, \u00e1lneve: Dud\u00e1s K\u00e1lm\u00e1n"},"content":{"rendered":"<p>Mv., 1942. szept. 19., \u2020 Mv., 1973. aug. 20. : k\u00f6lt\u0151, tan\u00e1r, szerkeszt\u0151. \u2013 Anyj\u00e1t az auschwitzi koncentr\u00e1ci\u00f3s t\u00e1borba deport\u00e1lt\u00e1k (1944), \u0151t apja, Sz\u0151cs B\u00e9la, a k\u00e9s\u0151bbi mv.-i polg\u00e1rmester csal\u00e1dja rejtegette, majd adopt\u00e1lta \u00e9s iskol\u00e1ztatta. Feles\u00e9ge Albert M\u00e1ria tan\u00e1r, k\u00f6nyvt\u00e1ros (1942 \u2013 2003. j\u00fan. 17). \u2013 Ez a gyermekkori tragikus esem\u00e9ny lesz k\u00e9s\u0151bbi l\u00edr\u00e1j\u00e1nak alapmot\u00edvuma. Mv.-en a Bolyai Farkas K\u00f6z\u00e9piskol\u00e1ban \u00e9retts\u00e9gizett (1949\u201360), a mv.-i Pedag\u00f3giai F\u0151iskol\u00e1n rom\u00e1n-m. szakos tan\u00e1ri oklevelet szerzett (1963). Kisg\u00f6rg\u00e9nyen tan\u00edtott (1963\u201364), a buk.-i Pion\u00edr c. lap bels\u0151 munkat\u00e1rsa (1965\u2013), Parajdon tan\u00e1r (1964\u201365). A mv.-i V.Z. szerk. volt (1965\u2013). A Rom\u00e1niai \u00cdr\u00f3sz\u00f6vets\u00e9g \u00e9s a Mv.-i \u00cdr\u00f3i Egyes\u00fclet tagja (1968\u2013). K\u00f6lt\u0151k\u00e9nt az els\u0151 \u00e9s a m\u00e1sodik Forr\u00e1s-nemzed\u00e9khez egyar\u00e1nt tartozott. Els\u0151 verseit az Utunk k\u00f6z\u00f6lte. L\u00edr\u00e1j\u00e1t szeretetig\u00e9ny \u00e9s el\u00e9gikus-nosztalgikus hangulat jellemezte. Az elviselhetetlennek \u00e9rzett nemzetis\u00e9gi elnyom\u00e1s, csal\u00f3d\u00e1sa kommunista eszm\u00e9iben, alkoholizmusa, labilis idegrendszere kergette \u00f6ngyilkoss\u00e1gba. Versei, ford\u00edt\u00e1sai, kritik\u00e1i az Igaz Sz\u00f3, Utunk, \u00daj \u00c9let, Korunk, A H\u00e9t, Vatra has\u00e1bjain jelentek meg. A Mv.-i \u00cdr\u00f3i Egyes\u00fclet D\u00edja a J\u00e1t\u00e9kaim c. k\u00f6tet\u00e9\u00e9rt (1972). A temesv\u00e1ri Th\u00e1lia St\u00fadi\u00f3ban bemutatt\u00e1k Befejezetlen szimf\u00f3nia c. sz\u00ednm\u0171v\u00e9t. A marosszentgy\u00f6rgyi tanul\u00f3k irodalmi k\u00f6re a nev\u00e9t viseli. A Mv.-i \u00cdr\u00f3k Egyes\u00fclete D\u00edj\u00e1val t\u00fcntett\u00e9k ki (1972). A mv.-i \u00edr\u00f3k a Horea volt Baross G\u00e1bor u. 20. sz. alatti sz\u00fcl\u0151i h\u00e1z\u00e1ra eml\u00e9kt\u00e1bl\u00e1t helyeztek (2008. aug. 20.). \u2013 <strong><strong>F. m.<\/strong><\/strong>: Lelkemben gyermekk\u00f3rusok (versek; Buk., 1965); Cs\u00f6ndes ki\u00e1ltv\u00e1ny (versek; Buk., 1967); Pap\u00edrhaj\u00f3k (versek; Buk., 1968); Befejezetlen szimf\u00f3nia (dr\u00e1ma; Igaz Sz\u00f3 1970. 3. sz.); \u00daj Kolumbusz (versek; Kv., 1971); Sz\u00fclet\u00e9snapok (dr\u00e1ma; Mv., 1971); Anivers\u0103ri; (Onisie Hossu ford.; Tg.M. 1972); J\u00e1t\u00e9kaim (versek; Buk., 1972); Megj\u00f6tt a tornatan\u00e1r (vid\u00e1m j\u00e1t\u00e9k egy felvon\u00e1sban; Mv., 1972, 1979); A sosit profesorul de gimnastic\u0103; (Onisie Hossu ford.; Tg. M., 1973); T\u00f6kl\u00e1mp\u00e1s (versek; Buk., 1974); A legszebb \u00e9neket kerestem (v\u00e1l. versek; Buk., 1977); K\u00fcldj milli\u00e1rd palackot. (bev. S\u00fct\u0151 Andr\u00e1s; v\u00e1l. versek; Mv., 1995); antol\u00f3g: \u00c9ljent a Respublik\u00e1ra (Buk., 1972); Mama-\u0163ar\u0103. Orsz\u00e1g-anya (Mv., 1973); Reszket a bokor (Buk., 1973); T. Balte\u015f: Tineri poe\u0163i maghiari. Genera\u0163ia Forr\u00e1s (Kv., 1979). <br \/><strong>Irod.:<\/strong> Csekme; \u00c9ltet\u0151 J\u00f3zsef: Sz. K. (1973, 19. sz.); Erd\u00e9lyi L. 2009. (fot\u00f3: 1972.); Farkas \u00c1rp\u00e1d; Fodor S\u00e1ndor (S): Sz. K. eml\u00e9kt\u00e1bl\u00e1ja); Izs\u00e1k J\u00f3zsef: \u00daj haj\u00f3n-vagy \u00faj vizeken? (Igaz Sz\u00f3, 1972); G\u00e1lfalvi Gy\u00f6rgy: T\u00e9tova sorok \u2013 temet\u00e9s ut\u00e1n (Igaz Sz\u00f3, 1973; G. Gy.: Tal\u00e1lkoz\u00e1saink. Buk., 1989); K\u00e1ntor\u2013L\u00e1ng; Katona Szab\u00f3 2001; KM\u00cd; Kort\u00e1rs M\u00cdKL; Kusz\u00e1lik; M\u00e1ln\u00e1si; M\u00c9L; MIIB; (n.k.)[Nagy Mikl\u00f3s Kund]: A legszebb \u00e9neket kereste (N\u00fa.,M\u00fazsa, 1993. aug. 19., 110. sz.,); Nagy P\u00e1l: Itthoni k\u00f6nyv; Olty\u00e1n L\u00e1szl\u00f3: Sz. K.-ra eml\u00e9kezve (V. Z., 1983. aug. 20.); Olvas\u00f3l\u00e1mpa: Aki boldog lehetett volna&#8230; (Sz\u00e9kelyf\u00f6ld, 2010. dec., 12. sz.); Polg\u00e1r Istv\u00e1n: Fiatal szerz\u0151k m\u0171veir\u0151l (V. Z., 1965. j\u00fan. 26.); Pop Tofolean\u2013F\u00fcl\u00f6p; R\u00e1duly; R\u00e9thy\u2013V\u00e1czy; RMIL; Sz. K. [Nekrol\u00f3g] (V. Z., 1973. aug. 22.); Sz.K\u00e1lm\u00e1nr\u00f3l \u2013 temet\u00e9s ut\u00e1n = G\u00e1lfalvi; \u00daM\u00c9L, \u00daMIL; 75 \u00e9ve sz\u00fcletett Sz\u0151cs K\u00e1lm\u00e1n \u2013 G\u00e1lfalvi Gy\u00f6rgy gondolatai (V\u00e1s\u00e1rlap \u2013 a 23. Mv.-i Nemzetk\u00f6zi K\u00f6nyvv\u00e1s\u00e1r lapja).<\/br><\/p>\n","protected":false},"excerpt":{"rendered":"<p>Mv., 1942. szept. 19., \u2020 Mv., 1973. aug. 20. : k\u00f6lt\u0151, tan\u00e1r, szerkeszt\u0151. \u2013 Anyj\u00e1t az auschwitzi koncentr\u00e1ci\u00f3s t\u00e1borba deport\u00e1lt\u00e1k (1944), \u0151t apja, Sz\u0151cs B\u00e9la, a k\u00e9s\u0151bbi mv.-i polg\u00e1rmester csal\u00e1dja rejtegette, majd adopt\u00e1lta \u00e9s iskol\u00e1ztatta. Feles\u00e9ge Albert M\u00e1ria tan\u00e1r, k\u00f6nyvt\u00e1ros (1942 \u2013 2003. j\u00fan. 17). \u2013 Ez a gyermekkori tragikus esem\u00e9ny lesz k\u00e9s\u0151bbi l\u00edr\u00e1j\u00e1nak alapmot\u00edvuma. [&hellip;]<\/p>\n","protected":false},"featured_media":0,"comment_status":"open","ping_status":"closed","template":"","meta":[],"product_brand":[],"product_cat":[137],"product_tag":[],"class_list":{"0":"post-22422","1":"product","2":"type-product","3":"status-publish","5":"product_cat-maros-megyei-eletrajzi-lexikon","7":"first","8":"instock","9":"shipping-taxable","10":"product-type-simple"},"_links":{"self":[{"href":"https:\/\/uj.adatbank.ro\/lexikon\/wp-json\/wp\/v2\/product\/22422","targetHints":{"allow":["GET"]}}],"collection":[{"href":"https:\/\/uj.adatbank.ro\/lexikon\/wp-json\/wp\/v2\/product"}],"about":[{"href":"https:\/\/uj.adatbank.ro\/lexikon\/wp-json\/wp\/v2\/types\/product"}],"replies":[{"embeddable":true,"href":"https:\/\/uj.adatbank.ro\/lexikon\/wp-json\/wp\/v2\/comments?post=22422"}],"wp:attachment":[{"href":"https:\/\/uj.adatbank.ro\/lexikon\/wp-json\/wp\/v2\/media?parent=22422"}],"wp:term":[{"taxonomy":"product_brand","embeddable":true,"href":"https:\/\/uj.adatbank.ro\/lexikon\/wp-json\/wp\/v2\/product_brand?post=22422"},{"taxonomy":"product_cat","embeddable":true,"href":"https:\/\/uj.adatbank.ro\/lexikon\/wp-json\/wp\/v2\/product_cat?post=22422"},{"taxonomy":"product_tag","embeddable":true,"href":"https:\/\/uj.adatbank.ro\/lexikon\/wp-json\/wp\/v2\/product_tag?post=22422"}],"curies":[{"name":"wp","href":"https:\/\/api.w.org\/{rel}","templated":true}]}}

SZŐCS Kálmán, álneve: Dudás Kálmán

<p>Mv., 1942. szept. 19., † Mv., 1973. aug. 20. : költő, tanár, szerkesztő. – Anyját az auschwitzi koncentrációs táborba deportálták (1944), őt apja, Szőcs Béla, a későbbi mv.-i polgármester családja rejtegette, majd adoptálta és iskoláztatta. Felesége Albert Mária tanár, könyvtáros (1942 – 2003. jún. 17). – Ez a gyermekkori tragikus esemény lesz későbbi lírájának alapmotívuma. Mv.-en a Bolyai Farkas Középiskolában érettségizett (1949–60), a mv.-i Pedagógiai Főiskolán román-m. szakos tanári oklevelet szerzett (1963). Kisgörgényen tanított (1963–64), a buk.-i Pionír c. lap belső munkatársa (1965–), Parajdon tanár (1964–65). A mv.-i V.Z. szerk. volt (1965–). A Romániai Írószövetség és a Mv.-i Írói Egyesület tagja (1968–). Költőként az első és a második Forrás-nemzedékhez egyaránt tartozott. Első verseit az Utunk közölte. Líráját szeretetigény és elégikus-nosztalgikus hangulat jellemezte. Az elviselhetetlennek érzett nemzetiségi elnyomás, csalódása kommunista eszméiben, alkoholizmusa, labilis idegrendszere kergette öngyilkosságba. Versei, fordításai, kritikái az Igaz Szó, Utunk, Új Élet, Korunk, A Hét, Vatra hasábjain jelentek meg. A Mv.-i Írói Egyesület Díja a Játékaim c. kötetéért (1972). A temesvári Thália Stúdióban bemutatták Befejezetlen szimfónia c. színművét. A marosszentgyörgyi tanulók irodalmi köre a nevét viseli. A Mv.-i Írók Egyesülete Díjával tüntették ki (1972). A mv.-i írók a Horea volt Baross Gábor u. 20. sz. alatti szülői házára emléktáblát helyeztek (2008. aug. 20.). – <strong><strong>F. m.</strong></strong>: Lelkemben gyermekkórusok (versek; Buk., 1965); Csöndes kiáltvány (versek; Buk., 1967); Papírhajók (versek; Buk., 1968); Befejezetlen szimfónia (dráma; Igaz Szó 1970. 3. sz.); Új Kolumbusz (versek; Kv., 1971); Születésnapok (dráma; Mv., 1971); Aniversări; (Onisie Hossu ford.; Tg.M. 1972); Játékaim (versek; Buk., 1972); Megjött a tornatanár (vidám játék egy felvonásban; Mv., 1972, 1979); A sosit profesorul de gimnastică; (Onisie Hossu ford.; Tg. M., 1973); Töklámpás (versek; Buk., 1974); A legszebb éneket kerestem (vál. versek; Buk., 1977); Küldj milliárd palackot. (bev. Sütő András; vál. versek; Mv., 1995); antológ: Éljent a Respublikára (Buk., 1972); Mama-ţară. Ország-anya (Mv., 1973); Reszket a bokor (Buk., 1973); T. Balteş: Tineri poeţi maghiari. Generaţia Forrás (Kv., 1979). <br /><strong>Irod.:</strong> Csekme; Éltető József: Sz. K. (1973, 19. sz.); Erdélyi L. 2009. (fotó: 1972.); Farkas Árpád; Fodor Sándor (S): Sz. K. emléktáblája); Izsák József: Új hajón-vagy új vizeken? (Igaz Szó, 1972); Gálfalvi György: Tétova sorok – temetés után (Igaz Szó, 1973; G. Gy.: Találkozásaink. Buk., 1989); Kántor–Láng; Katona Szabó 2001; KMÍ; Kortárs MÍKL; Kuszálik; Málnási; MÉL; MIIB; (n.k.)[Nagy Miklós Kund]: A legszebb éneket kereste (Nú.,Múzsa, 1993. aug. 19., 110. sz.,); Nagy Pál: Itthoni könyv; Oltyán László: Sz. K.-ra emlékezve (V. Z., 1983. aug. 20.); Olvasólámpa: Aki boldog lehetett volna&#8230; (Székelyföld, 2010. dec., 12. sz.); Polgár István: Fiatal szerzők műveiről (V. Z., 1965. jún. 26.); Pop Tofolean–Fülöp; Ráduly; Réthy–Váczy; RMIL; Sz. K. [Nekrológ] (V. Z., 1973. aug. 22.); Sz.Kálmánról – temetés után = Gálfalvi; ÚMÉL, ÚMIL; 75 éve született Szőcs Kálmán – Gálfalvi György gondolatai (Vásárlap – a 23. Mv.-i Nemzetközi Könyvvásár lapja).</br></p>

<p>Mv., 1942. szept. 19., † Mv., 1973. aug. 20. : költő, tanár, szerkesztő. – Anyját az auschwitzi koncentrációs táborba deportálták (1944), őt apja, Szőcs Béla, a későbbi mv.-i polgármester családja rejtegette, majd adoptálta és iskoláztatta. Felesége Albert Mária tanár, könyvtáros (1942 – 2003. jún. 17). – Ez a gyermekkori tragikus esemény lesz későbbi lírájának alapmotívuma. [&hellip;]</p>
