{"id":22423,"date":"2025-07-22T20:00:36","date_gmt":"2025-07-22T18:00:36","guid":{"rendered":"https:\/\/uj.adatbank.ro\/lexikon\/termek\/szocs-kalmanne-%c2%a7-albert-maria-szocs-maria\/"},"modified":"2025-07-22T20:00:36","modified_gmt":"2025-07-22T18:00:36","slug":"szocs-kalmanne-%c2%a7-albert-maria-szocs-maria","status":"publish","type":"product","link":"https:\/\/uj.adatbank.ro\/lexikon\/termek\/szocs-kalmanne-%c2%a7-albert-maria-szocs-maria\/","title":{"rendered":"SZ\u0150CS K\u00e1lm\u00e1nn\u00e9, \u00a7 Albert M\u00e1ria, Sz\u0151cs M\u00e1ria"},"content":{"rendered":"<p>Kelementelke, 1942. dec. 14., \u2020 Dics\u0151szentm\u00e1rton, 2003. j\u00fan.17.: k\u00f6nyvt\u00e1ros. \u2013 F\u00e9rje Sz. K. k\u00f6lt\u0151, szerkeszt\u0151 (1965\u2013). \u2013 K\u00f6z\u00e9piskol\u00e1t Erd\u0151szentgy\u00f6rgy\u00f6n v\u00e9gzett (1960). A kv.-i BBTE magyar nyelv \u00e9s irodalom szak\u00e1n szerzett oklevelet (1965). A Maros Tartom\u00e1nyi \/ Megyei K\u00f6nyvt\u00e1r k\u00f6nyvt\u00e1rosa betegnyugd\u00edjaz\u00e1s\u00e1ig (1967. m\u00e1rc. 1. \u2013 1996. \u00e1pr. 1.). <br \/><strong>Irod.:<\/strong> MMK; [Nekrol\u00f3g] (N\u00fa., 2003. j\u00fan. 18.).<\/br><\/p>\n","protected":false},"excerpt":{"rendered":"<p>Kelementelke, 1942. dec. 14., \u2020 Dics\u0151szentm\u00e1rton, 2003. j\u00fan.17.: k\u00f6nyvt\u00e1ros. \u2013 F\u00e9rje Sz. K. k\u00f6lt\u0151, szerkeszt\u0151 (1965\u2013). \u2013 K\u00f6z\u00e9piskol\u00e1t Erd\u0151szentgy\u00f6rgy\u00f6n v\u00e9gzett (1960). A kv.-i BBTE magyar nyelv \u00e9s irodalom szak\u00e1n szerzett oklevelet (1965). A Maros Tartom\u00e1nyi \/ Megyei K\u00f6nyvt\u00e1r k\u00f6nyvt\u00e1rosa betegnyugd\u00edjaz\u00e1s\u00e1ig (1967. m\u00e1rc. 1. \u2013 1996. \u00e1pr. 1.). Irod.: MMK; [Nekrol\u00f3g] (N\u00fa., 2003. j\u00fan. 18.).<\/p>\n","protected":false},"featured_media":0,"comment_status":"open","ping_status":"closed","template":"","meta":[],"product_brand":[],"product_cat":[137],"product_tag":[],"class_list":{"0":"post-22423","1":"product","2":"type-product","3":"status-publish","5":"product_cat-maros-megyei-eletrajzi-lexikon","7":"first","8":"instock","9":"shipping-taxable","10":"product-type-simple"},"_links":{"self":[{"href":"https:\/\/uj.adatbank.ro\/lexikon\/wp-json\/wp\/v2\/product\/22423","targetHints":{"allow":["GET"]}}],"collection":[{"href":"https:\/\/uj.adatbank.ro\/lexikon\/wp-json\/wp\/v2\/product"}],"about":[{"href":"https:\/\/uj.adatbank.ro\/lexikon\/wp-json\/wp\/v2\/types\/product"}],"replies":[{"embeddable":true,"href":"https:\/\/uj.adatbank.ro\/lexikon\/wp-json\/wp\/v2\/comments?post=22423"}],"wp:attachment":[{"href":"https:\/\/uj.adatbank.ro\/lexikon\/wp-json\/wp\/v2\/media?parent=22423"}],"wp:term":[{"taxonomy":"product_brand","embeddable":true,"href":"https:\/\/uj.adatbank.ro\/lexikon\/wp-json\/wp\/v2\/product_brand?post=22423"},{"taxonomy":"product_cat","embeddable":true,"href":"https:\/\/uj.adatbank.ro\/lexikon\/wp-json\/wp\/v2\/product_cat?post=22423"},{"taxonomy":"product_tag","embeddable":true,"href":"https:\/\/uj.adatbank.ro\/lexikon\/wp-json\/wp\/v2\/product_tag?post=22423"}],"curies":[{"name":"wp","href":"https:\/\/api.w.org\/{rel}","templated":true}]}}

SZŐCS Kálmánné, § Albert Mária, Szőcs Mária

<p>Kelementelke, 1942. dec. 14., † Dicsőszentmárton, 2003. jún.17.: könyvtáros. – Férje Sz. K. költő, szerkesztő (1965–). – Középiskolát Erdőszentgyörgyön végzett (1960). A kv.-i BBTE magyar nyelv és irodalom szakán szerzett oklevelet (1965). A Maros Tartományi / Megyei Könyvtár könyvtárosa betegnyugdíjazásáig (1967. márc. 1. – 1996. ápr. 1.). <br /><strong>Irod.:</strong> MMK; [Nekrológ] (Nú., 2003. jún. 18.).</br></p>

<p>Kelementelke, 1942. dec. 14., † Dicsőszentmárton, 2003. jún.17.: könyvtáros. – Férje Sz. K. költő, szerkesztő (1965–). – Középiskolát Erdőszentgyörgyön végzett (1960). A kv.-i BBTE magyar nyelv és irodalom szakán szerzett oklevelet (1965). A Maros Tartományi / Megyei Könyvtár könyvtárosa betegnyugdíjazásáig (1967. márc. 1. – 1996. ápr. 1.). Irod.: MMK; [Nekrológ] (Nú., 2003. jún. 18.).</p>
