{"id":22433,"date":"2025-07-22T20:00:57","date_gmt":"2025-07-22T18:00:57","guid":{"rendered":"https:\/\/uj.adatbank.ro\/lexikon\/termek\/szocs-miklos\/"},"modified":"2025-07-22T20:00:57","modified_gmt":"2025-07-22T18:00:57","slug":"szocs-miklos","status":"publish","type":"product","link":"https:\/\/uj.adatbank.ro\/lexikon\/termek\/szocs-miklos\/","title":{"rendered":"SZ\u0150CS Mikl\u00f3s"},"content":{"rendered":"<p>? \u2020?: \u00e9p\u00edt\u00e9sz, v\u00e1llalkoz\u00f3. \u2013 Mv.-en nev\u00e9hez f\u0171z\u0151dik Nagy Ir\u00e9n r\u00e9sz\u00e9re \u00e9p\u00edtett (Ny\u00e1r u. 2. sz.) h\u00e1z modern st\u00edlusban val\u00f3 megtervez\u00e9se \u00e9s fel\u00e9p\u00edt\u00e9se (1936); megtervezte Mateiu Emil h\u00e1z\u00e1t (Liliom u. 4. sz.; 1934); <br \/><strong>Irod.:<\/strong> Man: Tg. M., 3.<\/br><\/p>\n","protected":false},"excerpt":{"rendered":"<p>? \u2020?: \u00e9p\u00edt\u00e9sz, v\u00e1llalkoz\u00f3. \u2013 Mv.-en nev\u00e9hez f\u0171z\u0151dik Nagy Ir\u00e9n r\u00e9sz\u00e9re \u00e9p\u00edtett (Ny\u00e1r u. 2. sz.) h\u00e1z modern st\u00edlusban val\u00f3 megtervez\u00e9se \u00e9s fel\u00e9p\u00edt\u00e9se (1936); megtervezte Mateiu Emil h\u00e1z\u00e1t (Liliom u. 4. sz.; 1934); Irod.: Man: Tg. M., 3.<\/p>\n","protected":false},"featured_media":0,"comment_status":"open","ping_status":"closed","template":"","meta":[],"product_brand":[],"product_cat":[137],"product_tag":[],"class_list":{"0":"post-22433","1":"product","2":"type-product","3":"status-publish","5":"product_cat-maros-megyei-eletrajzi-lexikon","7":"first","8":"instock","9":"shipping-taxable","10":"product-type-simple"},"_links":{"self":[{"href":"https:\/\/uj.adatbank.ro\/lexikon\/wp-json\/wp\/v2\/product\/22433","targetHints":{"allow":["GET"]}}],"collection":[{"href":"https:\/\/uj.adatbank.ro\/lexikon\/wp-json\/wp\/v2\/product"}],"about":[{"href":"https:\/\/uj.adatbank.ro\/lexikon\/wp-json\/wp\/v2\/types\/product"}],"replies":[{"embeddable":true,"href":"https:\/\/uj.adatbank.ro\/lexikon\/wp-json\/wp\/v2\/comments?post=22433"}],"wp:attachment":[{"href":"https:\/\/uj.adatbank.ro\/lexikon\/wp-json\/wp\/v2\/media?parent=22433"}],"wp:term":[{"taxonomy":"product_brand","embeddable":true,"href":"https:\/\/uj.adatbank.ro\/lexikon\/wp-json\/wp\/v2\/product_brand?post=22433"},{"taxonomy":"product_cat","embeddable":true,"href":"https:\/\/uj.adatbank.ro\/lexikon\/wp-json\/wp\/v2\/product_cat?post=22433"},{"taxonomy":"product_tag","embeddable":true,"href":"https:\/\/uj.adatbank.ro\/lexikon\/wp-json\/wp\/v2\/product_tag?post=22433"}],"curies":[{"name":"wp","href":"https:\/\/api.w.org\/{rel}","templated":true}]}}