{"id":22434,"date":"2025-07-22T20:00:59","date_gmt":"2025-07-22T18:00:59","guid":{"rendered":"https:\/\/uj.adatbank.ro\/lexikon\/termek\/szocs-mozes-szots\/"},"modified":"2025-07-22T20:00:59","modified_gmt":"2025-07-22T18:00:59","slug":"szocs-mozes-szots","status":"publish","type":"product","link":"https:\/\/uj.adatbank.ro\/lexikon\/termek\/szocs-mozes-szots\/","title":{"rendered":"SZ\u0150CS M\u00f3zes, Sz\u0151ts"},"content":{"rendered":"<p>? \u2020?: orvos, seb\u00e9sz. \u2013 Seb\u00e9sz f\u0151orvos, \u00e9vtizedeken \u00e1t szem\u00e9szeti m\u0171t\u00e9teket v\u00e9gzett, katarakta m\u0171t\u00e9teket is. Dics\u0151szentm\u00e1rton \u00faj v\u00e1rosi k\u00f3rh\u00e1z\u00e1nak els\u0151 igazgat\u00f3ja (1898\u20131930). A k\u00f3rh\u00e1zat Maetz Frigyes m\u0171\u00e9p\u00edt\u00e9sz tervezte, figyelembev\u00e9ve az igazgat\u00f3 elk\u00e9pzel\u00e9seit (1898). Az emeletes f\u0151\u00e9p\u00fclet 24 k\u00f3rteremmel indult (1897), majd k\u00e9s\u0151bb k\u00e9t sz\u00e1rny\u00e9p\u00fclettel toldott\u00e1k meg (1910), ezzel DK-Eur\u00f3pa egyik legnagyobb k\u00f3rh\u00e1z\u00e1v\u00e1 n\u0151tte ki mag\u00e1t. A k\u00f3rh\u00e1z f\u0151orvosa nyugd\u00edjba vonul\u00e1s\u00e1ig (1924), \u0151t Ioan Dumitrescu dr. k\u00f6vette (1924\u201348). A k\u00f3rh\u00e1z k\u00e9t r\u00e9szleggel, seb\u00e9szettel \u00e9s belgy\u00f3gy\u00e1szattal m\u0171k\u00f6d\u00f6tt \u00e9s els\u0151k\u00e9nt az orsz\u00e1gban beindult az elmebetegek csal\u00e1di \u00e1pol\u00e1si telepe (1905\u2013). <br \/><strong>Irod.:<\/strong> Bodolai Gy\u00f6ngyi: \u00c9vsz\u00e1zados m\u00falt (N\u00fa., 1998. j\u00fan. 16.); Dics\u0151szentm\u00e1rton r\u00e9gi arca; Fodor Ferenc 2000.<\/br><\/p>\n","protected":false},"excerpt":{"rendered":"<p>? \u2020?: orvos, seb\u00e9sz. \u2013 Seb\u00e9sz f\u0151orvos, \u00e9vtizedeken \u00e1t szem\u00e9szeti m\u0171t\u00e9teket v\u00e9gzett, katarakta m\u0171t\u00e9teket is. Dics\u0151szentm\u00e1rton \u00faj v\u00e1rosi k\u00f3rh\u00e1z\u00e1nak els\u0151 igazgat\u00f3ja (1898\u20131930). A k\u00f3rh\u00e1zat Maetz Frigyes m\u0171\u00e9p\u00edt\u00e9sz tervezte, figyelembev\u00e9ve az igazgat\u00f3 elk\u00e9pzel\u00e9seit (1898). Az emeletes f\u0151\u00e9p\u00fclet 24 k\u00f3rteremmel indult (1897), majd k\u00e9s\u0151bb k\u00e9t sz\u00e1rny\u00e9p\u00fclettel toldott\u00e1k meg (1910), ezzel DK-Eur\u00f3pa egyik legnagyobb k\u00f3rh\u00e1z\u00e1v\u00e1 n\u0151tte ki mag\u00e1t. [&hellip;]<\/p>\n","protected":false},"featured_media":0,"comment_status":"open","ping_status":"closed","template":"","meta":[],"product_brand":[],"product_cat":[137],"product_tag":[],"class_list":{"0":"post-22434","1":"product","2":"type-product","3":"status-publish","5":"product_cat-maros-megyei-eletrajzi-lexikon","7":"first","8":"instock","9":"shipping-taxable","10":"product-type-simple"},"_links":{"self":[{"href":"https:\/\/uj.adatbank.ro\/lexikon\/wp-json\/wp\/v2\/product\/22434","targetHints":{"allow":["GET"]}}],"collection":[{"href":"https:\/\/uj.adatbank.ro\/lexikon\/wp-json\/wp\/v2\/product"}],"about":[{"href":"https:\/\/uj.adatbank.ro\/lexikon\/wp-json\/wp\/v2\/types\/product"}],"replies":[{"embeddable":true,"href":"https:\/\/uj.adatbank.ro\/lexikon\/wp-json\/wp\/v2\/comments?post=22434"}],"wp:attachment":[{"href":"https:\/\/uj.adatbank.ro\/lexikon\/wp-json\/wp\/v2\/media?parent=22434"}],"wp:term":[{"taxonomy":"product_brand","embeddable":true,"href":"https:\/\/uj.adatbank.ro\/lexikon\/wp-json\/wp\/v2\/product_brand?post=22434"},{"taxonomy":"product_cat","embeddable":true,"href":"https:\/\/uj.adatbank.ro\/lexikon\/wp-json\/wp\/v2\/product_cat?post=22434"},{"taxonomy":"product_tag","embeddable":true,"href":"https:\/\/uj.adatbank.ro\/lexikon\/wp-json\/wp\/v2\/product_tag?post=22434"}],"curies":[{"name":"wp","href":"https:\/\/api.w.org\/{rel}","templated":true}]}}

SZŐCS Mózes, Szőts

<p>? †?: orvos, sebész. – Sebész főorvos, évtizedeken át szemészeti műtéteket végzett, katarakta műtéteket is. Dicsőszentmárton új városi kórházának első igazgatója (1898–1930). A kórházat Maetz Frigyes műépítész tervezte, figyelembevéve az igazgató elképzeléseit (1898). Az emeletes főépület 24 kórteremmel indult (1897), majd később két szárnyépülettel toldották meg (1910), ezzel DK-Európa egyik legnagyobb kórházává nőtte ki magát. A kórház főorvosa nyugdíjba vonulásáig (1924), őt Ioan Dumitrescu dr. követte (1924–48). A kórház két részleggel, sebészettel és belgyógyászattal működött és elsőként az országban beindult az elmebetegek családi ápolási telepe (1905–). <br /><strong>Irod.:</strong> Bodolai Gyöngyi: Évszázados múlt (Nú., 1998. jún. 16.); Dicsőszentmárton régi arca; Fodor Ferenc 2000.</br></p>

<p>? †?: orvos, sebész. – Sebész főorvos, évtizedeken át szemészeti műtéteket végzett, katarakta műtéteket is. Dicsőszentmárton új városi kórházának első igazgatója (1898–1930). A kórházat Maetz Frigyes műépítész tervezte, figyelembevéve az igazgató elképzeléseit (1898). Az emeletes főépület 24 kórteremmel indult (1897), majd később két szárnyépülettel toldották meg (1910), ezzel DK-Európa egyik legnagyobb kórházává nőtte ki magát. [&hellip;]</p>
