{"id":22438,"date":"2025-07-22T20:01:10","date_gmt":"2025-07-22T18:01:10","guid":{"rendered":"https:\/\/uj.adatbank.ro\/lexikon\/termek\/szocs-sandor-2\/"},"modified":"2025-07-22T20:01:10","modified_gmt":"2025-07-22T18:01:10","slug":"szocs-sandor-2","status":"publish","type":"product","link":"https:\/\/uj.adatbank.ro\/lexikon\/termek\/szocs-sandor-2\/","title":{"rendered":"SZ\u0150CS S\u00e1ndor"},"content":{"rendered":"<p>? \u2020?: jegyz\u0151. \u2013 Jegyz\u0151 volt Mez\u0151panitban (1881\u20131907), ekkor a k\u00f6zjegyz\u0151s\u00e9get Harc\u00f3ra helyezt\u00e9k. <br \/><strong>Irod.:<\/strong> Mez\u0151panit.<\/br><\/p>\n","protected":false},"excerpt":{"rendered":"<p>? \u2020?: jegyz\u0151. \u2013 Jegyz\u0151 volt Mez\u0151panitban (1881\u20131907), ekkor a k\u00f6zjegyz\u0151s\u00e9get Harc\u00f3ra helyezt\u00e9k. Irod.: Mez\u0151panit.<\/p>\n","protected":false},"featured_media":0,"comment_status":"open","ping_status":"closed","template":"","meta":[],"product_brand":[],"product_cat":[137],"product_tag":[],"class_list":{"0":"post-22438","1":"product","2":"type-product","3":"status-publish","5":"product_cat-maros-megyei-eletrajzi-lexikon","7":"first","8":"instock","9":"shipping-taxable","10":"product-type-simple"},"_links":{"self":[{"href":"https:\/\/uj.adatbank.ro\/lexikon\/wp-json\/wp\/v2\/product\/22438","targetHints":{"allow":["GET"]}}],"collection":[{"href":"https:\/\/uj.adatbank.ro\/lexikon\/wp-json\/wp\/v2\/product"}],"about":[{"href":"https:\/\/uj.adatbank.ro\/lexikon\/wp-json\/wp\/v2\/types\/product"}],"replies":[{"embeddable":true,"href":"https:\/\/uj.adatbank.ro\/lexikon\/wp-json\/wp\/v2\/comments?post=22438"}],"wp:attachment":[{"href":"https:\/\/uj.adatbank.ro\/lexikon\/wp-json\/wp\/v2\/media?parent=22438"}],"wp:term":[{"taxonomy":"product_brand","embeddable":true,"href":"https:\/\/uj.adatbank.ro\/lexikon\/wp-json\/wp\/v2\/product_brand?post=22438"},{"taxonomy":"product_cat","embeddable":true,"href":"https:\/\/uj.adatbank.ro\/lexikon\/wp-json\/wp\/v2\/product_cat?post=22438"},{"taxonomy":"product_tag","embeddable":true,"href":"https:\/\/uj.adatbank.ro\/lexikon\/wp-json\/wp\/v2\/product_tag?post=22438"}],"curies":[{"name":"wp","href":"https:\/\/api.w.org\/{rel}","templated":true}]}}